
{"id":48637,"date":"2023-11-07T11:26:45","date_gmt":"2023-11-07T10:26:45","guid":{"rendered":"https:\/\/www.ab2pro.com\/?post_type=agence&#038;p=48637"},"modified":"2025-06-20T15:30:19","modified_gmt":"2025-06-20T13:30:19","slug":"ab2pro-targu-mures","status":"publish","type":"agence","link":"https:\/\/www.ab2pro.com\/es\/agences\/ab2pro-targu-mures\/","title":{"rendered":"Agencia AB2PRO T\u00e2rgu Mure\u015f"},"content":{"rendered":"<p data-pm-slice=\"0 0 []\"><strong>Nuestra oficina situada en T\u00e2rgu Mure\u015f abri\u00f3 sus puertas en la primavera de 2021<\/strong> en Transilvania. Est\u00e1 rodeada por un paisaje natural maravillosamente hermoso. \u00a1Aqu\u00ed encontrar\u00e1 a <strong>nuestro equipo<\/strong>, que acompa\u00f1a con pasi\u00f3n a los trabajadores temporales para ayudarles en sus misiones!<\/p>\n<p><strong>Nuestro equipo<\/strong>, apasionado y comprometido, est\u00e1 especializado en la selecci\u00f3n de personal de Hungr\u00eda. Su entusiasmo por encontrar a los mejores talentos hace que cada proceso de selecci\u00f3n sea una aventura humana exitosa, con una atenci\u00f3n constante al acompa\u00f1amiento y la integraci\u00f3n de los candidatos.<\/p>\n<p>La ciudad est\u00e1 ubicada en una zona habitada desde el Neol\u00edtico y en el centro de Transilvania, a ambas orillas del r\u00edo Maros. Hist\u00f3ricamente, T\u00e2rgu Mure\u015f ha sufrido mucho, ya sea por los estragos causados por los turcos o por los saqueos del emperador Leopoldo. Sin embargo, la ciudad siempre ha sabido recuperarse. <\/p>\n<p>La verdadera evoluci\u00f3n de la ciudad comenz\u00f3 en 1902. Fue, bajo la direcci\u00f3n del alcalde, completamente reconstruida. Durante este periodo, las calles antiguas y nuevas de la ciudad se adornaron con flores y \u00e1rboles. Desde entonces, T\u00e2rgu Mure\u015f es conocida como la \u00abciudad de las flores\u00bb. En primer lugar, se puede pasear por la plaza de las Rosas y sus numerosos edificios de estilo barroco . A continuaci\u00f3n, nos dejamos guiar hasta el castillo de cuatro bastiones situado en la parte suroeste, donde destaca la torre de la iglesia, que nos transmite una atm\u00f3sfera t\u00edpica del siglo XVII.<br \/>Cuerpo   <\/p>\n<p>Entre los numerosos monumentos, se encuentran los de procedencia internacional, como iglesias, edificios, museos, galer\u00edas, esculturas, monumentos p\u00fablicos y edificios p\u00fablicos de estilo barroco, cl\u00e1sico, neorrenacentista, ecl\u00e9ctico y art nouveau.<\/p>\n<p>Pero tampoco olvidemos los suburbios, que nos ofrecen m\u00e1s lugares para visitar, como el punto m\u00e1s alto de la ciudad: Somostet\u0151, el zool\u00f3gico local y un ferrocarril muy popular entre los ni\u00f1os, al que los habitantes llaman \u00abel ferrocarril de los ni\u00f1os\u00bb.<\/p>\n<p>Por supuesto, estamos en Transilvania, y nuestro est\u00f3mago tambi\u00e9n merece ser mimado con especialidades locales. Por ejemplo, podemos degustar sopa de alb\u00f3ndigas, col rellena, tok\u00e1ny transilvano, pastel de ma\u00edz dulce o pastel de chimenea transilvano. Para acompa\u00f1ar estos platos contundentes, \u00a1a menudo se toma un chupito de palinka!  <\/p>\n<p>\u00bfLe apetece un buen caf\u00e9 despu\u00e9s del desayuno o la comida? Le invitamos a visitar nuestra oficina reci\u00e9n pintada, situada cerca de los monumentos hist\u00f3ricos, la plaza principal y el kil\u00f3metro cero. <strong>Nuestro equipo<\/strong> estar\u00e1 encantado de recibir y ayudar a los candidatos interesados. <\/p>","protected":false},"excerpt":{"rendered":"<p>Nuestra oficina situada en T\u00e2rgu Mure\u015f abri\u00f3 sus puertas en la primavera de 2021 en Transilvania. Est\u00e1 rodeada por un [&hellip;]<\/p>\n","protected":false},"author":1,"featured_media":0,"template":"","meta":{"_acf_changed":false,"footnotes":""},"class_list":["post-48637","agence","type-agence","status-publish","hentry"],"acf":[],"yoast_head":"<!-- This site is optimized with the Yoast SEO plugin v26.8 - https:\/\/yoast.com\/product\/yoast-seo-wordpress\/ -->\n<title>Agencia AB2PRO T\u00e2rgu Mure\u015f - AB2PRO<\/title>\n<meta name=\"robots\" content=\"index, follow, max-snippet:-1, max-image-preview:large, max-video-preview:-1\" \/>\n<link rel=\"canonical\" href=\"https:\/\/www.ab2pro.com\/es\/agences\/ab2pro-targu-mures\/\" \/>\n<meta property=\"og:locale\" content=\"es_ES\" \/>\n<meta property=\"og:type\" content=\"article\" \/>\n<meta property=\"og:title\" content=\"Agencia AB2PRO T\u00e2rgu Mure\u015f - AB2PRO\" \/>\n<meta property=\"og:description\" content=\"Nuestra oficina situada en T\u00e2rgu Mure\u015f abri\u00f3 sus puertas en la primavera de 2021 en Transilvania. Est\u00e1 rodeada por un [&hellip;]\" \/>\n<meta property=\"og:url\" content=\"https:\/\/www.ab2pro.com\/es\/agences\/ab2pro-targu-mures\/\" \/>\n<meta property=\"og:site_name\" content=\"AB2PRO\" \/>\n<meta property=\"article:modified_time\" content=\"2025-06-20T13:30:19+00:00\" \/>\n<meta property=\"og:image\" content=\"https:\/\/www.ab2pro.com\/wp-content\/uploads\/2020\/11\/fond-home.jpg\" \/>\n\t<meta property=\"og:image:width\" content=\"1920\" \/>\n\t<meta property=\"og:image:height\" content=\"600\" \/>\n\t<meta property=\"og:image:type\" content=\"image\/jpeg\" \/>\n<meta name=\"twitter:card\" content=\"summary_large_image\" \/>\n<script type=\"application\/ld+json\" class=\"yoast-schema-graph\">{\"@context\":\"https:\/\/schema.org\",\"@graph\":[{\"@type\":\"WebPage\",\"@id\":\"https:\/\/www.ab2pro.com\/es\/agences\/ab2pro-targu-mures\/\",\"url\":\"https:\/\/www.ab2pro.com\/es\/agences\/ab2pro-targu-mures\/\",\"name\":\"Agencia AB2PRO T\u00e2rgu Mure\u015f - AB2PRO\",\"isPartOf\":{\"@id\":\"https:\/\/www.ab2pro.com\/es\/#website\"},\"datePublished\":\"2023-11-07T10:26:45+00:00\",\"dateModified\":\"2025-06-20T13:30:19+00:00\",\"breadcrumb\":{\"@id\":\"https:\/\/www.ab2pro.com\/es\/agences\/ab2pro-targu-mures\/#breadcrumb\"},\"inLanguage\":\"es\",\"potentialAction\":[{\"@type\":\"ReadAction\",\"target\":[\"https:\/\/www.ab2pro.com\/es\/agences\/ab2pro-targu-mures\/\"]}]},{\"@type\":\"BreadcrumbList\",\"@id\":\"https:\/\/www.ab2pro.com\/es\/agences\/ab2pro-targu-mures\/#breadcrumb\",\"itemListElement\":[{\"@type\":\"ListItem\",\"position\":1,\"name\":\"Accueil\",\"item\":\"https:\/\/www.ab2pro.com\/es\/\"},{\"@type\":\"ListItem\",\"position\":2,\"name\":\"Agences\",\"item\":\"https:\/\/www.ab2pro.com\/es\/agences\/\"},{\"@type\":\"ListItem\",\"position\":3,\"name\":\"Agencia AB2PRO T\u00e2rgu Mure\u015f\"}]},{\"@type\":\"WebSite\",\"@id\":\"https:\/\/www.ab2pro.com\/es\/#website\",\"url\":\"https:\/\/www.ab2pro.com\/es\/\",\"name\":\"AB2PRO\",\"description\":\"Agence d&#039;emploi sp\u00e9cialis\u00e9e dans le recrutement de travailleurs europ\u00e9ens\",\"publisher\":{\"@id\":\"https:\/\/www.ab2pro.com\/es\/#organization\"},\"potentialAction\":[{\"@type\":\"SearchAction\",\"target\":{\"@type\":\"EntryPoint\",\"urlTemplate\":\"https:\/\/www.ab2pro.com\/es\/?s={search_term_string}\"},\"query-input\":{\"@type\":\"PropertyValueSpecification\",\"valueRequired\":true,\"valueName\":\"search_term_string\"}}],\"inLanguage\":\"es\"},{\"@type\":\"Organization\",\"@id\":\"https:\/\/www.ab2pro.com\/es\/#organization\",\"name\":\"AB2PRO\",\"url\":\"https:\/\/www.ab2pro.com\/es\/\",\"logo\":{\"@type\":\"ImageObject\",\"inLanguage\":\"es\",\"@id\":\"https:\/\/www.ab2pro.com\/es\/#\/schema\/logo\/image\/\",\"url\":\"https:\/\/www.ab2pro.com\/wp-content\/uploads\/2020\/11\/logo-profil.png\",\"contentUrl\":\"https:\/\/www.ab2pro.com\/wp-content\/uploads\/2020\/11\/logo-profil.png\",\"width\":230,\"height\":47,\"caption\":\"AB2PRO\"},\"image\":{\"@id\":\"https:\/\/www.ab2pro.com\/es\/#\/schema\/logo\/image\/\"}}]}<\/script>\n<!-- \/ Yoast SEO plugin. -->","yoast_head_json":{"title":"Agencia AB2PRO T\u00e2rgu Mure\u015f - AB2PRO","robots":{"index":"index","follow":"follow","max-snippet":"max-snippet:-1","max-image-preview":"max-image-preview:large","max-video-preview":"max-video-preview:-1"},"canonical":"https:\/\/www.ab2pro.com\/es\/agences\/ab2pro-targu-mures\/","og_locale":"es_ES","og_type":"article","og_title":"Agencia AB2PRO T\u00e2rgu Mure\u015f - AB2PRO","og_description":"Nuestra oficina situada en T\u00e2rgu Mure\u015f abri\u00f3 sus puertas en la primavera de 2021 en Transilvania. Est\u00e1 rodeada por un [&hellip;]","og_url":"https:\/\/www.ab2pro.com\/es\/agences\/ab2pro-targu-mures\/","og_site_name":"AB2PRO","article_modified_time":"2025-06-20T13:30:19+00:00","og_image":[{"width":1920,"height":600,"url":"https:\/\/www.ab2pro.com\/wp-content\/uploads\/2020\/11\/fond-home.jpg","type":"image\/jpeg"}],"twitter_card":"summary_large_image","schema":{"@context":"https:\/\/schema.org","@graph":[{"@type":"WebPage","@id":"https:\/\/www.ab2pro.com\/es\/agences\/ab2pro-targu-mures\/","url":"https:\/\/www.ab2pro.com\/es\/agences\/ab2pro-targu-mures\/","name":"Agencia AB2PRO T\u00e2rgu Mure\u015f - AB2PRO","isPartOf":{"@id":"https:\/\/www.ab2pro.com\/es\/#website"},"datePublished":"2023-11-07T10:26:45+00:00","dateModified":"2025-06-20T13:30:19+00:00","breadcrumb":{"@id":"https:\/\/www.ab2pro.com\/es\/agences\/ab2pro-targu-mures\/#breadcrumb"},"inLanguage":"es","potentialAction":[{"@type":"ReadAction","target":["https:\/\/www.ab2pro.com\/es\/agences\/ab2pro-targu-mures\/"]}]},{"@type":"BreadcrumbList","@id":"https:\/\/www.ab2pro.com\/es\/agences\/ab2pro-targu-mures\/#breadcrumb","itemListElement":[{"@type":"ListItem","position":1,"name":"Accueil","item":"https:\/\/www.ab2pro.com\/es\/"},{"@type":"ListItem","position":2,"name":"Agences","item":"https:\/\/www.ab2pro.com\/es\/agences\/"},{"@type":"ListItem","position":3,"name":"Agencia AB2PRO T\u00e2rgu Mure\u015f"}]},{"@type":"WebSite","@id":"https:\/\/www.ab2pro.com\/es\/#website","url":"https:\/\/www.ab2pro.com\/es\/","name":"AB2PRO","description":"Agence d&#039;emploi sp\u00e9cialis\u00e9e dans le recrutement de travailleurs europ\u00e9ens","publisher":{"@id":"https:\/\/www.ab2pro.com\/es\/#organization"},"potentialAction":[{"@type":"SearchAction","target":{"@type":"EntryPoint","urlTemplate":"https:\/\/www.ab2pro.com\/es\/?s={search_term_string}"},"query-input":{"@type":"PropertyValueSpecification","valueRequired":true,"valueName":"search_term_string"}}],"inLanguage":"es"},{"@type":"Organization","@id":"https:\/\/www.ab2pro.com\/es\/#organization","name":"AB2PRO","url":"https:\/\/www.ab2pro.com\/es\/","logo":{"@type":"ImageObject","inLanguage":"es","@id":"https:\/\/www.ab2pro.com\/es\/#\/schema\/logo\/image\/","url":"https:\/\/www.ab2pro.com\/wp-content\/uploads\/2020\/11\/logo-profil.png","contentUrl":"https:\/\/www.ab2pro.com\/wp-content\/uploads\/2020\/11\/logo-profil.png","width":230,"height":47,"caption":"AB2PRO"},"image":{"@id":"https:\/\/www.ab2pro.com\/es\/#\/schema\/logo\/image\/"}}]}},"_links":{"self":[{"href":"https:\/\/www.ab2pro.com\/es\/wp-json\/wp\/v2\/agence\/48637","targetHints":{"allow":["GET"]}}],"collection":[{"href":"https:\/\/www.ab2pro.com\/es\/wp-json\/wp\/v2\/agence"}],"about":[{"href":"https:\/\/www.ab2pro.com\/es\/wp-json\/wp\/v2\/types\/agence"}],"author":[{"embeddable":true,"href":"https:\/\/www.ab2pro.com\/es\/wp-json\/wp\/v2\/users\/1"}],"version-history":[{"count":0,"href":"https:\/\/www.ab2pro.com\/es\/wp-json\/wp\/v2\/agence\/48637\/revisions"}],"wp:attachment":[{"href":"https:\/\/www.ab2pro.com\/es\/wp-json\/wp\/v2\/media?parent=48637"}],"curies":[{"name":"wp","href":"https:\/\/api.w.org\/{rel}","templated":true}]}}

Agencia AB2PRO Târgu Mureş

<p data-pm-slice="0 0 []"><strong>Nuestra oficina situada en Târgu Mureş abrió sus puertas en la primavera de 2021</strong> en Transilvania. Está rodeada por un paisaje natural maravillosamente hermoso. ¡Aquí encontrará a <strong>nuestro equipo</strong>, que acompaña con pasión a los trabajadores temporales para ayudarles en sus misiones!</p>
<p><strong>Nuestro equipo</strong>, apasionado y comprometido, está especializado en la selección de personal de Hungría. Su entusiasmo por encontrar a los mejores talentos hace que cada proceso de selección sea una aventura humana exitosa, con una atención constante al acompañamiento y la integración de los candidatos.</p>
<p>La ciudad está ubicada en una zona habitada desde el Neolítico y en el centro de Transilvania, a ambas orillas del río Maros. Históricamente, Târgu Mureş ha sufrido mucho, ya sea por los estragos causados por los turcos o por los saqueos del emperador Leopoldo. Sin embargo, la ciudad siempre ha sabido recuperarse. </p>
<p>La verdadera evolución de la ciudad comenzó en 1902. Fue, bajo la dirección del alcalde, completamente reconstruida. Durante este periodo, las calles antiguas y nuevas de la ciudad se adornaron con flores y árboles. Desde entonces, Târgu Mureş es conocida como la «ciudad de las flores». En primer lugar, se puede pasear por la plaza de las Rosas y sus numerosos edificios de estilo barroco . A continuación, nos dejamos guiar hasta el castillo de cuatro bastiones situado en la parte suroeste, donde destaca la torre de la iglesia, que nos transmite una atmósfera típica del siglo XVII.<br />Cuerpo   </p>
<p>Entre los numerosos monumentos, se encuentran los de procedencia internacional, como iglesias, edificios, museos, galerías, esculturas, monumentos públicos y edificios públicos de estilo barroco, clásico, neorrenacentista, ecléctico y art nouveau.</p>
<p>Pero tampoco olvidemos los suburbios, que nos ofrecen más lugares para visitar, como el punto más alto de la ciudad: Somostető, el zoológico local y un ferrocarril muy popular entre los niños, al que los habitantes llaman «el ferrocarril de los niños».</p>
<p>Por supuesto, estamos en Transilvania, y nuestro estómago también merece ser mimado con especialidades locales. Por ejemplo, podemos degustar sopa de albóndigas, col rellena, tokány transilvano, pastel de maíz dulce o pastel de chimenea transilvano. Para acompañar estos platos contundentes, ¡a menudo se toma un chupito de palinka!  </p>
<p>¿Le apetece un buen café después del desayuno o la comida? Le invitamos a visitar nuestra oficina recién pintada, situada cerca de los monumentos históricos, la plaza principal y el kilómetro cero. <strong>Nuestro equipo</strong> estará encantado de recibir y ayudar a los candidatos interesados. </p>

<p>Nuestra oficina situada en Târgu Mureş abrió sus puertas en la primavera de 2021 en Transilvania. Está rodeada por un [&hellip;]</p>

<!-- This site is optimized with the Yoast SEO plugin v26.8 - https://yoast.com/product/yoast-seo-wordpress/ -->
<title>Agencia AB2PRO Târgu Mureş - AB2PRO</title>
<meta name="robots" content="index, follow, max-snippet:-1, max-image-preview:large, max-video-preview:-1" />
<link rel="canonical" href="https://www.ab2pro.com/es/agences/ab2pro-targu-mures/" />
<meta property="og:locale" content="es_ES" />
<meta property="og:type" content="article" />
<meta property="og:title" content="Agencia AB2PRO Târgu Mureş - AB2PRO" />
<meta property="og:description" content="Nuestra oficina situada en Târgu Mureş abrió sus puertas en la primavera de 2021 en Transilvania. Está rodeada por un [&hellip;]" />
<meta property="og:url" content="https://www.ab2pro.com/es/agences/ab2pro-targu-mures/" />
<meta property="og:site_name" content="AB2PRO" />
<meta property="article:modified_time" content="2025-06-20T13:30:19+00:00" />
<meta property="og:image" content="https://www.ab2pro.com/wp-content/uploads/2020/11/fond-home.jpg" />
	<meta property="og:image:width" content="1920" />
	<meta property="og:image:height" content="600" />
	<meta property="og:image:type" content="image/jpeg" />
<meta name="twitter:card" content="summary_large_image" />
<script type="application/ld+json" class="yoast-schema-graph">{"@context":"https://schema.org","@graph":[{"@type":"WebPage","@id":"https://www.ab2pro.com/es/agences/ab2pro-targu-mures/","url":"https://www.ab2pro.com/es/agences/ab2pro-targu-mures/","name":"Agencia AB2PRO Târgu Mureş - AB2PRO","isPartOf":{"@id":"https://www.ab2pro.com/es/#website"},"datePublished":"2023-11-07T10:26:45+00:00","dateModified":"2025-06-20T13:30:19+00:00","breadcrumb":{"@id":"https://www.ab2pro.com/es/agences/ab2pro-targu-mures/#breadcrumb"},"inLanguage":"es","potentialAction":[{"@type":"ReadAction","target":["https://www.ab2pro.com/es/agences/ab2pro-targu-mures/"]}]},{"@type":"BreadcrumbList","@id":"https://www.ab2pro.com/es/agences/ab2pro-targu-mures/#breadcrumb","itemListElement":[{"@type":"ListItem","position":1,"name":"Accueil","item":"https://www.ab2pro.com/es/"},{"@type":"ListItem","position":2,"name":"Agences","item":"https://www.ab2pro.com/es/agences/"},{"@type":"ListItem","position":3,"name":"Agencia AB2PRO Târgu Mureş"}]},{"@type":"WebSite","@id":"https://www.ab2pro.com/es/#website","url":"https://www.ab2pro.com/es/","name":"AB2PRO","description":"Agence d&#039;emploi spécialisée dans le recrutement de travailleurs européens","publisher":{"@id":"https://www.ab2pro.com/es/#organization"},"potentialAction":[{"@type":"SearchAction","target":{"@type":"EntryPoint","urlTemplate":"https://www.ab2pro.com/es/?s={search_term_string}"},"query-input":{"@type":"PropertyValueSpecification","valueRequired":true,"valueName":"search_term_string"}}],"inLanguage":"es"},{"@type":"Organization","@id":"https://www.ab2pro.com/es/#organization","name":"AB2PRO","url":"https://www.ab2pro.com/es/","logo":{"@type":"ImageObject","inLanguage":"es","@id":"https://www.ab2pro.com/es/#/schema/logo/image/","url":"https://www.ab2pro.com/wp-content/uploads/2020/11/logo-profil.png","contentUrl":"https://www.ab2pro.com/wp-content/uploads/2020/11/logo-profil.png","width":230,"height":47,"caption":"AB2PRO"},"image":{"@id":"https://www.ab2pro.com/es/#/schema/logo/image/"}}]}</script>
<!-- / Yoast SEO plugin. -->

Agencia AB2PRO Târgu Mureş - AB2PRO

Nuestra oficina situada en Târgu Mureş abrió sus puertas en la primavera de 2021 en Transilvania. Está rodeada por un [&hellip;]

Agence d&#039;emploi spécialisée dans le recrutement de travailleurs européens
