
{"id":48654,"date":"2023-11-07T11:50:36","date_gmt":"2023-11-07T10:50:36","guid":{"rendered":"https:\/\/www.ab2pro.com\/?post_type=agence&#038;p=48654"},"modified":"2025-06-20T15:42:45","modified_gmt":"2025-06-20T13:42:45","slug":"agencia-ab2pro-rouen","status":"publish","type":"agence","link":"https:\/\/www.ab2pro.com\/es\/agences\/agencia-ab2pro-rouen\/","title":{"rendered":"Agencia AB2PRO Rouen"},"content":{"rendered":"<p data-pm-slice=\"0 0 []\"><strong>Bienvenido a nuestra agencia de trabajo temporal en Ruan<\/strong>, donde ponemos nuestra experiencia y dinamismo al servicio de las empresas y los talentos. Con su historia y su energ\u00eda, Ruan es un cruce de caminos econ\u00f3mico donde la tradici\u00f3n y la innovaci\u00f3n se dan la mano. <\/p>\n<p>Al frente de la agencia, <strong>Fran\u00e7ois,<\/strong> responsable de la misma, es el verdadero director de orquesta del proceso de selecci\u00f3n. Su liderazgo y su visi\u00f3n estrat\u00e9gica permiten identificar a los mejores talentos y garantizar un acompa\u00f1amiento personalizado a las empresas. Con su compromiso y su profundo conocimiento del mercado, es un socio clave para desarrollar colaboraciones s\u00f3lidas y eficaces.  <\/p>\n<p>A su lado, <strong>nuestro equipo<\/strong> act\u00faa como enlace entre las empresas y los candidatos, asegur\u00e1ndose de ofrecer perfiles que se ajusten perfectamente a las necesidades del mercado. Especialista en selecci\u00f3n de personal internacional, aprovecha su experiencia para acompa\u00f1ar a los talentos en su integraci\u00f3n y trayectoria profesional. <\/p>\n<p>Comprometido y riguroso, <strong>nuestro equipo <\/strong>aporta un enfoque humano a la selecci\u00f3n de candidatos. Gracias a su comprensi\u00f3n del mercado laboral y a su capacidad para identificar las mejores oportunidades, desempe\u00f1a un papel esencial en el buen desarrollo de las misiones y el acompa\u00f1amiento de los talentos. <\/p>\n<p><strong>Ruan, <\/strong>con su patrimonio hist\u00f3rico y su dinamismo econ\u00f3mico, es una ciudad ideal para desarrollarse profesionalmente. Entre sus callejuelas medievales, su puerto activo y su tejido econ\u00f3mico en plena expansi\u00f3n, ofrece un entorno estimulante para las empresas y los trabajadores. <\/p>\n<p>Tanto si es una empresa en busca de talento como si es un candidato en busca de un puesto de trabajo, <strong>Fran\u00e7ois y su equipo<\/strong> est\u00e1n a su disposici\u00f3n para acompa\u00f1arle hacia el \u00e9xito.<\/p>\n","protected":false},"excerpt":{"rendered":"<p>Bienvenido a nuestra agencia de trabajo temporal en Ruan, donde ponemos nuestra experiencia y dinamismo al servicio de las empresas [&hellip;]<\/p>\n","protected":false},"author":1,"featured_media":0,"template":"","meta":{"_acf_changed":false,"footnotes":""},"class_list":["post-48654","agence","type-agence","status-publish","hentry"],"acf":[],"yoast_head":"<!-- This site is optimized with the Yoast SEO plugin v26.8 - https:\/\/yoast.com\/product\/yoast-seo-wordpress\/ -->\n<title>Agencia AB2PRO Rouen - AB2PRO<\/title>\n<meta name=\"robots\" content=\"index, follow, max-snippet:-1, max-image-preview:large, max-video-preview:-1\" \/>\n<link rel=\"canonical\" href=\"https:\/\/www.ab2pro.com\/es\/agences\/agencia-ab2pro-rouen\/\" \/>\n<meta property=\"og:locale\" content=\"es_ES\" \/>\n<meta property=\"og:type\" content=\"article\" \/>\n<meta property=\"og:title\" content=\"Agencia AB2PRO Rouen - AB2PRO\" \/>\n<meta property=\"og:description\" content=\"Bienvenido a nuestra agencia de trabajo temporal en Ruan, donde ponemos nuestra experiencia y dinamismo al servicio de las empresas [&hellip;]\" \/>\n<meta property=\"og:url\" content=\"https:\/\/www.ab2pro.com\/es\/agences\/agencia-ab2pro-rouen\/\" \/>\n<meta property=\"og:site_name\" content=\"AB2PRO\" \/>\n<meta property=\"article:modified_time\" content=\"2025-06-20T13:42:45+00:00\" \/>\n<meta property=\"og:image\" content=\"https:\/\/www.ab2pro.com\/wp-content\/uploads\/2020\/11\/fond-home.jpg\" \/>\n\t<meta property=\"og:image:width\" content=\"1920\" \/>\n\t<meta property=\"og:image:height\" content=\"600\" \/>\n\t<meta property=\"og:image:type\" content=\"image\/jpeg\" \/>\n<meta name=\"twitter:card\" content=\"summary_large_image\" \/>\n<script type=\"application\/ld+json\" class=\"yoast-schema-graph\">{\"@context\":\"https:\/\/schema.org\",\"@graph\":[{\"@type\":\"WebPage\",\"@id\":\"https:\/\/www.ab2pro.com\/es\/agences\/agencia-ab2pro-rouen\/\",\"url\":\"https:\/\/www.ab2pro.com\/es\/agences\/agencia-ab2pro-rouen\/\",\"name\":\"Agencia AB2PRO Rouen - AB2PRO\",\"isPartOf\":{\"@id\":\"https:\/\/www.ab2pro.com\/es\/#website\"},\"datePublished\":\"2023-11-07T10:50:36+00:00\",\"dateModified\":\"2025-06-20T13:42:45+00:00\",\"breadcrumb\":{\"@id\":\"https:\/\/www.ab2pro.com\/es\/agences\/agencia-ab2pro-rouen\/#breadcrumb\"},\"inLanguage\":\"es\",\"potentialAction\":[{\"@type\":\"ReadAction\",\"target\":[\"https:\/\/www.ab2pro.com\/es\/agences\/agencia-ab2pro-rouen\/\"]}]},{\"@type\":\"BreadcrumbList\",\"@id\":\"https:\/\/www.ab2pro.com\/es\/agences\/agencia-ab2pro-rouen\/#breadcrumb\",\"itemListElement\":[{\"@type\":\"ListItem\",\"position\":1,\"name\":\"Accueil\",\"item\":\"https:\/\/www.ab2pro.com\/es\/\"},{\"@type\":\"ListItem\",\"position\":2,\"name\":\"Agences\",\"item\":\"https:\/\/www.ab2pro.com\/es\/agences\/\"},{\"@type\":\"ListItem\",\"position\":3,\"name\":\"Agencia AB2PRO Rouen\"}]},{\"@type\":\"WebSite\",\"@id\":\"https:\/\/www.ab2pro.com\/es\/#website\",\"url\":\"https:\/\/www.ab2pro.com\/es\/\",\"name\":\"AB2PRO\",\"description\":\"Agence d&#039;emploi sp\u00e9cialis\u00e9e dans le recrutement de travailleurs europ\u00e9ens\",\"publisher\":{\"@id\":\"https:\/\/www.ab2pro.com\/es\/#organization\"},\"potentialAction\":[{\"@type\":\"SearchAction\",\"target\":{\"@type\":\"EntryPoint\",\"urlTemplate\":\"https:\/\/www.ab2pro.com\/es\/?s={search_term_string}\"},\"query-input\":{\"@type\":\"PropertyValueSpecification\",\"valueRequired\":true,\"valueName\":\"search_term_string\"}}],\"inLanguage\":\"es\"},{\"@type\":\"Organization\",\"@id\":\"https:\/\/www.ab2pro.com\/es\/#organization\",\"name\":\"AB2PRO\",\"url\":\"https:\/\/www.ab2pro.com\/es\/\",\"logo\":{\"@type\":\"ImageObject\",\"inLanguage\":\"es\",\"@id\":\"https:\/\/www.ab2pro.com\/es\/#\/schema\/logo\/image\/\",\"url\":\"https:\/\/www.ab2pro.com\/wp-content\/uploads\/2020\/11\/logo-profil.png\",\"contentUrl\":\"https:\/\/www.ab2pro.com\/wp-content\/uploads\/2020\/11\/logo-profil.png\",\"width\":230,\"height\":47,\"caption\":\"AB2PRO\"},\"image\":{\"@id\":\"https:\/\/www.ab2pro.com\/es\/#\/schema\/logo\/image\/\"}}]}<\/script>\n<!-- \/ Yoast SEO plugin. -->","yoast_head_json":{"title":"Agencia AB2PRO Rouen - AB2PRO","robots":{"index":"index","follow":"follow","max-snippet":"max-snippet:-1","max-image-preview":"max-image-preview:large","max-video-preview":"max-video-preview:-1"},"canonical":"https:\/\/www.ab2pro.com\/es\/agences\/agencia-ab2pro-rouen\/","og_locale":"es_ES","og_type":"article","og_title":"Agencia AB2PRO Rouen - AB2PRO","og_description":"Bienvenido a nuestra agencia de trabajo temporal en Ruan, donde ponemos nuestra experiencia y dinamismo al servicio de las empresas [&hellip;]","og_url":"https:\/\/www.ab2pro.com\/es\/agences\/agencia-ab2pro-rouen\/","og_site_name":"AB2PRO","article_modified_time":"2025-06-20T13:42:45+00:00","og_image":[{"width":1920,"height":600,"url":"https:\/\/www.ab2pro.com\/wp-content\/uploads\/2020\/11\/fond-home.jpg","type":"image\/jpeg"}],"twitter_card":"summary_large_image","schema":{"@context":"https:\/\/schema.org","@graph":[{"@type":"WebPage","@id":"https:\/\/www.ab2pro.com\/es\/agences\/agencia-ab2pro-rouen\/","url":"https:\/\/www.ab2pro.com\/es\/agences\/agencia-ab2pro-rouen\/","name":"Agencia AB2PRO Rouen - AB2PRO","isPartOf":{"@id":"https:\/\/www.ab2pro.com\/es\/#website"},"datePublished":"2023-11-07T10:50:36+00:00","dateModified":"2025-06-20T13:42:45+00:00","breadcrumb":{"@id":"https:\/\/www.ab2pro.com\/es\/agences\/agencia-ab2pro-rouen\/#breadcrumb"},"inLanguage":"es","potentialAction":[{"@type":"ReadAction","target":["https:\/\/www.ab2pro.com\/es\/agences\/agencia-ab2pro-rouen\/"]}]},{"@type":"BreadcrumbList","@id":"https:\/\/www.ab2pro.com\/es\/agences\/agencia-ab2pro-rouen\/#breadcrumb","itemListElement":[{"@type":"ListItem","position":1,"name":"Accueil","item":"https:\/\/www.ab2pro.com\/es\/"},{"@type":"ListItem","position":2,"name":"Agences","item":"https:\/\/www.ab2pro.com\/es\/agences\/"},{"@type":"ListItem","position":3,"name":"Agencia AB2PRO Rouen"}]},{"@type":"WebSite","@id":"https:\/\/www.ab2pro.com\/es\/#website","url":"https:\/\/www.ab2pro.com\/es\/","name":"AB2PRO","description":"Agence d&#039;emploi sp\u00e9cialis\u00e9e dans le recrutement de travailleurs europ\u00e9ens","publisher":{"@id":"https:\/\/www.ab2pro.com\/es\/#organization"},"potentialAction":[{"@type":"SearchAction","target":{"@type":"EntryPoint","urlTemplate":"https:\/\/www.ab2pro.com\/es\/?s={search_term_string}"},"query-input":{"@type":"PropertyValueSpecification","valueRequired":true,"valueName":"search_term_string"}}],"inLanguage":"es"},{"@type":"Organization","@id":"https:\/\/www.ab2pro.com\/es\/#organization","name":"AB2PRO","url":"https:\/\/www.ab2pro.com\/es\/","logo":{"@type":"ImageObject","inLanguage":"es","@id":"https:\/\/www.ab2pro.com\/es\/#\/schema\/logo\/image\/","url":"https:\/\/www.ab2pro.com\/wp-content\/uploads\/2020\/11\/logo-profil.png","contentUrl":"https:\/\/www.ab2pro.com\/wp-content\/uploads\/2020\/11\/logo-profil.png","width":230,"height":47,"caption":"AB2PRO"},"image":{"@id":"https:\/\/www.ab2pro.com\/es\/#\/schema\/logo\/image\/"}}]}},"_links":{"self":[{"href":"https:\/\/www.ab2pro.com\/es\/wp-json\/wp\/v2\/agence\/48654","targetHints":{"allow":["GET"]}}],"collection":[{"href":"https:\/\/www.ab2pro.com\/es\/wp-json\/wp\/v2\/agence"}],"about":[{"href":"https:\/\/www.ab2pro.com\/es\/wp-json\/wp\/v2\/types\/agence"}],"author":[{"embeddable":true,"href":"https:\/\/www.ab2pro.com\/es\/wp-json\/wp\/v2\/users\/1"}],"version-history":[{"count":0,"href":"https:\/\/www.ab2pro.com\/es\/wp-json\/wp\/v2\/agence\/48654\/revisions"}],"wp:attachment":[{"href":"https:\/\/www.ab2pro.com\/es\/wp-json\/wp\/v2\/media?parent=48654"}],"curies":[{"name":"wp","href":"https:\/\/api.w.org\/{rel}","templated":true}]}}

<p data-pm-slice="0 0 []"><strong>Bienvenido a nuestra agencia de trabajo temporal en Ruan</strong>, donde ponemos nuestra experiencia y dinamismo al servicio de las empresas y los talentos. Con su historia y su energía, Ruan es un cruce de caminos económico donde la tradición y la innovación se dan la mano. </p>
<p>Al frente de la agencia, <strong>François,</strong> responsable de la misma, es el verdadero director de orquesta del proceso de selección. Su liderazgo y su visión estratégica permiten identificar a los mejores talentos y garantizar un acompañamiento personalizado a las empresas. Con su compromiso y su profundo conocimiento del mercado, es un socio clave para desarrollar colaboraciones sólidas y eficaces.  </p>
<p>A su lado, <strong>nuestro equipo</strong> actúa como enlace entre las empresas y los candidatos, asegurándose de ofrecer perfiles que se ajusten perfectamente a las necesidades del mercado. Especialista en selección de personal internacional, aprovecha su experiencia para acompañar a los talentos en su integración y trayectoria profesional. </p>
<p>Comprometido y riguroso, <strong>nuestro equipo </strong>aporta un enfoque humano a la selección de candidatos. Gracias a su comprensión del mercado laboral y a su capacidad para identificar las mejores oportunidades, desempeña un papel esencial en el buen desarrollo de las misiones y el acompañamiento de los talentos. </p>
<p><strong>Ruan, </strong>con su patrimonio histórico y su dinamismo económico, es una ciudad ideal para desarrollarse profesionalmente. Entre sus callejuelas medievales, su puerto activo y su tejido económico en plena expansión, ofrece un entorno estimulante para las empresas y los trabajadores. </p>
<p>Tanto si es una empresa en busca de talento como si es un candidato en busca de un puesto de trabajo, <strong>François y su equipo</strong> están a su disposición para acompañarle hacia el éxito.</p>

<!-- This site is optimized with the Yoast SEO plugin v26.8 - https://yoast.com/product/yoast-seo-wordpress/ -->
<title>Agencia AB2PRO Rouen - AB2PRO</title>
<meta name="robots" content="index, follow, max-snippet:-1, max-image-preview:large, max-video-preview:-1" />
<link rel="canonical" href="https://www.ab2pro.com/es/agences/agencia-ab2pro-rouen/" />
<meta property="og:locale" content="es_ES" />
<meta property="og:type" content="article" />
<meta property="og:title" content="Agencia AB2PRO Rouen - AB2PRO" />
<meta property="og:description" content="Bienvenido a nuestra agencia de trabajo temporal en Ruan, donde ponemos nuestra experiencia y dinamismo al servicio de las empresas [&hellip;]" />
<meta property="og:url" content="https://www.ab2pro.com/es/agences/agencia-ab2pro-rouen/" />
<meta property="og:site_name" content="AB2PRO" />
<meta property="article:modified_time" content="2025-06-20T13:42:45+00:00" />
<meta property="og:image" content="https://www.ab2pro.com/wp-content/uploads/2020/11/fond-home.jpg" />
	<meta property="og:image:width" content="1920" />
	<meta property="og:image:height" content="600" />
	<meta property="og:image:type" content="image/jpeg" />
<meta name="twitter:card" content="summary_large_image" />
<script type="application/ld+json" class="yoast-schema-graph">{"@context":"https://schema.org","@graph":[{"@type":"WebPage","@id":"https://www.ab2pro.com/es/agences/agencia-ab2pro-rouen/","url":"https://www.ab2pro.com/es/agences/agencia-ab2pro-rouen/","name":"Agencia AB2PRO Rouen - AB2PRO","isPartOf":{"@id":"https://www.ab2pro.com/es/#website"},"datePublished":"2023-11-07T10:50:36+00:00","dateModified":"2025-06-20T13:42:45+00:00","breadcrumb":{"@id":"https://www.ab2pro.com/es/agences/agencia-ab2pro-rouen/#breadcrumb"},"inLanguage":"es","potentialAction":[{"@type":"ReadAction","target":["https://www.ab2pro.com/es/agences/agencia-ab2pro-rouen/"]}]},{"@type":"BreadcrumbList","@id":"https://www.ab2pro.com/es/agences/agencia-ab2pro-rouen/#breadcrumb","itemListElement":[{"@type":"ListItem","position":1,"name":"Accueil","item":"https://www.ab2pro.com/es/"},{"@type":"ListItem","position":2,"name":"Agences","item":"https://www.ab2pro.com/es/agences/"},{"@type":"ListItem","position":3,"name":"Agencia AB2PRO Rouen"}]},{"@type":"WebSite","@id":"https://www.ab2pro.com/es/#website","url":"https://www.ab2pro.com/es/","name":"AB2PRO","description":"Agence d&#039;emploi spécialisée dans le recrutement de travailleurs européens","publisher":{"@id":"https://www.ab2pro.com/es/#organization"},"potentialAction":[{"@type":"SearchAction","target":{"@type":"EntryPoint","urlTemplate":"https://www.ab2pro.com/es/?s={search_term_string}"},"query-input":{"@type":"PropertyValueSpecification","valueRequired":true,"valueName":"search_term_string"}}],"inLanguage":"es"},{"@type":"Organization","@id":"https://www.ab2pro.com/es/#organization","name":"AB2PRO","url":"https://www.ab2pro.com/es/","logo":{"@type":"ImageObject","inLanguage":"es","@id":"https://www.ab2pro.com/es/#/schema/logo/image/","url":"https://www.ab2pro.com/wp-content/uploads/2020/11/logo-profil.png","contentUrl":"https://www.ab2pro.com/wp-content/uploads/2020/11/logo-profil.png","width":230,"height":47,"caption":"AB2PRO"},"image":{"@id":"https://www.ab2pro.com/es/#/schema/logo/image/"}}]}</script>
<!-- / Yoast SEO plugin. -->

Agence d&#039;emploi spécialisée dans le recrutement de travailleurs européens
