
{"id":48681,"date":"2023-11-07T12:04:45","date_gmt":"2023-11-07T11:04:45","guid":{"rendered":"https:\/\/www.ab2pro.com\/?post_type=agence&#038;p=48681"},"modified":"2023-11-07T14:16:56","modified_gmt":"2023-11-07T13:16:56","slug":"agencia-ab2pro-paris","status":"publish","type":"agence","link":"https:\/\/www.ab2pro.com\/es\/agences\/agencia-ab2pro-paris\/","title":{"rendered":"Agencia AB2PRO Paris"},"content":{"rendered":"<p>AB2PRO continu\u00f3 su crecimiento y su desarrollo abriendo una agencia en regi\u00f3n parisina, en Clamart en 2006. En AB2PRO Paris y Centro Valla del Loira, reclutamos los perfiles de Neymar del pladur, los Mbapp\u00e9 de la instalaci\u00f3n SATE y los Verratti de la fontaner\u00eda. Pero les aseguramos que para unirse al equipo de Paris no necesita ser futbolista profesional. \u00a1Nuestra motivaci\u00f3n y su profesionalismo ser\u00e1n sus mejores ventajas! Paris, esta linda capital francesa, tan famosa que no hace falta explicar m\u00e1s de ella. Os ofrece un abanico de eventos culturales que cumple con los gustos de cada uno. Podr\u00e1 admirar el Louvre, la catedral Notre-Dame o tambi\u00e9n el Moulin Rouge, caminar en los Champs-Elys\u00e9e, contemplar la Torre Eiffel, apreciar la gastronom\u00eda francesa y sus numerosos vinos. Sus actividades culturales har\u00e1n parte de sus fines de semana y nos encantara guiarles para conocer los mejores lugares de la capital. La regi\u00f3n Centro Valle del Loira, definida por sus campos de cultivos y sus castillos palaciegos, representa la arquitectura y la historia francesa. Nuestro equipo puede aprovechar de su fin de semana para pasear en bicicleta al borde del Loira, descansar en los jardines del renacimiento del castillo Villandry, apreciar la ciudad medieval de Chinon, aprender la historia del vino franc\u00e9s en los famosos vi\u00f1edos de Sancerre, o tambi\u00e9n probar unos quesos conocidos en el mundo entero como el Sainte Maure de Touraine. Un territorio repleto de historia y con un gran patrimonio que esperemos que disfrute. Realizamos reuniones en AB2PRO para conocernos y compartir todos juntos momentos agradables. Ubicada a 30 minutos de la Torre Eiffel, nuestro equipo de reclutadores internacionales le acoge para ofrecerle trabajo entre dos hermosas regiones. \u00a1Andrian, nuestro coordinador de reclutamiento rumano est\u00e1 tan impaciente de conocerlo como por ver el PSG ganar la Champions League! Johana, nuestra compa\u00f1era polaca, recluta y acompa\u00f1a a todos los trabajadores en las obras. \u00a1Una mujer atenta y siempre de buen humor! Andrada, nuestra reclutadora e interprete rumana, multiling\u00fce y orgullosa de sus ra\u00edces rumana y japonesa, le ayudara durante la duraci\u00f3n de su trabajo. Martin, nuestro asesor de negocios, se compromete para encontrarle trabajo en Paris, Chartres, Orl\u00e9ans, Tours, Blois etc. Desde 2002, la familia AB2PRO est\u00e1 creciendo. \u00a1Contacta con nosotros para descubrir todos los trabajos que podemos ofrecerle!<\/p>\n","protected":false},"excerpt":{"rendered":"<p>AB2PRO continu\u00f3 su crecimiento y su desarrollo abriendo una agencia en regi\u00f3n parisina, en Clamart en 2006. En AB2PRO Paris [&hellip;]<\/p>\n","protected":false},"author":1,"featured_media":0,"template":"","meta":{"_acf_changed":false,"footnotes":""},"class_list":["post-48681","agence","type-agence","status-publish","hentry"],"acf":[],"yoast_head":"<!-- This site is optimized with the Yoast SEO plugin v26.8 - https:\/\/yoast.com\/product\/yoast-seo-wordpress\/ -->\n<title>Agencia AB2PRO Paris - AB2PRO<\/title>\n<meta name=\"robots\" content=\"index, follow, max-snippet:-1, max-image-preview:large, max-video-preview:-1\" \/>\n<link rel=\"canonical\" href=\"https:\/\/www.ab2pro.com\/es\/agences\/agencia-ab2pro-paris\/\" \/>\n<meta property=\"og:locale\" content=\"es_ES\" \/>\n<meta property=\"og:type\" content=\"article\" \/>\n<meta property=\"og:title\" content=\"Agencia AB2PRO Paris - AB2PRO\" \/>\n<meta property=\"og:description\" content=\"AB2PRO continu\u00f3 su crecimiento y su desarrollo abriendo una agencia en regi\u00f3n parisina, en Clamart en 2006. En AB2PRO Paris [&hellip;]\" \/>\n<meta property=\"og:url\" content=\"https:\/\/www.ab2pro.com\/es\/agences\/agencia-ab2pro-paris\/\" \/>\n<meta property=\"og:site_name\" content=\"AB2PRO\" \/>\n<meta property=\"article:modified_time\" content=\"2023-11-07T13:16:56+00:00\" \/>\n<meta property=\"og:image\" content=\"https:\/\/www.ab2pro.com\/wp-content\/uploads\/2020\/11\/fond-home.jpg\" \/>\n\t<meta property=\"og:image:width\" content=\"1920\" \/>\n\t<meta property=\"og:image:height\" content=\"600\" \/>\n\t<meta property=\"og:image:type\" content=\"image\/jpeg\" \/>\n<meta name=\"twitter:card\" content=\"summary_large_image\" \/>\n<meta name=\"twitter:label1\" content=\"Tiempo de lectura\" \/>\n\t<meta name=\"twitter:data1\" content=\"2 minutos\" \/>\n<script type=\"application\/ld+json\" class=\"yoast-schema-graph\">{\"@context\":\"https:\/\/schema.org\",\"@graph\":[{\"@type\":\"WebPage\",\"@id\":\"https:\/\/www.ab2pro.com\/es\/agences\/agencia-ab2pro-paris\/\",\"url\":\"https:\/\/www.ab2pro.com\/es\/agences\/agencia-ab2pro-paris\/\",\"name\":\"Agencia AB2PRO Paris - AB2PRO\",\"isPartOf\":{\"@id\":\"https:\/\/www.ab2pro.com\/es\/#website\"},\"datePublished\":\"2023-11-07T11:04:45+00:00\",\"dateModified\":\"2023-11-07T13:16:56+00:00\",\"breadcrumb\":{\"@id\":\"https:\/\/www.ab2pro.com\/es\/agences\/agencia-ab2pro-paris\/#breadcrumb\"},\"inLanguage\":\"es\",\"potentialAction\":[{\"@type\":\"ReadAction\",\"target\":[\"https:\/\/www.ab2pro.com\/es\/agences\/agencia-ab2pro-paris\/\"]}]},{\"@type\":\"BreadcrumbList\",\"@id\":\"https:\/\/www.ab2pro.com\/es\/agences\/agencia-ab2pro-paris\/#breadcrumb\",\"itemListElement\":[{\"@type\":\"ListItem\",\"position\":1,\"name\":\"Accueil\",\"item\":\"https:\/\/www.ab2pro.com\/es\/\"},{\"@type\":\"ListItem\",\"position\":2,\"name\":\"Agences\",\"item\":\"https:\/\/www.ab2pro.com\/es\/agences\/\"},{\"@type\":\"ListItem\",\"position\":3,\"name\":\"Agencia AB2PRO Paris\"}]},{\"@type\":\"WebSite\",\"@id\":\"https:\/\/www.ab2pro.com\/es\/#website\",\"url\":\"https:\/\/www.ab2pro.com\/es\/\",\"name\":\"AB2PRO\",\"description\":\"Agence d&#039;emploi sp\u00e9cialis\u00e9e dans le recrutement de travailleurs europ\u00e9ens\",\"publisher\":{\"@id\":\"https:\/\/www.ab2pro.com\/es\/#organization\"},\"potentialAction\":[{\"@type\":\"SearchAction\",\"target\":{\"@type\":\"EntryPoint\",\"urlTemplate\":\"https:\/\/www.ab2pro.com\/es\/?s={search_term_string}\"},\"query-input\":{\"@type\":\"PropertyValueSpecification\",\"valueRequired\":true,\"valueName\":\"search_term_string\"}}],\"inLanguage\":\"es\"},{\"@type\":\"Organization\",\"@id\":\"https:\/\/www.ab2pro.com\/es\/#organization\",\"name\":\"AB2PRO\",\"url\":\"https:\/\/www.ab2pro.com\/es\/\",\"logo\":{\"@type\":\"ImageObject\",\"inLanguage\":\"es\",\"@id\":\"https:\/\/www.ab2pro.com\/es\/#\/schema\/logo\/image\/\",\"url\":\"https:\/\/www.ab2pro.com\/wp-content\/uploads\/2020\/11\/logo-profil.png\",\"contentUrl\":\"https:\/\/www.ab2pro.com\/wp-content\/uploads\/2020\/11\/logo-profil.png\",\"width\":230,\"height\":47,\"caption\":\"AB2PRO\"},\"image\":{\"@id\":\"https:\/\/www.ab2pro.com\/es\/#\/schema\/logo\/image\/\"}}]}<\/script>\n<!-- \/ Yoast SEO plugin. -->","yoast_head_json":{"title":"Agencia AB2PRO Paris - AB2PRO","robots":{"index":"index","follow":"follow","max-snippet":"max-snippet:-1","max-image-preview":"max-image-preview:large","max-video-preview":"max-video-preview:-1"},"canonical":"https:\/\/www.ab2pro.com\/es\/agences\/agencia-ab2pro-paris\/","og_locale":"es_ES","og_type":"article","og_title":"Agencia AB2PRO Paris - AB2PRO","og_description":"AB2PRO continu\u00f3 su crecimiento y su desarrollo abriendo una agencia en regi\u00f3n parisina, en Clamart en 2006. En AB2PRO Paris [&hellip;]","og_url":"https:\/\/www.ab2pro.com\/es\/agences\/agencia-ab2pro-paris\/","og_site_name":"AB2PRO","article_modified_time":"2023-11-07T13:16:56+00:00","og_image":[{"width":1920,"height":600,"url":"https:\/\/www.ab2pro.com\/wp-content\/uploads\/2020\/11\/fond-home.jpg","type":"image\/jpeg"}],"twitter_card":"summary_large_image","twitter_misc":{"Tiempo de lectura":"2 minutos"},"schema":{"@context":"https:\/\/schema.org","@graph":[{"@type":"WebPage","@id":"https:\/\/www.ab2pro.com\/es\/agences\/agencia-ab2pro-paris\/","url":"https:\/\/www.ab2pro.com\/es\/agences\/agencia-ab2pro-paris\/","name":"Agencia AB2PRO Paris - AB2PRO","isPartOf":{"@id":"https:\/\/www.ab2pro.com\/es\/#website"},"datePublished":"2023-11-07T11:04:45+00:00","dateModified":"2023-11-07T13:16:56+00:00","breadcrumb":{"@id":"https:\/\/www.ab2pro.com\/es\/agences\/agencia-ab2pro-paris\/#breadcrumb"},"inLanguage":"es","potentialAction":[{"@type":"ReadAction","target":["https:\/\/www.ab2pro.com\/es\/agences\/agencia-ab2pro-paris\/"]}]},{"@type":"BreadcrumbList","@id":"https:\/\/www.ab2pro.com\/es\/agences\/agencia-ab2pro-paris\/#breadcrumb","itemListElement":[{"@type":"ListItem","position":1,"name":"Accueil","item":"https:\/\/www.ab2pro.com\/es\/"},{"@type":"ListItem","position":2,"name":"Agences","item":"https:\/\/www.ab2pro.com\/es\/agences\/"},{"@type":"ListItem","position":3,"name":"Agencia AB2PRO Paris"}]},{"@type":"WebSite","@id":"https:\/\/www.ab2pro.com\/es\/#website","url":"https:\/\/www.ab2pro.com\/es\/","name":"AB2PRO","description":"Agence d&#039;emploi sp\u00e9cialis\u00e9e dans le recrutement de travailleurs europ\u00e9ens","publisher":{"@id":"https:\/\/www.ab2pro.com\/es\/#organization"},"potentialAction":[{"@type":"SearchAction","target":{"@type":"EntryPoint","urlTemplate":"https:\/\/www.ab2pro.com\/es\/?s={search_term_string}"},"query-input":{"@type":"PropertyValueSpecification","valueRequired":true,"valueName":"search_term_string"}}],"inLanguage":"es"},{"@type":"Organization","@id":"https:\/\/www.ab2pro.com\/es\/#organization","name":"AB2PRO","url":"https:\/\/www.ab2pro.com\/es\/","logo":{"@type":"ImageObject","inLanguage":"es","@id":"https:\/\/www.ab2pro.com\/es\/#\/schema\/logo\/image\/","url":"https:\/\/www.ab2pro.com\/wp-content\/uploads\/2020\/11\/logo-profil.png","contentUrl":"https:\/\/www.ab2pro.com\/wp-content\/uploads\/2020\/11\/logo-profil.png","width":230,"height":47,"caption":"AB2PRO"},"image":{"@id":"https:\/\/www.ab2pro.com\/es\/#\/schema\/logo\/image\/"}}]}},"_links":{"self":[{"href":"https:\/\/www.ab2pro.com\/es\/wp-json\/wp\/v2\/agence\/48681","targetHints":{"allow":["GET"]}}],"collection":[{"href":"https:\/\/www.ab2pro.com\/es\/wp-json\/wp\/v2\/agence"}],"about":[{"href":"https:\/\/www.ab2pro.com\/es\/wp-json\/wp\/v2\/types\/agence"}],"author":[{"embeddable":true,"href":"https:\/\/www.ab2pro.com\/es\/wp-json\/wp\/v2\/users\/1"}],"version-history":[{"count":0,"href":"https:\/\/www.ab2pro.com\/es\/wp-json\/wp\/v2\/agence\/48681\/revisions"}],"wp:attachment":[{"href":"https:\/\/www.ab2pro.com\/es\/wp-json\/wp\/v2\/media?parent=48681"}],"curies":[{"name":"wp","href":"https:\/\/api.w.org\/{rel}","templated":true}]}}

<p>AB2PRO continuó su crecimiento y su desarrollo abriendo una agencia en región parisina, en Clamart en 2006. En AB2PRO Paris y Centro Valla del Loira, reclutamos los perfiles de Neymar del pladur, los Mbappé de la instalación SATE y los Verratti de la fontanería. Pero les aseguramos que para unirse al equipo de Paris no necesita ser futbolista profesional. ¡Nuestra motivación y su profesionalismo serán sus mejores ventajas! Paris, esta linda capital francesa, tan famosa que no hace falta explicar más de ella. Os ofrece un abanico de eventos culturales que cumple con los gustos de cada uno. Podrá admirar el Louvre, la catedral Notre-Dame o también el Moulin Rouge, caminar en los Champs-Elysée, contemplar la Torre Eiffel, apreciar la gastronomía francesa y sus numerosos vinos. Sus actividades culturales harán parte de sus fines de semana y nos encantara guiarles para conocer los mejores lugares de la capital. La región Centro Valle del Loira, definida por sus campos de cultivos y sus castillos palaciegos, representa la arquitectura y la historia francesa. Nuestro equipo puede aprovechar de su fin de semana para pasear en bicicleta al borde del Loira, descansar en los jardines del renacimiento del castillo Villandry, apreciar la ciudad medieval de Chinon, aprender la historia del vino francés en los famosos viñedos de Sancerre, o también probar unos quesos conocidos en el mundo entero como el Sainte Maure de Touraine. Un territorio repleto de historia y con un gran patrimonio que esperemos que disfrute. Realizamos reuniones en AB2PRO para conocernos y compartir todos juntos momentos agradables. Ubicada a 30 minutos de la Torre Eiffel, nuestro equipo de reclutadores internacionales le acoge para ofrecerle trabajo entre dos hermosas regiones. ¡Andrian, nuestro coordinador de reclutamiento rumano está tan impaciente de conocerlo como por ver el PSG ganar la Champions League! Johana, nuestra compañera polaca, recluta y acompaña a todos los trabajadores en las obras. ¡Una mujer atenta y siempre de buen humor! Andrada, nuestra reclutadora e interprete rumana, multilingüe y orgullosa de sus raíces rumana y japonesa, le ayudara durante la duración de su trabajo. Martin, nuestro asesor de negocios, se compromete para encontrarle trabajo en Paris, Chartres, Orléans, Tours, Blois etc. Desde 2002, la familia AB2PRO está creciendo. ¡Contacta con nosotros para descubrir todos los trabajos que podemos ofrecerle!</p>

<p>AB2PRO continuó su crecimiento y su desarrollo abriendo una agencia en región parisina, en Clamart en 2006. En AB2PRO Paris [&hellip;]</p>

<!-- This site is optimized with the Yoast SEO plugin v26.8 - https://yoast.com/product/yoast-seo-wordpress/ -->
<title>Agencia AB2PRO Paris - AB2PRO</title>
<meta name="robots" content="index, follow, max-snippet:-1, max-image-preview:large, max-video-preview:-1" />
<link rel="canonical" href="https://www.ab2pro.com/es/agences/agencia-ab2pro-paris/" />
<meta property="og:locale" content="es_ES" />
<meta property="og:type" content="article" />
<meta property="og:title" content="Agencia AB2PRO Paris - AB2PRO" />
<meta property="og:description" content="AB2PRO continuó su crecimiento y su desarrollo abriendo una agencia en región parisina, en Clamart en 2006. En AB2PRO Paris [&hellip;]" />
<meta property="og:url" content="https://www.ab2pro.com/es/agences/agencia-ab2pro-paris/" />
<meta property="og:site_name" content="AB2PRO" />
<meta property="article:modified_time" content="2023-11-07T13:16:56+00:00" />
<meta property="og:image" content="https://www.ab2pro.com/wp-content/uploads/2020/11/fond-home.jpg" />
	<meta property="og:image:width" content="1920" />
	<meta property="og:image:height" content="600" />
	<meta property="og:image:type" content="image/jpeg" />
<meta name="twitter:card" content="summary_large_image" />
<meta name="twitter:label1" content="Tiempo de lectura" />
	<meta name="twitter:data1" content="2 minutos" />
<script type="application/ld+json" class="yoast-schema-graph">{"@context":"https://schema.org","@graph":[{"@type":"WebPage","@id":"https://www.ab2pro.com/es/agences/agencia-ab2pro-paris/","url":"https://www.ab2pro.com/es/agences/agencia-ab2pro-paris/","name":"Agencia AB2PRO Paris - AB2PRO","isPartOf":{"@id":"https://www.ab2pro.com/es/#website"},"datePublished":"2023-11-07T11:04:45+00:00","dateModified":"2023-11-07T13:16:56+00:00","breadcrumb":{"@id":"https://www.ab2pro.com/es/agences/agencia-ab2pro-paris/#breadcrumb"},"inLanguage":"es","potentialAction":[{"@type":"ReadAction","target":["https://www.ab2pro.com/es/agences/agencia-ab2pro-paris/"]}]},{"@type":"BreadcrumbList","@id":"https://www.ab2pro.com/es/agences/agencia-ab2pro-paris/#breadcrumb","itemListElement":[{"@type":"ListItem","position":1,"name":"Accueil","item":"https://www.ab2pro.com/es/"},{"@type":"ListItem","position":2,"name":"Agences","item":"https://www.ab2pro.com/es/agences/"},{"@type":"ListItem","position":3,"name":"Agencia AB2PRO Paris"}]},{"@type":"WebSite","@id":"https://www.ab2pro.com/es/#website","url":"https://www.ab2pro.com/es/","name":"AB2PRO","description":"Agence d&#039;emploi spécialisée dans le recrutement de travailleurs européens","publisher":{"@id":"https://www.ab2pro.com/es/#organization"},"potentialAction":[{"@type":"SearchAction","target":{"@type":"EntryPoint","urlTemplate":"https://www.ab2pro.com/es/?s={search_term_string}"},"query-input":{"@type":"PropertyValueSpecification","valueRequired":true,"valueName":"search_term_string"}}],"inLanguage":"es"},{"@type":"Organization","@id":"https://www.ab2pro.com/es/#organization","name":"AB2PRO","url":"https://www.ab2pro.com/es/","logo":{"@type":"ImageObject","inLanguage":"es","@id":"https://www.ab2pro.com/es/#/schema/logo/image/","url":"https://www.ab2pro.com/wp-content/uploads/2020/11/logo-profil.png","contentUrl":"https://www.ab2pro.com/wp-content/uploads/2020/11/logo-profil.png","width":230,"height":47,"caption":"AB2PRO"},"image":{"@id":"https://www.ab2pro.com/es/#/schema/logo/image/"}}]}</script>
<!-- / Yoast SEO plugin. -->

AB2PRO continuó su crecimiento y su desarrollo abriendo una agencia en región parisina, en Clamart en 2006. En AB2PRO Paris [&hellip;]

Agence d&#039;emploi spécialisée dans le recrutement de travailleurs européens
