
{"id":48723,"date":"2023-11-07T12:26:44","date_gmt":"2023-11-07T11:26:44","guid":{"rendered":"https:\/\/www.ab2pro.com\/?post_type=agence&#038;p=48723"},"modified":"2023-11-07T14:29:13","modified_gmt":"2023-11-07T13:29:13","slug":"agencia-ab2pro-lyon","status":"publish","type":"agence","link":"https:\/\/www.ab2pro.com\/es\/agences\/agencia-ab2pro-lyon\/","title":{"rendered":"Agencia AB2PRO Lyon"},"content":{"rendered":"<p>La agencia AB2PRO Suroeste abri\u00f3 en 2013 en el norte de Lyon. Despu\u00e9s de haber sido alojada por nuestro cliente Chosset &amp; Luchessa en Rillieux-la-Pape, tiene ahora sus propios locales en Cailloux-sur-Fontaines. Estamos cerca del Macizo Central al Oeste y del Jura y de los Alpes al Este\u2026 \u00a1y de sus quesos por supuesto! De Borgo\u00f1a al Norte y de la Valla del R\u00f3dano al Sur\u2026 \u00a1y de sus vinos por supuesto! En esta regi\u00f3n, todo contribuye para una vida agradable : la caminata, el esqu\u00ed, la pesca (muchos lagos y r\u00edos), los ba\u00f1os, los viajes (aeropuerto internacional, autopista, TGV), las visitas culturales, el futbol con el equipo de l\u2019Olympique Lyonnais, el mar mediterr\u00e1neo y la costa Azul y tambi\u00e9n Suiza y Italia que quedan a 2h30 de coche,\u2026Lyon les llamamos capital de la seda, la ciudad de teatro de Guignol , una ciudad donde pasa el R\u00f3dano, la Sa\u00f4ne y el Beaujolais. Los lioneses se llaman los \u201cgones\u201d y las lionesas las \u201cfenottes\u201d. Somos reconocido para nuestra Gastronom\u00eda con nuestros restaurantes \u201cles bouchons\u201d quien cocinan platos t\u00edpicos de la regi\u00f3n : gratons, quenelles, cerebro, torta de pralin\u00e9, ensalada lionesa, gnafron\u2026 y mucho m\u00e1s ? La dream team de la agencia se compone del \u201cgone\u201d alegre Dominique encargado de la agencia, la brillante bucarestina Elena asesora de negocios, la inteligente hija de las orillas del rio Danubio Judit reclutadora del personal desde 2016, y el guapo Laurentiu (ex miembro del grupo O-Zone) quien recluta del mar Negro hasta el Conde de Dr\u00e1cula. Sin embargo, para jugar al tarot (un juego de cartas que viene de nuestra vecina Italia) \u00a1Tenemos que ser 5! Entonces, estamos buscando nuestro futuro(a) compa\u00f1ero(a) Reclutador(a) de personal hablando rumano o polaco. Previlejemos sus Softskills que nos dar\u00e1 la gana de ofrecerle la oportunidad de su vida: \u00a1unirse con nosotros! ?<\/p>\n","protected":false},"excerpt":{"rendered":"<p>La agencia AB2PRO Suroeste abri\u00f3 en 2013 en el norte de Lyon. Despu\u00e9s de haber sido alojada por nuestro cliente [&hellip;]<\/p>\n","protected":false},"author":1,"featured_media":0,"template":"","meta":{"_acf_changed":false,"footnotes":""},"class_list":["post-48723","agence","type-agence","status-publish","hentry"],"acf":[],"yoast_head":"<!-- This site is optimized with the Yoast SEO plugin v26.8 - https:\/\/yoast.com\/product\/yoast-seo-wordpress\/ -->\n<title>Agencia AB2PRO Lyon - AB2PRO<\/title>\n<meta name=\"robots\" content=\"index, follow, max-snippet:-1, max-image-preview:large, max-video-preview:-1\" \/>\n<link rel=\"canonical\" href=\"https:\/\/www.ab2pro.com\/es\/agences\/agencia-ab2pro-lyon\/\" \/>\n<meta property=\"og:locale\" content=\"es_ES\" \/>\n<meta property=\"og:type\" content=\"article\" \/>\n<meta property=\"og:title\" content=\"Agencia AB2PRO Lyon - AB2PRO\" \/>\n<meta property=\"og:description\" content=\"La agencia AB2PRO Suroeste abri\u00f3 en 2013 en el norte de Lyon. Despu\u00e9s de haber sido alojada por nuestro cliente [&hellip;]\" \/>\n<meta property=\"og:url\" content=\"https:\/\/www.ab2pro.com\/es\/agences\/agencia-ab2pro-lyon\/\" \/>\n<meta property=\"og:site_name\" content=\"AB2PRO\" \/>\n<meta property=\"article:modified_time\" content=\"2023-11-07T13:29:13+00:00\" \/>\n<meta property=\"og:image\" content=\"https:\/\/www.ab2pro.com\/wp-content\/uploads\/2020\/11\/fond-home.jpg\" \/>\n\t<meta property=\"og:image:width\" content=\"1920\" \/>\n\t<meta property=\"og:image:height\" content=\"600\" \/>\n\t<meta property=\"og:image:type\" content=\"image\/jpeg\" \/>\n<meta name=\"twitter:card\" content=\"summary_large_image\" \/>\n<meta name=\"twitter:label1\" content=\"Tiempo de lectura\" \/>\n\t<meta name=\"twitter:data1\" content=\"2 minutos\" \/>\n<script type=\"application\/ld+json\" class=\"yoast-schema-graph\">{\"@context\":\"https:\/\/schema.org\",\"@graph\":[{\"@type\":\"WebPage\",\"@id\":\"https:\/\/www.ab2pro.com\/es\/agences\/agencia-ab2pro-lyon\/\",\"url\":\"https:\/\/www.ab2pro.com\/es\/agences\/agencia-ab2pro-lyon\/\",\"name\":\"Agencia AB2PRO Lyon - AB2PRO\",\"isPartOf\":{\"@id\":\"https:\/\/www.ab2pro.com\/es\/#website\"},\"datePublished\":\"2023-11-07T11:26:44+00:00\",\"dateModified\":\"2023-11-07T13:29:13+00:00\",\"breadcrumb\":{\"@id\":\"https:\/\/www.ab2pro.com\/es\/agences\/agencia-ab2pro-lyon\/#breadcrumb\"},\"inLanguage\":\"es\",\"potentialAction\":[{\"@type\":\"ReadAction\",\"target\":[\"https:\/\/www.ab2pro.com\/es\/agences\/agencia-ab2pro-lyon\/\"]}]},{\"@type\":\"BreadcrumbList\",\"@id\":\"https:\/\/www.ab2pro.com\/es\/agences\/agencia-ab2pro-lyon\/#breadcrumb\",\"itemListElement\":[{\"@type\":\"ListItem\",\"position\":1,\"name\":\"Accueil\",\"item\":\"https:\/\/www.ab2pro.com\/es\/\"},{\"@type\":\"ListItem\",\"position\":2,\"name\":\"Agences\",\"item\":\"https:\/\/www.ab2pro.com\/es\/agences\/\"},{\"@type\":\"ListItem\",\"position\":3,\"name\":\"Agencia AB2PRO Lyon\"}]},{\"@type\":\"WebSite\",\"@id\":\"https:\/\/www.ab2pro.com\/es\/#website\",\"url\":\"https:\/\/www.ab2pro.com\/es\/\",\"name\":\"AB2PRO\",\"description\":\"Agence d&#039;emploi sp\u00e9cialis\u00e9e dans le recrutement de travailleurs europ\u00e9ens\",\"publisher\":{\"@id\":\"https:\/\/www.ab2pro.com\/es\/#organization\"},\"potentialAction\":[{\"@type\":\"SearchAction\",\"target\":{\"@type\":\"EntryPoint\",\"urlTemplate\":\"https:\/\/www.ab2pro.com\/es\/?s={search_term_string}\"},\"query-input\":{\"@type\":\"PropertyValueSpecification\",\"valueRequired\":true,\"valueName\":\"search_term_string\"}}],\"inLanguage\":\"es\"},{\"@type\":\"Organization\",\"@id\":\"https:\/\/www.ab2pro.com\/es\/#organization\",\"name\":\"AB2PRO\",\"url\":\"https:\/\/www.ab2pro.com\/es\/\",\"logo\":{\"@type\":\"ImageObject\",\"inLanguage\":\"es\",\"@id\":\"https:\/\/www.ab2pro.com\/es\/#\/schema\/logo\/image\/\",\"url\":\"https:\/\/www.ab2pro.com\/wp-content\/uploads\/2020\/11\/logo-profil.png\",\"contentUrl\":\"https:\/\/www.ab2pro.com\/wp-content\/uploads\/2020\/11\/logo-profil.png\",\"width\":230,\"height\":47,\"caption\":\"AB2PRO\"},\"image\":{\"@id\":\"https:\/\/www.ab2pro.com\/es\/#\/schema\/logo\/image\/\"}}]}<\/script>\n<!-- \/ Yoast SEO plugin. -->","yoast_head_json":{"title":"Agencia AB2PRO Lyon - AB2PRO","robots":{"index":"index","follow":"follow","max-snippet":"max-snippet:-1","max-image-preview":"max-image-preview:large","max-video-preview":"max-video-preview:-1"},"canonical":"https:\/\/www.ab2pro.com\/es\/agences\/agencia-ab2pro-lyon\/","og_locale":"es_ES","og_type":"article","og_title":"Agencia AB2PRO Lyon - AB2PRO","og_description":"La agencia AB2PRO Suroeste abri\u00f3 en 2013 en el norte de Lyon. Despu\u00e9s de haber sido alojada por nuestro cliente [&hellip;]","og_url":"https:\/\/www.ab2pro.com\/es\/agences\/agencia-ab2pro-lyon\/","og_site_name":"AB2PRO","article_modified_time":"2023-11-07T13:29:13+00:00","og_image":[{"width":1920,"height":600,"url":"https:\/\/www.ab2pro.com\/wp-content\/uploads\/2020\/11\/fond-home.jpg","type":"image\/jpeg"}],"twitter_card":"summary_large_image","twitter_misc":{"Tiempo de lectura":"2 minutos"},"schema":{"@context":"https:\/\/schema.org","@graph":[{"@type":"WebPage","@id":"https:\/\/www.ab2pro.com\/es\/agences\/agencia-ab2pro-lyon\/","url":"https:\/\/www.ab2pro.com\/es\/agences\/agencia-ab2pro-lyon\/","name":"Agencia AB2PRO Lyon - AB2PRO","isPartOf":{"@id":"https:\/\/www.ab2pro.com\/es\/#website"},"datePublished":"2023-11-07T11:26:44+00:00","dateModified":"2023-11-07T13:29:13+00:00","breadcrumb":{"@id":"https:\/\/www.ab2pro.com\/es\/agences\/agencia-ab2pro-lyon\/#breadcrumb"},"inLanguage":"es","potentialAction":[{"@type":"ReadAction","target":["https:\/\/www.ab2pro.com\/es\/agences\/agencia-ab2pro-lyon\/"]}]},{"@type":"BreadcrumbList","@id":"https:\/\/www.ab2pro.com\/es\/agences\/agencia-ab2pro-lyon\/#breadcrumb","itemListElement":[{"@type":"ListItem","position":1,"name":"Accueil","item":"https:\/\/www.ab2pro.com\/es\/"},{"@type":"ListItem","position":2,"name":"Agences","item":"https:\/\/www.ab2pro.com\/es\/agences\/"},{"@type":"ListItem","position":3,"name":"Agencia AB2PRO Lyon"}]},{"@type":"WebSite","@id":"https:\/\/www.ab2pro.com\/es\/#website","url":"https:\/\/www.ab2pro.com\/es\/","name":"AB2PRO","description":"Agence d&#039;emploi sp\u00e9cialis\u00e9e dans le recrutement de travailleurs europ\u00e9ens","publisher":{"@id":"https:\/\/www.ab2pro.com\/es\/#organization"},"potentialAction":[{"@type":"SearchAction","target":{"@type":"EntryPoint","urlTemplate":"https:\/\/www.ab2pro.com\/es\/?s={search_term_string}"},"query-input":{"@type":"PropertyValueSpecification","valueRequired":true,"valueName":"search_term_string"}}],"inLanguage":"es"},{"@type":"Organization","@id":"https:\/\/www.ab2pro.com\/es\/#organization","name":"AB2PRO","url":"https:\/\/www.ab2pro.com\/es\/","logo":{"@type":"ImageObject","inLanguage":"es","@id":"https:\/\/www.ab2pro.com\/es\/#\/schema\/logo\/image\/","url":"https:\/\/www.ab2pro.com\/wp-content\/uploads\/2020\/11\/logo-profil.png","contentUrl":"https:\/\/www.ab2pro.com\/wp-content\/uploads\/2020\/11\/logo-profil.png","width":230,"height":47,"caption":"AB2PRO"},"image":{"@id":"https:\/\/www.ab2pro.com\/es\/#\/schema\/logo\/image\/"}}]}},"_links":{"self":[{"href":"https:\/\/www.ab2pro.com\/es\/wp-json\/wp\/v2\/agence\/48723","targetHints":{"allow":["GET"]}}],"collection":[{"href":"https:\/\/www.ab2pro.com\/es\/wp-json\/wp\/v2\/agence"}],"about":[{"href":"https:\/\/www.ab2pro.com\/es\/wp-json\/wp\/v2\/types\/agence"}],"author":[{"embeddable":true,"href":"https:\/\/www.ab2pro.com\/es\/wp-json\/wp\/v2\/users\/1"}],"version-history":[{"count":0,"href":"https:\/\/www.ab2pro.com\/es\/wp-json\/wp\/v2\/agence\/48723\/revisions"}],"wp:attachment":[{"href":"https:\/\/www.ab2pro.com\/es\/wp-json\/wp\/v2\/media?parent=48723"}],"curies":[{"name":"wp","href":"https:\/\/api.w.org\/{rel}","templated":true}]}}

<p>La agencia AB2PRO Suroeste abrió en 2013 en el norte de Lyon. Después de haber sido alojada por nuestro cliente Chosset &amp; Luchessa en Rillieux-la-Pape, tiene ahora sus propios locales en Cailloux-sur-Fontaines. Estamos cerca del Macizo Central al Oeste y del Jura y de los Alpes al Este… ¡y de sus quesos por supuesto! De Borgoña al Norte y de la Valla del Ródano al Sur… ¡y de sus vinos por supuesto! En esta región, todo contribuye para una vida agradable : la caminata, el esquí, la pesca (muchos lagos y ríos), los baños, los viajes (aeropuerto internacional, autopista, TGV), las visitas culturales, el futbol con el equipo de l’Olympique Lyonnais, el mar mediterráneo y la costa Azul y también Suiza y Italia que quedan a 2h30 de coche,…Lyon les llamamos capital de la seda, la ciudad de teatro de Guignol , una ciudad donde pasa el Ródano, la Saône y el Beaujolais. Los lioneses se llaman los “gones” y las lionesas las “fenottes”. Somos reconocido para nuestra Gastronomía con nuestros restaurantes “les bouchons” quien cocinan platos típicos de la región : gratons, quenelles, cerebro, torta de praliné, ensalada lionesa, gnafron… y mucho más ? La dream team de la agencia se compone del “gone” alegre Dominique encargado de la agencia, la brillante bucarestina Elena asesora de negocios, la inteligente hija de las orillas del rio Danubio Judit reclutadora del personal desde 2016, y el guapo Laurentiu (ex miembro del grupo O-Zone) quien recluta del mar Negro hasta el Conde de Drácula. Sin embargo, para jugar al tarot (un juego de cartas que viene de nuestra vecina Italia) ¡Tenemos que ser 5! Entonces, estamos buscando nuestro futuro(a) compañero(a) Reclutador(a) de personal hablando rumano o polaco. Previlejemos sus Softskills que nos dará la gana de ofrecerle la oportunidad de su vida: ¡unirse con nosotros! ?</p>

<p>La agencia AB2PRO Suroeste abrió en 2013 en el norte de Lyon. Después de haber sido alojada por nuestro cliente [&hellip;]</p>

<!-- This site is optimized with the Yoast SEO plugin v26.8 - https://yoast.com/product/yoast-seo-wordpress/ -->
<title>Agencia AB2PRO Lyon - AB2PRO</title>
<meta name="robots" content="index, follow, max-snippet:-1, max-image-preview:large, max-video-preview:-1" />
<link rel="canonical" href="https://www.ab2pro.com/es/agences/agencia-ab2pro-lyon/" />
<meta property="og:locale" content="es_ES" />
<meta property="og:type" content="article" />
<meta property="og:title" content="Agencia AB2PRO Lyon - AB2PRO" />
<meta property="og:description" content="La agencia AB2PRO Suroeste abrió en 2013 en el norte de Lyon. Después de haber sido alojada por nuestro cliente [&hellip;]" />
<meta property="og:url" content="https://www.ab2pro.com/es/agences/agencia-ab2pro-lyon/" />
<meta property="og:site_name" content="AB2PRO" />
<meta property="article:modified_time" content="2023-11-07T13:29:13+00:00" />
<meta property="og:image" content="https://www.ab2pro.com/wp-content/uploads/2020/11/fond-home.jpg" />
	<meta property="og:image:width" content="1920" />
	<meta property="og:image:height" content="600" />
	<meta property="og:image:type" content="image/jpeg" />
<meta name="twitter:card" content="summary_large_image" />
<meta name="twitter:label1" content="Tiempo de lectura" />
	<meta name="twitter:data1" content="2 minutos" />
<script type="application/ld+json" class="yoast-schema-graph">{"@context":"https://schema.org","@graph":[{"@type":"WebPage","@id":"https://www.ab2pro.com/es/agences/agencia-ab2pro-lyon/","url":"https://www.ab2pro.com/es/agences/agencia-ab2pro-lyon/","name":"Agencia AB2PRO Lyon - AB2PRO","isPartOf":{"@id":"https://www.ab2pro.com/es/#website"},"datePublished":"2023-11-07T11:26:44+00:00","dateModified":"2023-11-07T13:29:13+00:00","breadcrumb":{"@id":"https://www.ab2pro.com/es/agences/agencia-ab2pro-lyon/#breadcrumb"},"inLanguage":"es","potentialAction":[{"@type":"ReadAction","target":["https://www.ab2pro.com/es/agences/agencia-ab2pro-lyon/"]}]},{"@type":"BreadcrumbList","@id":"https://www.ab2pro.com/es/agences/agencia-ab2pro-lyon/#breadcrumb","itemListElement":[{"@type":"ListItem","position":1,"name":"Accueil","item":"https://www.ab2pro.com/es/"},{"@type":"ListItem","position":2,"name":"Agences","item":"https://www.ab2pro.com/es/agences/"},{"@type":"ListItem","position":3,"name":"Agencia AB2PRO Lyon"}]},{"@type":"WebSite","@id":"https://www.ab2pro.com/es/#website","url":"https://www.ab2pro.com/es/","name":"AB2PRO","description":"Agence d&#039;emploi spécialisée dans le recrutement de travailleurs européens","publisher":{"@id":"https://www.ab2pro.com/es/#organization"},"potentialAction":[{"@type":"SearchAction","target":{"@type":"EntryPoint","urlTemplate":"https://www.ab2pro.com/es/?s={search_term_string}"},"query-input":{"@type":"PropertyValueSpecification","valueRequired":true,"valueName":"search_term_string"}}],"inLanguage":"es"},{"@type":"Organization","@id":"https://www.ab2pro.com/es/#organization","name":"AB2PRO","url":"https://www.ab2pro.com/es/","logo":{"@type":"ImageObject","inLanguage":"es","@id":"https://www.ab2pro.com/es/#/schema/logo/image/","url":"https://www.ab2pro.com/wp-content/uploads/2020/11/logo-profil.png","contentUrl":"https://www.ab2pro.com/wp-content/uploads/2020/11/logo-profil.png","width":230,"height":47,"caption":"AB2PRO"},"image":{"@id":"https://www.ab2pro.com/es/#/schema/logo/image/"}}]}</script>
<!-- / Yoast SEO plugin. -->

La agencia AB2PRO Suroeste abrió en 2013 en el norte de Lyon. Después de haber sido alojada por nuestro cliente [&hellip;]

Agence d&#039;emploi spécialisée dans le recrutement de travailleurs européens
