
{"id":48892,"date":"2023-11-07T15:12:43","date_gmt":"2023-11-07T14:12:43","guid":{"rendered":"https:\/\/www.ab2pro.com\/?post_type=agence&#038;p=48892"},"modified":"2023-11-07T15:12:43","modified_gmt":"2023-11-07T14:12:43","slug":"agencia-ab2pro-burdeos","status":"publish","type":"agence","link":"https:\/\/www.ab2pro.com\/es\/agences\/agencia-ab2pro-burdeos\/","title":{"rendered":"Agencia AB2PRO Burdeos"},"content":{"rendered":"<p>La agencia AB2PRO Burdeos os espera en Villenave d\u2019Ornon, localizada en el Sur Oeste de la ciudad de Burdeos con buen acceso. Esta agencia est\u00e1 abierta desde marzo 2020, la agencia ha conseguido desarrollarse a pesar de la apertura en plena pandemia de la Covid-19. Le ofrecemos una gran variedad de perfiles. Actualmente si eres: Alba\u00f1il, Montador de pladur, Solador, Montador de revestimientos met\u00e1licos, Instalador SATE, ser\u00e1 un placer para nosotros contar contigo en nuestro equipo. Tenemos vacantes en todo el Sur Oeste, Burdeos, La Rochelle y Bayona. Localizado en Francia, a 45 minutos de las playas del Oc\u00e9ano Atl\u00e1ntico y a 1h30 de la cadena monta\u00f1osa de los Pirineos. La gastronom\u00eda junto con el vi\u00f1edo son emblem\u00e1ticos en nuestra regi\u00f3n. Burdeos es una ciudad muy f\u00e1cil de acceso con los ejes viales, ferroviarios y a\u00e9reos. Durante su estancia en el centro de la ciudad, coraz\u00f3n hist\u00f3rico, encontrara el puente de piedra que atraviesa el rio Garona a su paso por Burdeos, conectando las dos orillas. En el barrio St. Michel y el de Salini\u00e8res con la Bastide, representado por su famoso le\u00f3n azul. Fue el primer puente construido sobre el Garona por orden de Napole\u00f3n I entre 1810 y 1822, est\u00e1 decorado con 17 arcos de media luna correspondientes al n\u00famero exacto de letras que contiene el nombre de Napole\u00f3n Bonaparte. En nuestra oficina, el se\u00f1or Patrice LEFRERE, responsable de agencia, estar\u00e1 encantado de conocerle y presentarle nuestro equipo y asegurar su buena incorporaci\u00f3n en el equipo AB2. Mircea Muntean, es un joven de nacionalidad rumana y din\u00e1mico, ocupa el puesto de reclutador de personal. Le acompa\u00f1ara en su llegada a Francia (entrada en el alojamiento), as\u00ed como en su incorporaci\u00f3n al equipo durante el primer d\u00eda. Noemie Barta,de nacionalidad rumana ocupa tambi\u00e9n el puesto de reclutadora de personal, estar\u00e1 encantada de acoger nuevos trabajadores rumanos o h\u00fangaros. Nuestro compromiso: garantizar un buen ambiente, cordialidad y cercan\u00eda en nuestra oficina. \u00a1No dude en contactarnos!<\/p>\n","protected":false},"excerpt":{"rendered":"<p>La agencia AB2PRO Burdeos os espera en Villenave d\u2019Ornon, localizada en el Sur Oeste de la ciudad de Burdeos con [&hellip;]<\/p>\n","protected":false},"author":1,"featured_media":72066,"template":"","meta":{"_acf_changed":false,"footnotes":""},"class_list":["post-48892","agence","type-agence","status-publish","has-post-thumbnail","hentry"],"acf":[],"yoast_head":"<!-- This site is optimized with the Yoast SEO plugin v26.8 - https:\/\/yoast.com\/product\/yoast-seo-wordpress\/ -->\n<title>Agencia AB2PRO Burdeos - AB2PRO<\/title>\n<meta name=\"robots\" content=\"index, follow, max-snippet:-1, max-image-preview:large, max-video-preview:-1\" \/>\n<link rel=\"canonical\" href=\"https:\/\/www.ab2pro.com\/es\/agences\/agencia-ab2pro-burdeos\/\" \/>\n<meta property=\"og:locale\" content=\"es_ES\" \/>\n<meta property=\"og:type\" content=\"article\" \/>\n<meta property=\"og:title\" content=\"Agencia AB2PRO Burdeos - AB2PRO\" \/>\n<meta property=\"og:description\" content=\"La agencia AB2PRO Burdeos os espera en Villenave d\u2019Ornon, localizada en el Sur Oeste de la ciudad de Burdeos con [&hellip;]\" \/>\n<meta property=\"og:url\" content=\"https:\/\/www.ab2pro.com\/es\/agences\/agencia-ab2pro-burdeos\/\" \/>\n<meta property=\"og:site_name\" content=\"AB2PRO\" \/>\n<meta property=\"og:image\" content=\"https:\/\/www.ab2pro.com\/wp-content\/uploads\/2020\/11\/bordeaux-1024x681.png\" \/>\n\t<meta property=\"og:image:width\" content=\"1024\" \/>\n\t<meta property=\"og:image:height\" content=\"681\" \/>\n\t<meta property=\"og:image:type\" content=\"image\/png\" \/>\n<meta name=\"twitter:card\" content=\"summary_large_image\" \/>\n<meta name=\"twitter:label1\" content=\"Tiempo de lectura\" \/>\n\t<meta name=\"twitter:data1\" content=\"2 minutos\" \/>\n<script type=\"application\/ld+json\" class=\"yoast-schema-graph\">{\"@context\":\"https:\/\/schema.org\",\"@graph\":[{\"@type\":\"WebPage\",\"@id\":\"https:\/\/www.ab2pro.com\/es\/agences\/agencia-ab2pro-burdeos\/\",\"url\":\"https:\/\/www.ab2pro.com\/es\/agences\/agencia-ab2pro-burdeos\/\",\"name\":\"Agencia AB2PRO Burdeos - AB2PRO\",\"isPartOf\":{\"@id\":\"https:\/\/www.ab2pro.com\/es\/#website\"},\"primaryImageOfPage\":{\"@id\":\"https:\/\/www.ab2pro.com\/es\/agences\/agencia-ab2pro-burdeos\/#primaryimage\"},\"image\":{\"@id\":\"https:\/\/www.ab2pro.com\/es\/agences\/agencia-ab2pro-burdeos\/#primaryimage\"},\"thumbnailUrl\":\"https:\/\/www.ab2pro.com\/wp-content\/uploads\/2020\/11\/bordeaux.png\",\"datePublished\":\"2023-11-07T14:12:43+00:00\",\"breadcrumb\":{\"@id\":\"https:\/\/www.ab2pro.com\/es\/agences\/agencia-ab2pro-burdeos\/#breadcrumb\"},\"inLanguage\":\"es\",\"potentialAction\":[{\"@type\":\"ReadAction\",\"target\":[\"https:\/\/www.ab2pro.com\/es\/agences\/agencia-ab2pro-burdeos\/\"]}]},{\"@type\":\"ImageObject\",\"inLanguage\":\"es\",\"@id\":\"https:\/\/www.ab2pro.com\/es\/agences\/agencia-ab2pro-burdeos\/#primaryimage\",\"url\":\"https:\/\/www.ab2pro.com\/wp-content\/uploads\/2020\/11\/bordeaux.png\",\"contentUrl\":\"https:\/\/www.ab2pro.com\/wp-content\/uploads\/2020\/11\/bordeaux.png\",\"width\":1920,\"height\":1277},{\"@type\":\"BreadcrumbList\",\"@id\":\"https:\/\/www.ab2pro.com\/es\/agences\/agencia-ab2pro-burdeos\/#breadcrumb\",\"itemListElement\":[{\"@type\":\"ListItem\",\"position\":1,\"name\":\"Accueil\",\"item\":\"https:\/\/www.ab2pro.com\/es\/\"},{\"@type\":\"ListItem\",\"position\":2,\"name\":\"Agences\",\"item\":\"https:\/\/www.ab2pro.com\/es\/agences\/\"},{\"@type\":\"ListItem\",\"position\":3,\"name\":\"Agencia AB2PRO Burdeos\"}]},{\"@type\":\"WebSite\",\"@id\":\"https:\/\/www.ab2pro.com\/es\/#website\",\"url\":\"https:\/\/www.ab2pro.com\/es\/\",\"name\":\"AB2PRO\",\"description\":\"Agence d&#039;emploi sp\u00e9cialis\u00e9e dans le recrutement de travailleurs europ\u00e9ens\",\"publisher\":{\"@id\":\"https:\/\/www.ab2pro.com\/es\/#organization\"},\"potentialAction\":[{\"@type\":\"SearchAction\",\"target\":{\"@type\":\"EntryPoint\",\"urlTemplate\":\"https:\/\/www.ab2pro.com\/es\/?s={search_term_string}\"},\"query-input\":{\"@type\":\"PropertyValueSpecification\",\"valueRequired\":true,\"valueName\":\"search_term_string\"}}],\"inLanguage\":\"es\"},{\"@type\":\"Organization\",\"@id\":\"https:\/\/www.ab2pro.com\/es\/#organization\",\"name\":\"AB2PRO\",\"url\":\"https:\/\/www.ab2pro.com\/es\/\",\"logo\":{\"@type\":\"ImageObject\",\"inLanguage\":\"es\",\"@id\":\"https:\/\/www.ab2pro.com\/es\/#\/schema\/logo\/image\/\",\"url\":\"https:\/\/www.ab2pro.com\/wp-content\/uploads\/2020\/11\/logo-profil.png\",\"contentUrl\":\"https:\/\/www.ab2pro.com\/wp-content\/uploads\/2020\/11\/logo-profil.png\",\"width\":230,\"height\":47,\"caption\":\"AB2PRO\"},\"image\":{\"@id\":\"https:\/\/www.ab2pro.com\/es\/#\/schema\/logo\/image\/\"}}]}<\/script>\n<!-- \/ Yoast SEO plugin. -->","yoast_head_json":{"title":"Agencia AB2PRO Burdeos - AB2PRO","robots":{"index":"index","follow":"follow","max-snippet":"max-snippet:-1","max-image-preview":"max-image-preview:large","max-video-preview":"max-video-preview:-1"},"canonical":"https:\/\/www.ab2pro.com\/es\/agences\/agencia-ab2pro-burdeos\/","og_locale":"es_ES","og_type":"article","og_title":"Agencia AB2PRO Burdeos - AB2PRO","og_description":"La agencia AB2PRO Burdeos os espera en Villenave d\u2019Ornon, localizada en el Sur Oeste de la ciudad de Burdeos con [&hellip;]","og_url":"https:\/\/www.ab2pro.com\/es\/agences\/agencia-ab2pro-burdeos\/","og_site_name":"AB2PRO","og_image":[{"width":1024,"height":681,"url":"https:\/\/www.ab2pro.com\/wp-content\/uploads\/2020\/11\/bordeaux-1024x681.png","type":"image\/png"}],"twitter_card":"summary_large_image","twitter_misc":{"Tiempo de lectura":"2 minutos"},"schema":{"@context":"https:\/\/schema.org","@graph":[{"@type":"WebPage","@id":"https:\/\/www.ab2pro.com\/es\/agences\/agencia-ab2pro-burdeos\/","url":"https:\/\/www.ab2pro.com\/es\/agences\/agencia-ab2pro-burdeos\/","name":"Agencia AB2PRO Burdeos - AB2PRO","isPartOf":{"@id":"https:\/\/www.ab2pro.com\/es\/#website"},"primaryImageOfPage":{"@id":"https:\/\/www.ab2pro.com\/es\/agences\/agencia-ab2pro-burdeos\/#primaryimage"},"image":{"@id":"https:\/\/www.ab2pro.com\/es\/agences\/agencia-ab2pro-burdeos\/#primaryimage"},"thumbnailUrl":"https:\/\/www.ab2pro.com\/wp-content\/uploads\/2020\/11\/bordeaux.png","datePublished":"2023-11-07T14:12:43+00:00","breadcrumb":{"@id":"https:\/\/www.ab2pro.com\/es\/agences\/agencia-ab2pro-burdeos\/#breadcrumb"},"inLanguage":"es","potentialAction":[{"@type":"ReadAction","target":["https:\/\/www.ab2pro.com\/es\/agences\/agencia-ab2pro-burdeos\/"]}]},{"@type":"ImageObject","inLanguage":"es","@id":"https:\/\/www.ab2pro.com\/es\/agences\/agencia-ab2pro-burdeos\/#primaryimage","url":"https:\/\/www.ab2pro.com\/wp-content\/uploads\/2020\/11\/bordeaux.png","contentUrl":"https:\/\/www.ab2pro.com\/wp-content\/uploads\/2020\/11\/bordeaux.png","width":1920,"height":1277},{"@type":"BreadcrumbList","@id":"https:\/\/www.ab2pro.com\/es\/agences\/agencia-ab2pro-burdeos\/#breadcrumb","itemListElement":[{"@type":"ListItem","position":1,"name":"Accueil","item":"https:\/\/www.ab2pro.com\/es\/"},{"@type":"ListItem","position":2,"name":"Agences","item":"https:\/\/www.ab2pro.com\/es\/agences\/"},{"@type":"ListItem","position":3,"name":"Agencia AB2PRO Burdeos"}]},{"@type":"WebSite","@id":"https:\/\/www.ab2pro.com\/es\/#website","url":"https:\/\/www.ab2pro.com\/es\/","name":"AB2PRO","description":"Agence d&#039;emploi sp\u00e9cialis\u00e9e dans le recrutement de travailleurs europ\u00e9ens","publisher":{"@id":"https:\/\/www.ab2pro.com\/es\/#organization"},"potentialAction":[{"@type":"SearchAction","target":{"@type":"EntryPoint","urlTemplate":"https:\/\/www.ab2pro.com\/es\/?s={search_term_string}"},"query-input":{"@type":"PropertyValueSpecification","valueRequired":true,"valueName":"search_term_string"}}],"inLanguage":"es"},{"@type":"Organization","@id":"https:\/\/www.ab2pro.com\/es\/#organization","name":"AB2PRO","url":"https:\/\/www.ab2pro.com\/es\/","logo":{"@type":"ImageObject","inLanguage":"es","@id":"https:\/\/www.ab2pro.com\/es\/#\/schema\/logo\/image\/","url":"https:\/\/www.ab2pro.com\/wp-content\/uploads\/2020\/11\/logo-profil.png","contentUrl":"https:\/\/www.ab2pro.com\/wp-content\/uploads\/2020\/11\/logo-profil.png","width":230,"height":47,"caption":"AB2PRO"},"image":{"@id":"https:\/\/www.ab2pro.com\/es\/#\/schema\/logo\/image\/"}}]}},"_links":{"self":[{"href":"https:\/\/www.ab2pro.com\/es\/wp-json\/wp\/v2\/agence\/48892","targetHints":{"allow":["GET"]}}],"collection":[{"href":"https:\/\/www.ab2pro.com\/es\/wp-json\/wp\/v2\/agence"}],"about":[{"href":"https:\/\/www.ab2pro.com\/es\/wp-json\/wp\/v2\/types\/agence"}],"author":[{"embeddable":true,"href":"https:\/\/www.ab2pro.com\/es\/wp-json\/wp\/v2\/users\/1"}],"version-history":[{"count":0,"href":"https:\/\/www.ab2pro.com\/es\/wp-json\/wp\/v2\/agence\/48892\/revisions"}],"wp:featuredmedia":[{"embeddable":true,"href":"https:\/\/www.ab2pro.com\/es\/wp-json\/wp\/v2\/media\/72066"}],"wp:attachment":[{"href":"https:\/\/www.ab2pro.com\/es\/wp-json\/wp\/v2\/media?parent=48892"}],"curies":[{"name":"wp","href":"https:\/\/api.w.org\/{rel}","templated":true}]}}

<p>La agencia AB2PRO Burdeos os espera en Villenave d’Ornon, localizada en el Sur Oeste de la ciudad de Burdeos con buen acceso. Esta agencia está abierta desde marzo 2020, la agencia ha conseguido desarrollarse a pesar de la apertura en plena pandemia de la Covid-19. Le ofrecemos una gran variedad de perfiles. Actualmente si eres: Albañil, Montador de pladur, Solador, Montador de revestimientos metálicos, Instalador SATE, será un placer para nosotros contar contigo en nuestro equipo. Tenemos vacantes en todo el Sur Oeste, Burdeos, La Rochelle y Bayona. Localizado en Francia, a 45 minutos de las playas del Océano Atlántico y a 1h30 de la cadena montañosa de los Pirineos. La gastronomía junto con el viñedo son emblemáticos en nuestra región. Burdeos es una ciudad muy fácil de acceso con los ejes viales, ferroviarios y aéreos. Durante su estancia en el centro de la ciudad, corazón histórico, encontrara el puente de piedra que atraviesa el rio Garona a su paso por Burdeos, conectando las dos orillas. En el barrio St. Michel y el de Salinières con la Bastide, representado por su famoso león azul. Fue el primer puente construido sobre el Garona por orden de Napoleón I entre 1810 y 1822, está decorado con 17 arcos de media luna correspondientes al número exacto de letras que contiene el nombre de Napoleón Bonaparte. En nuestra oficina, el señor Patrice LEFRERE, responsable de agencia, estará encantado de conocerle y presentarle nuestro equipo y asegurar su buena incorporación en el equipo AB2. Mircea Muntean, es un joven de nacionalidad rumana y dinámico, ocupa el puesto de reclutador de personal. Le acompañara en su llegada a Francia (entrada en el alojamiento), así como en su incorporación al equipo durante el primer día. Noemie Barta,de nacionalidad rumana ocupa también el puesto de reclutadora de personal, estará encantada de acoger nuevos trabajadores rumanos o húngaros. Nuestro compromiso: garantizar un buen ambiente, cordialidad y cercanía en nuestra oficina. ¡No dude en contactarnos!</p>

<!-- This site is optimized with the Yoast SEO plugin v26.8 - https://yoast.com/product/yoast-seo-wordpress/ -->
<title>Agencia AB2PRO Burdeos - AB2PRO</title>
<meta name="robots" content="index, follow, max-snippet:-1, max-image-preview:large, max-video-preview:-1" />
<link rel="canonical" href="https://www.ab2pro.com/es/agences/agencia-ab2pro-burdeos/" />
<meta property="og:locale" content="es_ES" />
<meta property="og:type" content="article" />
<meta property="og:title" content="Agencia AB2PRO Burdeos - AB2PRO" />
<meta property="og:description" content="La agencia AB2PRO Burdeos os espera en Villenave d’Ornon, localizada en el Sur Oeste de la ciudad de Burdeos con [&hellip;]" />
<meta property="og:url" content="https://www.ab2pro.com/es/agences/agencia-ab2pro-burdeos/" />
<meta property="og:site_name" content="AB2PRO" />
<meta property="og:image" content="https://www.ab2pro.com/wp-content/uploads/2020/11/bordeaux-1024x681.png" />
	<meta property="og:image:width" content="1024" />
	<meta property="og:image:height" content="681" />
	<meta property="og:image:type" content="image/png" />
<meta name="twitter:card" content="summary_large_image" />
<meta name="twitter:label1" content="Tiempo de lectura" />
	<meta name="twitter:data1" content="2 minutos" />
<script type="application/ld+json" class="yoast-schema-graph">{"@context":"https://schema.org","@graph":[{"@type":"WebPage","@id":"https://www.ab2pro.com/es/agences/agencia-ab2pro-burdeos/","url":"https://www.ab2pro.com/es/agences/agencia-ab2pro-burdeos/","name":"Agencia AB2PRO Burdeos - AB2PRO","isPartOf":{"@id":"https://www.ab2pro.com/es/#website"},"primaryImageOfPage":{"@id":"https://www.ab2pro.com/es/agences/agencia-ab2pro-burdeos/#primaryimage"},"image":{"@id":"https://www.ab2pro.com/es/agences/agencia-ab2pro-burdeos/#primaryimage"},"thumbnailUrl":"https://www.ab2pro.com/wp-content/uploads/2020/11/bordeaux.png","datePublished":"2023-11-07T14:12:43+00:00","breadcrumb":{"@id":"https://www.ab2pro.com/es/agences/agencia-ab2pro-burdeos/#breadcrumb"},"inLanguage":"es","potentialAction":[{"@type":"ReadAction","target":["https://www.ab2pro.com/es/agences/agencia-ab2pro-burdeos/"]}]},{"@type":"ImageObject","inLanguage":"es","@id":"https://www.ab2pro.com/es/agences/agencia-ab2pro-burdeos/#primaryimage","url":"https://www.ab2pro.com/wp-content/uploads/2020/11/bordeaux.png","contentUrl":"https://www.ab2pro.com/wp-content/uploads/2020/11/bordeaux.png","width":1920,"height":1277},{"@type":"BreadcrumbList","@id":"https://www.ab2pro.com/es/agences/agencia-ab2pro-burdeos/#breadcrumb","itemListElement":[{"@type":"ListItem","position":1,"name":"Accueil","item":"https://www.ab2pro.com/es/"},{"@type":"ListItem","position":2,"name":"Agences","item":"https://www.ab2pro.com/es/agences/"},{"@type":"ListItem","position":3,"name":"Agencia AB2PRO Burdeos"}]},{"@type":"WebSite","@id":"https://www.ab2pro.com/es/#website","url":"https://www.ab2pro.com/es/","name":"AB2PRO","description":"Agence d&#039;emploi spécialisée dans le recrutement de travailleurs européens","publisher":{"@id":"https://www.ab2pro.com/es/#organization"},"potentialAction":[{"@type":"SearchAction","target":{"@type":"EntryPoint","urlTemplate":"https://www.ab2pro.com/es/?s={search_term_string}"},"query-input":{"@type":"PropertyValueSpecification","valueRequired":true,"valueName":"search_term_string"}}],"inLanguage":"es"},{"@type":"Organization","@id":"https://www.ab2pro.com/es/#organization","name":"AB2PRO","url":"https://www.ab2pro.com/es/","logo":{"@type":"ImageObject","inLanguage":"es","@id":"https://www.ab2pro.com/es/#/schema/logo/image/","url":"https://www.ab2pro.com/wp-content/uploads/2020/11/logo-profil.png","contentUrl":"https://www.ab2pro.com/wp-content/uploads/2020/11/logo-profil.png","width":230,"height":47,"caption":"AB2PRO"},"image":{"@id":"https://www.ab2pro.com/es/#/schema/logo/image/"}}]}</script>
<!-- / Yoast SEO plugin. -->

Agence d&#039;emploi spécialisée dans le recrutement de travailleurs européens
