
{"id":48646,"date":"2023-11-07T11:48:11","date_gmt":"2023-11-07T10:48:11","guid":{"rendered":"https:\/\/www.ab2pro.com\/?post_type=agence&#038;p=48646"},"modified":"2025-06-25T13:19:07","modified_gmt":"2025-06-25T11:19:07","slug":"ab2pro-rouen-ugynokseg","status":"publish","type":"agence","link":"https:\/\/www.ab2pro.com\/hu\/agences\/ab2pro-rouen-ugynokseg\/","title":{"rendered":"AB2PRO Rouen"},"content":{"rendered":"<p data-pm-slice=\"0 0 []\"><strong>\u00dcdv\u00f6zl\u00fcnk rouen-i irod\u00e1nkban<\/strong>, ahol szak\u00e9rtelm\u00fcnket \u00e9s dinamizmusunkat klienseink \u00e9s munkav\u00e1llal\u00f3ink szolg\u00e1lat\u00e1ba \u00e1ll\u00edtjuk. Rouen egy olyan gazdas\u00e1gi csom\u00f3pont, ahol a hagyom\u00e1ny tal\u00e1lkozik az innov\u00e1ci\u00f3val \u00e9s rengeteg karrierlehet\u0151s\u00e9ggel v\u00e1r. <\/p>\n<p>Irod\u00e1nk \u00e9l\u00e9n <strong>Francois <\/strong>\u00e1ll, akinek vezet\u0151i \u00e9s strat\u00e9giai l\u00e1t\u00e1sm\u00f3dja lehet\u0151v\u00e9 teszi, hogy felkutassa a legjobb lehet\u0151s\u00e9geket \u00e9s szem\u00e9lyre szabott t\u00e1mogat\u00e1st ny\u00fajtson klienseink sz\u00e1m\u00e1ra. Elk\u00f6telezetts\u00e9g\u00e9nek \u00e9s a piac \u00e1tfog\u00f3 ismeret\u00e9nek k\u00f6sz\u00f6nhet\u0151en kulcsfontoss\u00e1g\u00fa szerepet j\u00e1tszik a szil\u00e1rd partneri kapcsolatok kialak\u00edt\u00e1s\u00e1ban.  <\/p>\n<p>Term\u00e9szetesen nem egyed\u00fcl dolgozik. <strong>Csapata <\/strong>biztos\u00edtja a kapcsolatot a jel\u00f6ltek \u00e9s a v\u00e1llalatok k\u00f6z\u00f6tt, \u00fcgyelve arra, hogy a piaci ig\u00e9nyeknek t\u00f6k\u00e9letesen megfelel\u0151 profilokat tal\u00e1ljanak. Szak\u00e9rtelm\u00fcket arra haszn\u00e1lj\u00e1k, hogy seg\u00edts\u00e9k munkav\u00e1llal\u00f3ink beilleszked\u00e9s\u00e9t \u00e9s v\u00e9gigk\u00eds\u00e9rj\u00e9k szakmai p\u00e1lyafut\u00e1sukat. <\/p>\n<p><strong>Csapatunk <\/strong>elk\u00f6telezett \u00e9s szigor\u00fa, de ugyanakkor fontosnak tartj\u00e1k az emberk\u00f6zpont\u00fa hozz\u00e1\u00e1ll\u00e1st. A munkaer\u0151piac ismerete \u00e9s a legjobb lehet\u0151s\u00e9gek felismer\u00e9s\u00e9nek k\u00e9pess\u00e9ge r\u00e9v\u00e9n csapatunk alapvet\u0151 szerepet j\u00e1tszik a megb\u00edz\u00e1sok z\u00f6kken\u0151mentes lebonyol\u00edt\u00e1s\u00e1ban \u00e9s a tehets\u00e9gek t\u00e1mogat\u00e1s\u00e1ban. <\/p>\n<p><strong>Rouen <\/strong>t\u00f6rt\u00e9nelmi \u00f6r\u00f6ks\u00e9g\u00e9vel \u00e9s gazdas\u00e1gi dinamizmus\u00e1val ide\u00e1lis v\u00e1ros a szakmai fejl\u0151d\u00e9shez. K\u00f6z\u00e9pkori sik\u00e1toraival, akt\u00edv kik\u00f6t\u0151j\u00e9vel \u00e9s gyorsan fejl\u0151d\u0151 gazdas\u00e1g\u00e1val inspir\u00e1l\u00f3 k\u00f6rnyezetet k\u00edn\u00e1l a v\u00e1llalkoz\u00e1soknak \u00e9s a munkav\u00e1llal\u00f3knak egyar\u00e1nt. <\/p>\n<p>Ak\u00e1r tehets\u00e9ges munkat\u00e1rsakat keres\u0151 v\u00e1llalat vagy, ak\u00e1r munk\u00e1t keres\u0151 jel\u00f6lt, <strong>Fran\u00e7ois \u00e9s csapata<\/strong> k\u00e9szen \u00e1ll arra, hogy seg\u00edtsen terveid sikerre vitel\u00e9ben.<\/p>\n","protected":false},"excerpt":{"rendered":"<p>\u00dcdv\u00f6zl\u00fcnk rouen-i irod\u00e1nkban, ahol szak\u00e9rtelm\u00fcnket \u00e9s dinamizmusunkat klienseink \u00e9s munkav\u00e1llal\u00f3ink szolg\u00e1lat\u00e1ba \u00e1ll\u00edtjuk. Rouen egy olyan gazdas\u00e1gi csom\u00f3pont, ahol a hagyom\u00e1ny [&hellip;]<\/p>\n","protected":false},"author":1,"featured_media":0,"template":"","meta":{"_acf_changed":false,"footnotes":""},"class_list":["post-48646","agence","type-agence","status-publish","hentry"],"acf":[],"yoast_head":"<!-- This site is optimized with the Yoast SEO plugin v26.8 - https:\/\/yoast.com\/product\/yoast-seo-wordpress\/ -->\n<title>AB2PRO Rouen - AB2PRO<\/title>\n<meta name=\"robots\" content=\"index, follow, max-snippet:-1, max-image-preview:large, max-video-preview:-1\" \/>\n<link rel=\"canonical\" href=\"https:\/\/www.ab2pro.com\/hu\/agences\/ab2pro-rouen-ugynokseg\/\" \/>\n<meta property=\"og:locale\" content=\"hu_HU\" \/>\n<meta property=\"og:type\" content=\"article\" \/>\n<meta property=\"og:title\" content=\"AB2PRO Rouen - AB2PRO\" \/>\n<meta property=\"og:description\" content=\"\u00dcdv\u00f6zl\u00fcnk rouen-i irod\u00e1nkban, ahol szak\u00e9rtelm\u00fcnket \u00e9s dinamizmusunkat klienseink \u00e9s munkav\u00e1llal\u00f3ink szolg\u00e1lat\u00e1ba \u00e1ll\u00edtjuk. Rouen egy olyan gazdas\u00e1gi csom\u00f3pont, ahol a hagyom\u00e1ny [&hellip;]\" \/>\n<meta property=\"og:url\" content=\"https:\/\/www.ab2pro.com\/hu\/agences\/ab2pro-rouen-ugynokseg\/\" \/>\n<meta property=\"og:site_name\" content=\"AB2PRO\" \/>\n<meta property=\"article:modified_time\" content=\"2025-06-25T11:19:07+00:00\" \/>\n<meta property=\"og:image\" content=\"https:\/\/www.ab2pro.com\/wp-content\/uploads\/2020\/11\/fond-home.jpg\" \/>\n\t<meta property=\"og:image:width\" content=\"1920\" \/>\n\t<meta property=\"og:image:height\" content=\"600\" \/>\n\t<meta property=\"og:image:type\" content=\"image\/jpeg\" \/>\n<meta name=\"twitter:card\" content=\"summary_large_image\" \/>\n<script type=\"application\/ld+json\" class=\"yoast-schema-graph\">{\"@context\":\"https:\/\/schema.org\",\"@graph\":[{\"@type\":\"WebPage\",\"@id\":\"https:\/\/www.ab2pro.com\/hu\/agences\/ab2pro-rouen-ugynokseg\/\",\"url\":\"https:\/\/www.ab2pro.com\/hu\/agences\/ab2pro-rouen-ugynokseg\/\",\"name\":\"AB2PRO Rouen - AB2PRO\",\"isPartOf\":{\"@id\":\"https:\/\/www.ab2pro.com\/hu\/#website\"},\"datePublished\":\"2023-11-07T10:48:11+00:00\",\"dateModified\":\"2025-06-25T11:19:07+00:00\",\"breadcrumb\":{\"@id\":\"https:\/\/www.ab2pro.com\/hu\/agences\/ab2pro-rouen-ugynokseg\/#breadcrumb\"},\"inLanguage\":\"hu\",\"potentialAction\":[{\"@type\":\"ReadAction\",\"target\":[\"https:\/\/www.ab2pro.com\/hu\/agences\/ab2pro-rouen-ugynokseg\/\"]}]},{\"@type\":\"BreadcrumbList\",\"@id\":\"https:\/\/www.ab2pro.com\/hu\/agences\/ab2pro-rouen-ugynokseg\/#breadcrumb\",\"itemListElement\":[{\"@type\":\"ListItem\",\"position\":1,\"name\":\"Accueil\",\"item\":\"https:\/\/www.ab2pro.com\/hu\/\"},{\"@type\":\"ListItem\",\"position\":2,\"name\":\"Agences\",\"item\":\"https:\/\/www.ab2pro.com\/hu\/agences\/\"},{\"@type\":\"ListItem\",\"position\":3,\"name\":\"AB2PRO Rouen\"}]},{\"@type\":\"WebSite\",\"@id\":\"https:\/\/www.ab2pro.com\/hu\/#website\",\"url\":\"https:\/\/www.ab2pro.com\/hu\/\",\"name\":\"AB2PRO\",\"description\":\"Agence d&#039;emploi sp\u00e9cialis\u00e9e dans le recrutement de travailleurs europ\u00e9ens\",\"publisher\":{\"@id\":\"https:\/\/www.ab2pro.com\/hu\/#organization\"},\"potentialAction\":[{\"@type\":\"SearchAction\",\"target\":{\"@type\":\"EntryPoint\",\"urlTemplate\":\"https:\/\/www.ab2pro.com\/hu\/?s={search_term_string}\"},\"query-input\":{\"@type\":\"PropertyValueSpecification\",\"valueRequired\":true,\"valueName\":\"search_term_string\"}}],\"inLanguage\":\"hu\"},{\"@type\":\"Organization\",\"@id\":\"https:\/\/www.ab2pro.com\/hu\/#organization\",\"name\":\"AB2PRO\",\"url\":\"https:\/\/www.ab2pro.com\/hu\/\",\"logo\":{\"@type\":\"ImageObject\",\"inLanguage\":\"hu\",\"@id\":\"https:\/\/www.ab2pro.com\/hu\/#\/schema\/logo\/image\/\",\"url\":\"https:\/\/www.ab2pro.com\/wp-content\/uploads\/2020\/11\/logo-profil.png\",\"contentUrl\":\"https:\/\/www.ab2pro.com\/wp-content\/uploads\/2020\/11\/logo-profil.png\",\"width\":230,\"height\":47,\"caption\":\"AB2PRO\"},\"image\":{\"@id\":\"https:\/\/www.ab2pro.com\/hu\/#\/schema\/logo\/image\/\"}}]}<\/script>\n<!-- \/ Yoast SEO plugin. -->","yoast_head_json":{"title":"AB2PRO Rouen - AB2PRO","robots":{"index":"index","follow":"follow","max-snippet":"max-snippet:-1","max-image-preview":"max-image-preview:large","max-video-preview":"max-video-preview:-1"},"canonical":"https:\/\/www.ab2pro.com\/hu\/agences\/ab2pro-rouen-ugynokseg\/","og_locale":"hu_HU","og_type":"article","og_title":"AB2PRO Rouen - AB2PRO","og_description":"\u00dcdv\u00f6zl\u00fcnk rouen-i irod\u00e1nkban, ahol szak\u00e9rtelm\u00fcnket \u00e9s dinamizmusunkat klienseink \u00e9s munkav\u00e1llal\u00f3ink szolg\u00e1lat\u00e1ba \u00e1ll\u00edtjuk. Rouen egy olyan gazdas\u00e1gi csom\u00f3pont, ahol a hagyom\u00e1ny [&hellip;]","og_url":"https:\/\/www.ab2pro.com\/hu\/agences\/ab2pro-rouen-ugynokseg\/","og_site_name":"AB2PRO","article_modified_time":"2025-06-25T11:19:07+00:00","og_image":[{"width":1920,"height":600,"url":"https:\/\/www.ab2pro.com\/wp-content\/uploads\/2020\/11\/fond-home.jpg","type":"image\/jpeg"}],"twitter_card":"summary_large_image","schema":{"@context":"https:\/\/schema.org","@graph":[{"@type":"WebPage","@id":"https:\/\/www.ab2pro.com\/hu\/agences\/ab2pro-rouen-ugynokseg\/","url":"https:\/\/www.ab2pro.com\/hu\/agences\/ab2pro-rouen-ugynokseg\/","name":"AB2PRO Rouen - AB2PRO","isPartOf":{"@id":"https:\/\/www.ab2pro.com\/hu\/#website"},"datePublished":"2023-11-07T10:48:11+00:00","dateModified":"2025-06-25T11:19:07+00:00","breadcrumb":{"@id":"https:\/\/www.ab2pro.com\/hu\/agences\/ab2pro-rouen-ugynokseg\/#breadcrumb"},"inLanguage":"hu","potentialAction":[{"@type":"ReadAction","target":["https:\/\/www.ab2pro.com\/hu\/agences\/ab2pro-rouen-ugynokseg\/"]}]},{"@type":"BreadcrumbList","@id":"https:\/\/www.ab2pro.com\/hu\/agences\/ab2pro-rouen-ugynokseg\/#breadcrumb","itemListElement":[{"@type":"ListItem","position":1,"name":"Accueil","item":"https:\/\/www.ab2pro.com\/hu\/"},{"@type":"ListItem","position":2,"name":"Agences","item":"https:\/\/www.ab2pro.com\/hu\/agences\/"},{"@type":"ListItem","position":3,"name":"AB2PRO Rouen"}]},{"@type":"WebSite","@id":"https:\/\/www.ab2pro.com\/hu\/#website","url":"https:\/\/www.ab2pro.com\/hu\/","name":"AB2PRO","description":"Agence d&#039;emploi sp\u00e9cialis\u00e9e dans le recrutement de travailleurs europ\u00e9ens","publisher":{"@id":"https:\/\/www.ab2pro.com\/hu\/#organization"},"potentialAction":[{"@type":"SearchAction","target":{"@type":"EntryPoint","urlTemplate":"https:\/\/www.ab2pro.com\/hu\/?s={search_term_string}"},"query-input":{"@type":"PropertyValueSpecification","valueRequired":true,"valueName":"search_term_string"}}],"inLanguage":"hu"},{"@type":"Organization","@id":"https:\/\/www.ab2pro.com\/hu\/#organization","name":"AB2PRO","url":"https:\/\/www.ab2pro.com\/hu\/","logo":{"@type":"ImageObject","inLanguage":"hu","@id":"https:\/\/www.ab2pro.com\/hu\/#\/schema\/logo\/image\/","url":"https:\/\/www.ab2pro.com\/wp-content\/uploads\/2020\/11\/logo-profil.png","contentUrl":"https:\/\/www.ab2pro.com\/wp-content\/uploads\/2020\/11\/logo-profil.png","width":230,"height":47,"caption":"AB2PRO"},"image":{"@id":"https:\/\/www.ab2pro.com\/hu\/#\/schema\/logo\/image\/"}}]}},"_links":{"self":[{"href":"https:\/\/www.ab2pro.com\/hu\/wp-json\/wp\/v2\/agence\/48646","targetHints":{"allow":["GET"]}}],"collection":[{"href":"https:\/\/www.ab2pro.com\/hu\/wp-json\/wp\/v2\/agence"}],"about":[{"href":"https:\/\/www.ab2pro.com\/hu\/wp-json\/wp\/v2\/types\/agence"}],"author":[{"embeddable":true,"href":"https:\/\/www.ab2pro.com\/hu\/wp-json\/wp\/v2\/users\/1"}],"version-history":[{"count":0,"href":"https:\/\/www.ab2pro.com\/hu\/wp-json\/wp\/v2\/agence\/48646\/revisions"}],"wp:attachment":[{"href":"https:\/\/www.ab2pro.com\/hu\/wp-json\/wp\/v2\/media?parent=48646"}],"curies":[{"name":"wp","href":"https:\/\/api.w.org\/{rel}","templated":true}]}}

<p data-pm-slice="0 0 []"><strong>Üdvözlünk rouen-i irodánkban</strong>, ahol szakértelmünket és dinamizmusunkat klienseink és munkavállalóink szolgálatába állítjuk. Rouen egy olyan gazdasági csomópont, ahol a hagyomány találkozik az innovációval és rengeteg karrierlehetőséggel vár. </p>
<p>Irodánk élén <strong>Francois </strong>áll, akinek vezetői és stratégiai látásmódja lehetővé teszi, hogy felkutassa a legjobb lehetőségeket és személyre szabott támogatást nyújtson klienseink számára. Elkötelezettségének és a piac átfogó ismeretének köszönhetően kulcsfontosságú szerepet játszik a szilárd partneri kapcsolatok kialakításában.  </p>
<p>Természetesen nem egyedül dolgozik. <strong>Csapata </strong>biztosítja a kapcsolatot a jelöltek és a vállalatok között, ügyelve arra, hogy a piaci igényeknek tökéletesen megfelelő profilokat találjanak. Szakértelmüket arra használják, hogy segítsék munkavállalóink beilleszkedését és végigkísérjék szakmai pályafutásukat. </p>
<p><strong>Csapatunk </strong>elkötelezett és szigorú, de ugyanakkor fontosnak tartják az emberközpontú hozzáállást. A munkaerőpiac ismerete és a legjobb lehetőségek felismerésének képessége révén csapatunk alapvető szerepet játszik a megbízások zökkenőmentes lebonyolításában és a tehetségek támogatásában. </p>
<p><strong>Rouen </strong>történelmi örökségével és gazdasági dinamizmusával ideális város a szakmai fejlődéshez. Középkori sikátoraival, aktív kikötőjével és gyorsan fejlődő gazdaságával inspiráló környezetet kínál a vállalkozásoknak és a munkavállalóknak egyaránt. </p>
<p>Akár tehetséges munkatársakat kereső vállalat vagy, akár munkát kereső jelölt, <strong>François és csapata</strong> készen áll arra, hogy segítsen terveid sikerre vitelében.</p>

<p>Üdvözlünk rouen-i irodánkban, ahol szakértelmünket és dinamizmusunkat klienseink és munkavállalóink szolgálatába állítjuk. Rouen egy olyan gazdasági csomópont, ahol a hagyomány [&hellip;]</p>

<!-- This site is optimized with the Yoast SEO plugin v26.8 - https://yoast.com/product/yoast-seo-wordpress/ -->
<title>AB2PRO Rouen - AB2PRO</title>
<meta name="robots" content="index, follow, max-snippet:-1, max-image-preview:large, max-video-preview:-1" />
<link rel="canonical" href="https://www.ab2pro.com/hu/agences/ab2pro-rouen-ugynokseg/" />
<meta property="og:locale" content="hu_HU" />
<meta property="og:type" content="article" />
<meta property="og:title" content="AB2PRO Rouen - AB2PRO" />
<meta property="og:description" content="Üdvözlünk rouen-i irodánkban, ahol szakértelmünket és dinamizmusunkat klienseink és munkavállalóink szolgálatába állítjuk. Rouen egy olyan gazdasági csomópont, ahol a hagyomány [&hellip;]" />
<meta property="og:url" content="https://www.ab2pro.com/hu/agences/ab2pro-rouen-ugynokseg/" />
<meta property="og:site_name" content="AB2PRO" />
<meta property="article:modified_time" content="2025-06-25T11:19:07+00:00" />
<meta property="og:image" content="https://www.ab2pro.com/wp-content/uploads/2020/11/fond-home.jpg" />
	<meta property="og:image:width" content="1920" />
	<meta property="og:image:height" content="600" />
	<meta property="og:image:type" content="image/jpeg" />
<meta name="twitter:card" content="summary_large_image" />
<script type="application/ld+json" class="yoast-schema-graph">{"@context":"https://schema.org","@graph":[{"@type":"WebPage","@id":"https://www.ab2pro.com/hu/agences/ab2pro-rouen-ugynokseg/","url":"https://www.ab2pro.com/hu/agences/ab2pro-rouen-ugynokseg/","name":"AB2PRO Rouen - AB2PRO","isPartOf":{"@id":"https://www.ab2pro.com/hu/#website"},"datePublished":"2023-11-07T10:48:11+00:00","dateModified":"2025-06-25T11:19:07+00:00","breadcrumb":{"@id":"https://www.ab2pro.com/hu/agences/ab2pro-rouen-ugynokseg/#breadcrumb"},"inLanguage":"hu","potentialAction":[{"@type":"ReadAction","target":["https://www.ab2pro.com/hu/agences/ab2pro-rouen-ugynokseg/"]}]},{"@type":"BreadcrumbList","@id":"https://www.ab2pro.com/hu/agences/ab2pro-rouen-ugynokseg/#breadcrumb","itemListElement":[{"@type":"ListItem","position":1,"name":"Accueil","item":"https://www.ab2pro.com/hu/"},{"@type":"ListItem","position":2,"name":"Agences","item":"https://www.ab2pro.com/hu/agences/"},{"@type":"ListItem","position":3,"name":"AB2PRO Rouen"}]},{"@type":"WebSite","@id":"https://www.ab2pro.com/hu/#website","url":"https://www.ab2pro.com/hu/","name":"AB2PRO","description":"Agence d&#039;emploi spécialisée dans le recrutement de travailleurs européens","publisher":{"@id":"https://www.ab2pro.com/hu/#organization"},"potentialAction":[{"@type":"SearchAction","target":{"@type":"EntryPoint","urlTemplate":"https://www.ab2pro.com/hu/?s={search_term_string}"},"query-input":{"@type":"PropertyValueSpecification","valueRequired":true,"valueName":"search_term_string"}}],"inLanguage":"hu"},{"@type":"Organization","@id":"https://www.ab2pro.com/hu/#organization","name":"AB2PRO","url":"https://www.ab2pro.com/hu/","logo":{"@type":"ImageObject","inLanguage":"hu","@id":"https://www.ab2pro.com/hu/#/schema/logo/image/","url":"https://www.ab2pro.com/wp-content/uploads/2020/11/logo-profil.png","contentUrl":"https://www.ab2pro.com/wp-content/uploads/2020/11/logo-profil.png","width":230,"height":47,"caption":"AB2PRO"},"image":{"@id":"https://www.ab2pro.com/hu/#/schema/logo/image/"}}]}</script>
<!-- / Yoast SEO plugin. -->

Üdvözlünk rouen-i irodánkban, ahol szakértelmünket és dinamizmusunkat klienseink és munkavállalóink szolgálatába állítjuk. Rouen egy olyan gazdasági csomópont, ahol a hagyomány [&hellip;]

Agence d&#039;emploi spécialisée dans le recrutement de travailleurs européens
