
{"id":48658,"date":"2023-11-07T11:54:19","date_gmt":"2023-11-07T10:54:19","guid":{"rendered":"https:\/\/www.ab2pro.com\/?post_type=agence&#038;p=48658"},"modified":"2025-07-02T13:47:32","modified_gmt":"2025-07-02T11:47:32","slug":"ab2pro-rennes-ugynokseg","status":"publish","type":"agence","link":"https:\/\/www.ab2pro.com\/hu\/agences\/ab2pro-rennes-ugynokseg\/","title":{"rendered":"AB2PRO Rennes"},"content":{"rendered":"<p data-pm-slice=\"0 0 []\"><strong>Rennes-irod\u00e1nk <\/strong>sokkal t\u00f6bbet k\u00edn\u00e1l sz\u00e1modra, mint egy munkalehet\u0151s\u00e9g. Egyed\u00fcl\u00e1ll\u00f3 \u00e9s szem\u00e9lyre szabott szakmai tapasztalatot biztos\u00edtunk. Ismerkedj irodavezet\u0151nkkel, <strong>Fabiennel <\/strong>\u00e9s <strong>lelkes, elk\u00f6telezett csapat\u00e1val<\/strong>, akik professzion\u00e1lis \u00e9s bar\u00e1ts\u00e1gos hozz\u00e1\u00e1ll\u00e1sukkal \u00e1llnak rendelkez\u00e9sedre.  <\/p>\n<p>Kereskedelmi szak\u00e9rtelm\u00e9nek k\u00f6sz\u00f6nhet\u0151en Fabien ide\u00e1lis partnered lesz, hogy egyedi ig\u00e9nyeidnek megfelel\u0151 \u00e1ll\u00e1slehet\u0151s\u00e9get tal\u00e1lj. Erre garancia a munkaer\u0151piaci ismerete \u00e9s rend\u00edthetetlen elk\u00f6telezetts\u00e9ge.<\/p>\n<p><strong>Csapata <\/strong>piaci ismereteit \u00e9s k\u00e9pzett jel\u00f6ltekb\u0151l \u00e1ll\u00f3 h\u00e1l\u00f3zat\u00e1t felhaszn\u00e1lva v\u00e1logatja ki a legmegfelel\u0151bb jelentkez\u0151ket. <\/p>\n<p>Irod\u00e1nk a csod\u00e1s Bretagne sz\u00edv\u00e9ben tal\u00e1lhat\u00f3. Bretagne, Franciaorsz\u00e1g kultur\u00e1lis \u00e9kk\u00f6ve, gazdag t\u00f6rt\u00e9nelemmel, l\u00e9legzetel\u00e1ll\u00edt\u00f3 term\u00e9szettel \u00e1s h\u00edres kulin\u00e1ris \u00e9lm\u00e9nyekkel v\u00e1r. Fedezd fel a gy\u00f6ny\u00f6r\u0171 homokos strandokat, a leny\u0171g\u00f6z\u0151 kast\u00e9lyokat \u00e9s a meleg l\u00e9gk\u00f6rt, amelyek Bretagne-t egy kihagyhatatlan \u00fati c\u00e9ll\u00e1 teszi !<\/p>\n<p>Ne hagyd ki a lehet\u0151s\u00e9get! M\u0171k\u00f6dj egy\u00fctt rennes-i irod\u00e1nkkal \u00e9s \u00e9lvezd ki mindazt, amit Bretagne k\u00edn\u00e1l! <strong>Tal\u00e1lkozz Fabiennel \u00e9s csapat\u00e1val<\/strong> m\u00e9g ma, \u00e9s engedd nekik, hogy elk\u00eds\u00e9rjenek egy sikeres szakmai j\u00f6v\u0151 fel\u00e9!<\/p>\n<p><strong>Vedd fel vel\u00fcnk a kapcsolatot m\u00e9g ma<\/strong>, hogy \u00e1tbesz\u00e9lhess\u00fck a felt\u00e9teleket !<\/p>","protected":false},"excerpt":{"rendered":"<p>Rennes-irod\u00e1nk sokkal t\u00f6bbet k\u00edn\u00e1l sz\u00e1modra, mint egy munkalehet\u0151s\u00e9g. Egyed\u00fcl\u00e1ll\u00f3 \u00e9s szem\u00e9lyre szabott szakmai tapasztalatot biztos\u00edtunk. Ismerkedj irodavezet\u0151nkkel, Fabiennel \u00e9s lelkes, [&hellip;]<\/p>\n","protected":false},"author":1,"featured_media":0,"template":"","meta":{"_acf_changed":false,"footnotes":""},"class_list":["post-48658","agence","type-agence","status-publish","hentry"],"acf":[],"yoast_head":"<!-- This site is optimized with the Yoast SEO plugin v26.8 - https:\/\/yoast.com\/product\/yoast-seo-wordpress\/ -->\n<title>AB2PRO Rennes - AB2PRO<\/title>\n<meta name=\"robots\" content=\"index, follow, max-snippet:-1, max-image-preview:large, max-video-preview:-1\" \/>\n<link rel=\"canonical\" href=\"https:\/\/www.ab2pro.com\/hu\/agences\/ab2pro-rennes-ugynokseg\/\" \/>\n<meta property=\"og:locale\" content=\"hu_HU\" \/>\n<meta property=\"og:type\" content=\"article\" \/>\n<meta property=\"og:title\" content=\"AB2PRO Rennes - AB2PRO\" \/>\n<meta property=\"og:description\" content=\"Rennes-irod\u00e1nk sokkal t\u00f6bbet k\u00edn\u00e1l sz\u00e1modra, mint egy munkalehet\u0151s\u00e9g. Egyed\u00fcl\u00e1ll\u00f3 \u00e9s szem\u00e9lyre szabott szakmai tapasztalatot biztos\u00edtunk. Ismerkedj irodavezet\u0151nkkel, Fabiennel \u00e9s lelkes, [&hellip;]\" \/>\n<meta property=\"og:url\" content=\"https:\/\/www.ab2pro.com\/hu\/agences\/ab2pro-rennes-ugynokseg\/\" \/>\n<meta property=\"og:site_name\" content=\"AB2PRO\" \/>\n<meta property=\"article:modified_time\" content=\"2025-07-02T11:47:32+00:00\" \/>\n<meta property=\"og:image\" content=\"https:\/\/www.ab2pro.com\/wp-content\/uploads\/2020\/11\/fond-home.jpg\" \/>\n\t<meta property=\"og:image:width\" content=\"1920\" \/>\n\t<meta property=\"og:image:height\" content=\"600\" \/>\n\t<meta property=\"og:image:type\" content=\"image\/jpeg\" \/>\n<meta name=\"twitter:card\" content=\"summary_large_image\" \/>\n<script type=\"application\/ld+json\" class=\"yoast-schema-graph\">{\"@context\":\"https:\/\/schema.org\",\"@graph\":[{\"@type\":\"WebPage\",\"@id\":\"https:\/\/www.ab2pro.com\/hu\/agences\/ab2pro-rennes-ugynokseg\/\",\"url\":\"https:\/\/www.ab2pro.com\/hu\/agences\/ab2pro-rennes-ugynokseg\/\",\"name\":\"AB2PRO Rennes - AB2PRO\",\"isPartOf\":{\"@id\":\"https:\/\/www.ab2pro.com\/hu\/#website\"},\"datePublished\":\"2023-11-07T10:54:19+00:00\",\"dateModified\":\"2025-07-02T11:47:32+00:00\",\"breadcrumb\":{\"@id\":\"https:\/\/www.ab2pro.com\/hu\/agences\/ab2pro-rennes-ugynokseg\/#breadcrumb\"},\"inLanguage\":\"hu\",\"potentialAction\":[{\"@type\":\"ReadAction\",\"target\":[\"https:\/\/www.ab2pro.com\/hu\/agences\/ab2pro-rennes-ugynokseg\/\"]}]},{\"@type\":\"BreadcrumbList\",\"@id\":\"https:\/\/www.ab2pro.com\/hu\/agences\/ab2pro-rennes-ugynokseg\/#breadcrumb\",\"itemListElement\":[{\"@type\":\"ListItem\",\"position\":1,\"name\":\"Accueil\",\"item\":\"https:\/\/www.ab2pro.com\/hu\/\"},{\"@type\":\"ListItem\",\"position\":2,\"name\":\"Agences\",\"item\":\"https:\/\/www.ab2pro.com\/hu\/agences\/\"},{\"@type\":\"ListItem\",\"position\":3,\"name\":\"AB2PRO Rennes\"}]},{\"@type\":\"WebSite\",\"@id\":\"https:\/\/www.ab2pro.com\/hu\/#website\",\"url\":\"https:\/\/www.ab2pro.com\/hu\/\",\"name\":\"AB2PRO\",\"description\":\"Agence d&#039;emploi sp\u00e9cialis\u00e9e dans le recrutement de travailleurs europ\u00e9ens\",\"publisher\":{\"@id\":\"https:\/\/www.ab2pro.com\/hu\/#organization\"},\"potentialAction\":[{\"@type\":\"SearchAction\",\"target\":{\"@type\":\"EntryPoint\",\"urlTemplate\":\"https:\/\/www.ab2pro.com\/hu\/?s={search_term_string}\"},\"query-input\":{\"@type\":\"PropertyValueSpecification\",\"valueRequired\":true,\"valueName\":\"search_term_string\"}}],\"inLanguage\":\"hu\"},{\"@type\":\"Organization\",\"@id\":\"https:\/\/www.ab2pro.com\/hu\/#organization\",\"name\":\"AB2PRO\",\"url\":\"https:\/\/www.ab2pro.com\/hu\/\",\"logo\":{\"@type\":\"ImageObject\",\"inLanguage\":\"hu\",\"@id\":\"https:\/\/www.ab2pro.com\/hu\/#\/schema\/logo\/image\/\",\"url\":\"https:\/\/www.ab2pro.com\/wp-content\/uploads\/2020\/11\/logo-profil.png\",\"contentUrl\":\"https:\/\/www.ab2pro.com\/wp-content\/uploads\/2020\/11\/logo-profil.png\",\"width\":230,\"height\":47,\"caption\":\"AB2PRO\"},\"image\":{\"@id\":\"https:\/\/www.ab2pro.com\/hu\/#\/schema\/logo\/image\/\"}}]}<\/script>\n<!-- \/ Yoast SEO plugin. -->","yoast_head_json":{"title":"AB2PRO Rennes - AB2PRO","robots":{"index":"index","follow":"follow","max-snippet":"max-snippet:-1","max-image-preview":"max-image-preview:large","max-video-preview":"max-video-preview:-1"},"canonical":"https:\/\/www.ab2pro.com\/hu\/agences\/ab2pro-rennes-ugynokseg\/","og_locale":"hu_HU","og_type":"article","og_title":"AB2PRO Rennes - AB2PRO","og_description":"Rennes-irod\u00e1nk sokkal t\u00f6bbet k\u00edn\u00e1l sz\u00e1modra, mint egy munkalehet\u0151s\u00e9g. Egyed\u00fcl\u00e1ll\u00f3 \u00e9s szem\u00e9lyre szabott szakmai tapasztalatot biztos\u00edtunk. Ismerkedj irodavezet\u0151nkkel, Fabiennel \u00e9s lelkes, [&hellip;]","og_url":"https:\/\/www.ab2pro.com\/hu\/agences\/ab2pro-rennes-ugynokseg\/","og_site_name":"AB2PRO","article_modified_time":"2025-07-02T11:47:32+00:00","og_image":[{"width":1920,"height":600,"url":"https:\/\/www.ab2pro.com\/wp-content\/uploads\/2020\/11\/fond-home.jpg","type":"image\/jpeg"}],"twitter_card":"summary_large_image","schema":{"@context":"https:\/\/schema.org","@graph":[{"@type":"WebPage","@id":"https:\/\/www.ab2pro.com\/hu\/agences\/ab2pro-rennes-ugynokseg\/","url":"https:\/\/www.ab2pro.com\/hu\/agences\/ab2pro-rennes-ugynokseg\/","name":"AB2PRO Rennes - AB2PRO","isPartOf":{"@id":"https:\/\/www.ab2pro.com\/hu\/#website"},"datePublished":"2023-11-07T10:54:19+00:00","dateModified":"2025-07-02T11:47:32+00:00","breadcrumb":{"@id":"https:\/\/www.ab2pro.com\/hu\/agences\/ab2pro-rennes-ugynokseg\/#breadcrumb"},"inLanguage":"hu","potentialAction":[{"@type":"ReadAction","target":["https:\/\/www.ab2pro.com\/hu\/agences\/ab2pro-rennes-ugynokseg\/"]}]},{"@type":"BreadcrumbList","@id":"https:\/\/www.ab2pro.com\/hu\/agences\/ab2pro-rennes-ugynokseg\/#breadcrumb","itemListElement":[{"@type":"ListItem","position":1,"name":"Accueil","item":"https:\/\/www.ab2pro.com\/hu\/"},{"@type":"ListItem","position":2,"name":"Agences","item":"https:\/\/www.ab2pro.com\/hu\/agences\/"},{"@type":"ListItem","position":3,"name":"AB2PRO Rennes"}]},{"@type":"WebSite","@id":"https:\/\/www.ab2pro.com\/hu\/#website","url":"https:\/\/www.ab2pro.com\/hu\/","name":"AB2PRO","description":"Agence d&#039;emploi sp\u00e9cialis\u00e9e dans le recrutement de travailleurs europ\u00e9ens","publisher":{"@id":"https:\/\/www.ab2pro.com\/hu\/#organization"},"potentialAction":[{"@type":"SearchAction","target":{"@type":"EntryPoint","urlTemplate":"https:\/\/www.ab2pro.com\/hu\/?s={search_term_string}"},"query-input":{"@type":"PropertyValueSpecification","valueRequired":true,"valueName":"search_term_string"}}],"inLanguage":"hu"},{"@type":"Organization","@id":"https:\/\/www.ab2pro.com\/hu\/#organization","name":"AB2PRO","url":"https:\/\/www.ab2pro.com\/hu\/","logo":{"@type":"ImageObject","inLanguage":"hu","@id":"https:\/\/www.ab2pro.com\/hu\/#\/schema\/logo\/image\/","url":"https:\/\/www.ab2pro.com\/wp-content\/uploads\/2020\/11\/logo-profil.png","contentUrl":"https:\/\/www.ab2pro.com\/wp-content\/uploads\/2020\/11\/logo-profil.png","width":230,"height":47,"caption":"AB2PRO"},"image":{"@id":"https:\/\/www.ab2pro.com\/hu\/#\/schema\/logo\/image\/"}}]}},"_links":{"self":[{"href":"https:\/\/www.ab2pro.com\/hu\/wp-json\/wp\/v2\/agence\/48658","targetHints":{"allow":["GET"]}}],"collection":[{"href":"https:\/\/www.ab2pro.com\/hu\/wp-json\/wp\/v2\/agence"}],"about":[{"href":"https:\/\/www.ab2pro.com\/hu\/wp-json\/wp\/v2\/types\/agence"}],"author":[{"embeddable":true,"href":"https:\/\/www.ab2pro.com\/hu\/wp-json\/wp\/v2\/users\/1"}],"version-history":[{"count":0,"href":"https:\/\/www.ab2pro.com\/hu\/wp-json\/wp\/v2\/agence\/48658\/revisions"}],"wp:attachment":[{"href":"https:\/\/www.ab2pro.com\/hu\/wp-json\/wp\/v2\/media?parent=48658"}],"curies":[{"name":"wp","href":"https:\/\/api.w.org\/{rel}","templated":true}]}}

<p data-pm-slice="0 0 []"><strong>Rennes-irodánk </strong>sokkal többet kínál számodra, mint egy munkalehetőség. Egyedülálló és személyre szabott szakmai tapasztalatot biztosítunk. Ismerkedj irodavezetőnkkel, <strong>Fabiennel </strong>és <strong>lelkes, elkötelezett csapatával</strong>, akik professzionális és barátságos hozzáállásukkal állnak rendelkezésedre.  </p>
<p>Kereskedelmi szakértelmének köszönhetően Fabien ideális partnered lesz, hogy egyedi igényeidnek megfelelő álláslehetőséget találj. Erre garancia a munkaerőpiaci ismerete és rendíthetetlen elkötelezettsége.</p>
<p><strong>Csapata </strong>piaci ismereteit és képzett jelöltekből álló hálózatát felhasználva válogatja ki a legmegfelelőbb jelentkezőket. </p>
<p>Irodánk a csodás Bretagne szívében található. Bretagne, Franciaország kulturális ékköve, gazdag történelemmel, lélegzetelállító természettel ás híres kulináris élményekkel vár. Fedezd fel a gyönyörű homokos strandokat, a lenyűgöző kastélyokat és a meleg légkört, amelyek Bretagne-t egy kihagyhatatlan úti céllá teszi !</p>
<p>Ne hagyd ki a lehetőséget! Működj együtt rennes-i irodánkkal és élvezd ki mindazt, amit Bretagne kínál! <strong>Találkozz Fabiennel és csapatával</strong> még ma, és engedd nekik, hogy elkísérjenek egy sikeres szakmai jövő felé!</p>
<p><strong>Vedd fel velünk a kapcsolatot még ma</strong>, hogy átbeszélhessük a feltételeket !</p>

<p>Rennes-irodánk sokkal többet kínál számodra, mint egy munkalehetőség. Egyedülálló és személyre szabott szakmai tapasztalatot biztosítunk. Ismerkedj irodavezetőnkkel, Fabiennel és lelkes, [&hellip;]</p>

<!-- This site is optimized with the Yoast SEO plugin v26.8 - https://yoast.com/product/yoast-seo-wordpress/ -->
<title>AB2PRO Rennes - AB2PRO</title>
<meta name="robots" content="index, follow, max-snippet:-1, max-image-preview:large, max-video-preview:-1" />
<link rel="canonical" href="https://www.ab2pro.com/hu/agences/ab2pro-rennes-ugynokseg/" />
<meta property="og:locale" content="hu_HU" />
<meta property="og:type" content="article" />
<meta property="og:title" content="AB2PRO Rennes - AB2PRO" />
<meta property="og:description" content="Rennes-irodánk sokkal többet kínál számodra, mint egy munkalehetőség. Egyedülálló és személyre szabott szakmai tapasztalatot biztosítunk. Ismerkedj irodavezetőnkkel, Fabiennel és lelkes, [&hellip;]" />
<meta property="og:url" content="https://www.ab2pro.com/hu/agences/ab2pro-rennes-ugynokseg/" />
<meta property="og:site_name" content="AB2PRO" />
<meta property="article:modified_time" content="2025-07-02T11:47:32+00:00" />
<meta property="og:image" content="https://www.ab2pro.com/wp-content/uploads/2020/11/fond-home.jpg" />
	<meta property="og:image:width" content="1920" />
	<meta property="og:image:height" content="600" />
	<meta property="og:image:type" content="image/jpeg" />
<meta name="twitter:card" content="summary_large_image" />
<script type="application/ld+json" class="yoast-schema-graph">{"@context":"https://schema.org","@graph":[{"@type":"WebPage","@id":"https://www.ab2pro.com/hu/agences/ab2pro-rennes-ugynokseg/","url":"https://www.ab2pro.com/hu/agences/ab2pro-rennes-ugynokseg/","name":"AB2PRO Rennes - AB2PRO","isPartOf":{"@id":"https://www.ab2pro.com/hu/#website"},"datePublished":"2023-11-07T10:54:19+00:00","dateModified":"2025-07-02T11:47:32+00:00","breadcrumb":{"@id":"https://www.ab2pro.com/hu/agences/ab2pro-rennes-ugynokseg/#breadcrumb"},"inLanguage":"hu","potentialAction":[{"@type":"ReadAction","target":["https://www.ab2pro.com/hu/agences/ab2pro-rennes-ugynokseg/"]}]},{"@type":"BreadcrumbList","@id":"https://www.ab2pro.com/hu/agences/ab2pro-rennes-ugynokseg/#breadcrumb","itemListElement":[{"@type":"ListItem","position":1,"name":"Accueil","item":"https://www.ab2pro.com/hu/"},{"@type":"ListItem","position":2,"name":"Agences","item":"https://www.ab2pro.com/hu/agences/"},{"@type":"ListItem","position":3,"name":"AB2PRO Rennes"}]},{"@type":"WebSite","@id":"https://www.ab2pro.com/hu/#website","url":"https://www.ab2pro.com/hu/","name":"AB2PRO","description":"Agence d&#039;emploi spécialisée dans le recrutement de travailleurs européens","publisher":{"@id":"https://www.ab2pro.com/hu/#organization"},"potentialAction":[{"@type":"SearchAction","target":{"@type":"EntryPoint","urlTemplate":"https://www.ab2pro.com/hu/?s={search_term_string}"},"query-input":{"@type":"PropertyValueSpecification","valueRequired":true,"valueName":"search_term_string"}}],"inLanguage":"hu"},{"@type":"Organization","@id":"https://www.ab2pro.com/hu/#organization","name":"AB2PRO","url":"https://www.ab2pro.com/hu/","logo":{"@type":"ImageObject","inLanguage":"hu","@id":"https://www.ab2pro.com/hu/#/schema/logo/image/","url":"https://www.ab2pro.com/wp-content/uploads/2020/11/logo-profil.png","contentUrl":"https://www.ab2pro.com/wp-content/uploads/2020/11/logo-profil.png","width":230,"height":47,"caption":"AB2PRO"},"image":{"@id":"https://www.ab2pro.com/hu/#/schema/logo/image/"}}]}</script>
<!-- / Yoast SEO plugin. -->

Rennes-irodánk sokkal többet kínál számodra, mint egy munkalehetőség. Egyedülálló és személyre szabott szakmai tapasztalatot biztosítunk. Ismerkedj irodavezetőnkkel, Fabiennel és lelkes, [&hellip;]

Agence d&#039;emploi spécialisée dans le recrutement de travailleurs européens
