
{"id":48713,"date":"2023-11-07T12:19:15","date_gmt":"2023-11-07T11:19:15","guid":{"rendered":"https:\/\/www.ab2pro.com\/?post_type=agence&#038;p=48713"},"modified":"2025-07-15T12:29:57","modified_gmt":"2025-07-15T10:29:57","slug":"nantesi-ab2pro-iroda","status":"publish","type":"agence","link":"https:\/\/www.ab2pro.com\/hu\/agences\/nantesi-ab2pro-iroda\/","title":{"rendered":"AB2PRO Nantes"},"content":{"rendered":"<p data-pm-slice=\"0 0 []\"><strong>A Loire-vid\u00e9k sz\u00edv\u00e9ben tal\u00e1lhat\u00f3 <\/strong>nantes-i irod\u00e1nk kiindul\u00f3pontk\u00e9nt szolg\u00e1l a tehets\u00e9ges szakemberek \u00e9s a munkaer\u0151-k\u00f6lcs\u00f6nz\u00e9sben \u00e9rdekelt v\u00e1llalatok sz\u00e1m\u00e1ra. Az Atlanti-\u00f3ce\u00e1n partvid\u00e9ke, a Loire-v\u00f6lgyi kast\u00e9lyok \u00e9s a dinamikus gazdas\u00e1g \u00e1ltal jellemzett v\u00e1ltozatos t\u00e1jjal rendelkez\u0151 r\u00e9gi\u00f3 kiv\u00e1l\u00f3 \u00e9let- \u00e9s munkak\u00f6r\u00fclm\u00e9nyeket k\u00edn\u00e1l. <\/p>\n<p>Irod\u00e1nk \u00e9l\u00e9n <strong>J\u00e9rome <\/strong>\u00e1ll, aki a nyugati r\u00e9gi\u00f3 operat\u00edv vezet\u0151jek\u00e9nt hossz\u00fa \u00e9vekre visszany\u00fal\u00f3 szak\u00e9rtelemmel \u00e9s elk\u00f6telezetts\u00e9ggel ir\u00e1ny\u00edtja a r\u00e9gi\u00f3 tev\u00e9kenys\u00e9g\u00e9t. <strong>Mellette egy teljes csapat <\/strong>gondoskodik a partneri kapcsolatok fejleszt\u00e9s\u00e9r\u0151l, klienseink ig\u00e9nyeinek gyors kiel\u00e9g\u00edt\u00e9s\u00e9r\u0151l, a terepen v\u00e9gzett feladatok koordin\u00e1l\u00e1s\u00e1r\u00f3l \u00e9s a megb\u00edz\u00e1sok nyomon k\u00f6vet\u00e9s\u00e9r\u0151l.<\/p>\n<p><strong>Kapcsolattart\u00f3ink <\/strong>kulcsszerepet j\u00e1tszanak a megfelel\u0151 jel\u00f6ltek kiv\u00e1laszt\u00e1s\u00e1ban \u00e9s munkav\u00e1llal\u00f3ink t\u00e1mogat\u00e1s\u00e1ban megb\u00edzat\u00e1saik teljes id\u0151tartama alatt. Figyelmes hozz\u00e1\u00e1ll\u00e1sukkal, szak\u00e9rtelm\u00fckkel \u00e9s a piac alapos ismeret\u00e9vel gondoskodnak arr\u00f3l, hogy klienseink elv\u00e1r\u00e1sainak legink\u00e1bb megfelel\u0151 lehet\u0151s\u00e9geket k\u00edn\u00e1ljanak. <\/p>\n<p>Bouaye-ban, a nantes-i sz\u0151l\u0151\u00fcltetv\u00e9nyek sz\u00edv\u00e9ben tal\u00e1lhat\u00f3 k\u00f6zponti irod\u00e1nk strat\u00e9giai elhelyezked\u00e9ssel rendelkezik k\u00f6zel a f\u0151 k\u00f6zleked\u00e9si \u00fatvonalakhoz \u00e9s a region\u00e1lis gazdas\u00e1gi k\u00f6zpontokhoz. Itt is folyamatosan t\u00f6rekednek szolg\u00e1ltat\u00e1saink folyamatos fejleszt\u00e9s\u00e9re, hogy klienseink \u00e9s munkav\u00e1llal\u00f3ink is \u00e9vr\u0151l \u00e9vre el\u00e9gedettebbek legyenek. <\/p>\n<p>Amennyiben szeretn\u00e9l Franciaorsz\u00e1gban dolgozni, <strong>J\u00e9rome-ra \u00e9s csapat\u00e1ra<\/strong> sz\u00e1m\u00edthatsz!<\/p>\n<p><strong>Vedd fel vel\u00fcnk a kapcsolatot, \u00e9s vesd bele magad egy kalandba az AB2PRO nantes-i irod\u00e1j\u00e1val!<\/strong><\/p>","protected":false},"excerpt":{"rendered":"<p>A Loire-vid\u00e9k sz\u00edv\u00e9ben tal\u00e1lhat\u00f3 nantes-i irod\u00e1nk kiindul\u00f3pontk\u00e9nt szolg\u00e1l a tehets\u00e9ges szakemberek \u00e9s a munkaer\u0151-k\u00f6lcs\u00f6nz\u00e9sben \u00e9rdekelt v\u00e1llalatok sz\u00e1m\u00e1ra. Az Atlanti-\u00f3ce\u00e1n partvid\u00e9ke, [&hellip;]<\/p>\n","protected":false},"author":1,"featured_media":0,"template":"","meta":{"_acf_changed":false,"footnotes":""},"class_list":["post-48713","agence","type-agence","status-publish","hentry"],"acf":[],"yoast_head":"<!-- This site is optimized with the Yoast SEO plugin v26.8 - https:\/\/yoast.com\/product\/yoast-seo-wordpress\/ -->\n<title>AB2PRO Nantes - AB2PRO<\/title>\n<meta name=\"robots\" content=\"index, follow, max-snippet:-1, max-image-preview:large, max-video-preview:-1\" \/>\n<link rel=\"canonical\" href=\"https:\/\/www.ab2pro.com\/hu\/agences\/nantesi-ab2pro-iroda\/\" \/>\n<meta property=\"og:locale\" content=\"hu_HU\" \/>\n<meta property=\"og:type\" content=\"article\" \/>\n<meta property=\"og:title\" content=\"AB2PRO Nantes - AB2PRO\" \/>\n<meta property=\"og:description\" content=\"A Loire-vid\u00e9k sz\u00edv\u00e9ben tal\u00e1lhat\u00f3 nantes-i irod\u00e1nk kiindul\u00f3pontk\u00e9nt szolg\u00e1l a tehets\u00e9ges szakemberek \u00e9s a munkaer\u0151-k\u00f6lcs\u00f6nz\u00e9sben \u00e9rdekelt v\u00e1llalatok sz\u00e1m\u00e1ra. Az Atlanti-\u00f3ce\u00e1n partvid\u00e9ke, [&hellip;]\" \/>\n<meta property=\"og:url\" content=\"https:\/\/www.ab2pro.com\/hu\/agences\/nantesi-ab2pro-iroda\/\" \/>\n<meta property=\"og:site_name\" content=\"AB2PRO\" \/>\n<meta property=\"article:modified_time\" content=\"2025-07-15T10:29:57+00:00\" \/>\n<meta property=\"og:image\" content=\"https:\/\/www.ab2pro.com\/wp-content\/uploads\/2020\/11\/fond-home.jpg\" \/>\n\t<meta property=\"og:image:width\" content=\"1920\" \/>\n\t<meta property=\"og:image:height\" content=\"600\" \/>\n\t<meta property=\"og:image:type\" content=\"image\/jpeg\" \/>\n<meta name=\"twitter:card\" content=\"summary_large_image\" \/>\n<meta name=\"twitter:label1\" content=\"Becs\u00fclt olvas\u00e1si id\u0151\" \/>\n\t<meta name=\"twitter:data1\" content=\"3 perc\" \/>\n<script type=\"application\/ld+json\" class=\"yoast-schema-graph\">{\"@context\":\"https:\/\/schema.org\",\"@graph\":[{\"@type\":\"WebPage\",\"@id\":\"https:\/\/www.ab2pro.com\/hu\/agences\/nantesi-ab2pro-iroda\/\",\"url\":\"https:\/\/www.ab2pro.com\/hu\/agences\/nantesi-ab2pro-iroda\/\",\"name\":\"AB2PRO Nantes - AB2PRO\",\"isPartOf\":{\"@id\":\"https:\/\/www.ab2pro.com\/hu\/#website\"},\"datePublished\":\"2023-11-07T11:19:15+00:00\",\"dateModified\":\"2025-07-15T10:29:57+00:00\",\"breadcrumb\":{\"@id\":\"https:\/\/www.ab2pro.com\/hu\/agences\/nantesi-ab2pro-iroda\/#breadcrumb\"},\"inLanguage\":\"hu\",\"potentialAction\":[{\"@type\":\"ReadAction\",\"target\":[\"https:\/\/www.ab2pro.com\/hu\/agences\/nantesi-ab2pro-iroda\/\"]}]},{\"@type\":\"BreadcrumbList\",\"@id\":\"https:\/\/www.ab2pro.com\/hu\/agences\/nantesi-ab2pro-iroda\/#breadcrumb\",\"itemListElement\":[{\"@type\":\"ListItem\",\"position\":1,\"name\":\"Accueil\",\"item\":\"https:\/\/www.ab2pro.com\/hu\/\"},{\"@type\":\"ListItem\",\"position\":2,\"name\":\"Agences\",\"item\":\"https:\/\/www.ab2pro.com\/hu\/agences\/\"},{\"@type\":\"ListItem\",\"position\":3,\"name\":\"AB2PRO Nantes\"}]},{\"@type\":\"WebSite\",\"@id\":\"https:\/\/www.ab2pro.com\/hu\/#website\",\"url\":\"https:\/\/www.ab2pro.com\/hu\/\",\"name\":\"AB2PRO\",\"description\":\"Agence d&#039;emploi sp\u00e9cialis\u00e9e dans le recrutement de travailleurs europ\u00e9ens\",\"publisher\":{\"@id\":\"https:\/\/www.ab2pro.com\/hu\/#organization\"},\"potentialAction\":[{\"@type\":\"SearchAction\",\"target\":{\"@type\":\"EntryPoint\",\"urlTemplate\":\"https:\/\/www.ab2pro.com\/hu\/?s={search_term_string}\"},\"query-input\":{\"@type\":\"PropertyValueSpecification\",\"valueRequired\":true,\"valueName\":\"search_term_string\"}}],\"inLanguage\":\"hu\"},{\"@type\":\"Organization\",\"@id\":\"https:\/\/www.ab2pro.com\/hu\/#organization\",\"name\":\"AB2PRO\",\"url\":\"https:\/\/www.ab2pro.com\/hu\/\",\"logo\":{\"@type\":\"ImageObject\",\"inLanguage\":\"hu\",\"@id\":\"https:\/\/www.ab2pro.com\/hu\/#\/schema\/logo\/image\/\",\"url\":\"https:\/\/www.ab2pro.com\/wp-content\/uploads\/2020\/11\/logo-profil.png\",\"contentUrl\":\"https:\/\/www.ab2pro.com\/wp-content\/uploads\/2020\/11\/logo-profil.png\",\"width\":230,\"height\":47,\"caption\":\"AB2PRO\"},\"image\":{\"@id\":\"https:\/\/www.ab2pro.com\/hu\/#\/schema\/logo\/image\/\"}}]}<\/script>\n<!-- \/ Yoast SEO plugin. -->","yoast_head_json":{"title":"AB2PRO Nantes - AB2PRO","robots":{"index":"index","follow":"follow","max-snippet":"max-snippet:-1","max-image-preview":"max-image-preview:large","max-video-preview":"max-video-preview:-1"},"canonical":"https:\/\/www.ab2pro.com\/hu\/agences\/nantesi-ab2pro-iroda\/","og_locale":"hu_HU","og_type":"article","og_title":"AB2PRO Nantes - AB2PRO","og_description":"A Loire-vid\u00e9k sz\u00edv\u00e9ben tal\u00e1lhat\u00f3 nantes-i irod\u00e1nk kiindul\u00f3pontk\u00e9nt szolg\u00e1l a tehets\u00e9ges szakemberek \u00e9s a munkaer\u0151-k\u00f6lcs\u00f6nz\u00e9sben \u00e9rdekelt v\u00e1llalatok sz\u00e1m\u00e1ra. Az Atlanti-\u00f3ce\u00e1n partvid\u00e9ke, [&hellip;]","og_url":"https:\/\/www.ab2pro.com\/hu\/agences\/nantesi-ab2pro-iroda\/","og_site_name":"AB2PRO","article_modified_time":"2025-07-15T10:29:57+00:00","og_image":[{"width":1920,"height":600,"url":"https:\/\/www.ab2pro.com\/wp-content\/uploads\/2020\/11\/fond-home.jpg","type":"image\/jpeg"}],"twitter_card":"summary_large_image","twitter_misc":{"Becs\u00fclt olvas\u00e1si id\u0151":"3 perc"},"schema":{"@context":"https:\/\/schema.org","@graph":[{"@type":"WebPage","@id":"https:\/\/www.ab2pro.com\/hu\/agences\/nantesi-ab2pro-iroda\/","url":"https:\/\/www.ab2pro.com\/hu\/agences\/nantesi-ab2pro-iroda\/","name":"AB2PRO Nantes - AB2PRO","isPartOf":{"@id":"https:\/\/www.ab2pro.com\/hu\/#website"},"datePublished":"2023-11-07T11:19:15+00:00","dateModified":"2025-07-15T10:29:57+00:00","breadcrumb":{"@id":"https:\/\/www.ab2pro.com\/hu\/agences\/nantesi-ab2pro-iroda\/#breadcrumb"},"inLanguage":"hu","potentialAction":[{"@type":"ReadAction","target":["https:\/\/www.ab2pro.com\/hu\/agences\/nantesi-ab2pro-iroda\/"]}]},{"@type":"BreadcrumbList","@id":"https:\/\/www.ab2pro.com\/hu\/agences\/nantesi-ab2pro-iroda\/#breadcrumb","itemListElement":[{"@type":"ListItem","position":1,"name":"Accueil","item":"https:\/\/www.ab2pro.com\/hu\/"},{"@type":"ListItem","position":2,"name":"Agences","item":"https:\/\/www.ab2pro.com\/hu\/agences\/"},{"@type":"ListItem","position":3,"name":"AB2PRO Nantes"}]},{"@type":"WebSite","@id":"https:\/\/www.ab2pro.com\/hu\/#website","url":"https:\/\/www.ab2pro.com\/hu\/","name":"AB2PRO","description":"Agence d&#039;emploi sp\u00e9cialis\u00e9e dans le recrutement de travailleurs europ\u00e9ens","publisher":{"@id":"https:\/\/www.ab2pro.com\/hu\/#organization"},"potentialAction":[{"@type":"SearchAction","target":{"@type":"EntryPoint","urlTemplate":"https:\/\/www.ab2pro.com\/hu\/?s={search_term_string}"},"query-input":{"@type":"PropertyValueSpecification","valueRequired":true,"valueName":"search_term_string"}}],"inLanguage":"hu"},{"@type":"Organization","@id":"https:\/\/www.ab2pro.com\/hu\/#organization","name":"AB2PRO","url":"https:\/\/www.ab2pro.com\/hu\/","logo":{"@type":"ImageObject","inLanguage":"hu","@id":"https:\/\/www.ab2pro.com\/hu\/#\/schema\/logo\/image\/","url":"https:\/\/www.ab2pro.com\/wp-content\/uploads\/2020\/11\/logo-profil.png","contentUrl":"https:\/\/www.ab2pro.com\/wp-content\/uploads\/2020\/11\/logo-profil.png","width":230,"height":47,"caption":"AB2PRO"},"image":{"@id":"https:\/\/www.ab2pro.com\/hu\/#\/schema\/logo\/image\/"}}]}},"_links":{"self":[{"href":"https:\/\/www.ab2pro.com\/hu\/wp-json\/wp\/v2\/agence\/48713","targetHints":{"allow":["GET"]}}],"collection":[{"href":"https:\/\/www.ab2pro.com\/hu\/wp-json\/wp\/v2\/agence"}],"about":[{"href":"https:\/\/www.ab2pro.com\/hu\/wp-json\/wp\/v2\/types\/agence"}],"author":[{"embeddable":true,"href":"https:\/\/www.ab2pro.com\/hu\/wp-json\/wp\/v2\/users\/1"}],"version-history":[{"count":0,"href":"https:\/\/www.ab2pro.com\/hu\/wp-json\/wp\/v2\/agence\/48713\/revisions"}],"wp:attachment":[{"href":"https:\/\/www.ab2pro.com\/hu\/wp-json\/wp\/v2\/media?parent=48713"}],"curies":[{"name":"wp","href":"https:\/\/api.w.org\/{rel}","templated":true}]}}

<p data-pm-slice="0 0 []"><strong>A Loire-vidék szívében található </strong>nantes-i irodánk kiindulópontként szolgál a tehetséges szakemberek és a munkaerő-kölcsönzésben érdekelt vállalatok számára. Az Atlanti-óceán partvidéke, a Loire-völgyi kastélyok és a dinamikus gazdaság által jellemzett változatos tájjal rendelkező régió kiváló élet- és munkakörülményeket kínál. </p>
<p>Irodánk élén <strong>Jérome </strong>áll, aki a nyugati régió operatív vezetőjeként hosszú évekre visszanyúló szakértelemmel és elkötelezettséggel irányítja a régió tevékenységét. <strong>Mellette egy teljes csapat </strong>gondoskodik a partneri kapcsolatok fejlesztéséről, klienseink igényeinek gyors kielégítéséről, a terepen végzett feladatok koordinálásáról és a megbízások nyomon követéséről.</p>
<p><strong>Kapcsolattartóink </strong>kulcsszerepet játszanak a megfelelő jelöltek kiválasztásában és munkavállalóink támogatásában megbízatásaik teljes időtartama alatt. Figyelmes hozzáállásukkal, szakértelmükkel és a piac alapos ismeretével gondoskodnak arról, hogy klienseink elvárásainak leginkább megfelelő lehetőségeket kínáljanak. </p>
<p>Bouaye-ban, a nantes-i szőlőültetvények szívében található központi irodánk stratégiai elhelyezkedéssel rendelkezik közel a fő közlekedési útvonalakhoz és a regionális gazdasági központokhoz. Itt is folyamatosan törekednek szolgáltatásaink folyamatos fejlesztésére, hogy klienseink és munkavállalóink is évről évre elégedettebbek legyenek. </p>
<p>Amennyiben szeretnél Franciaországban dolgozni, <strong>Jérome-ra és csapatára</strong> számíthatsz!</p>
<p><strong>Vedd fel velünk a kapcsolatot, és vesd bele magad egy kalandba az AB2PRO nantes-i irodájával!</strong></p>

<p>A Loire-vidék szívében található nantes-i irodánk kiindulópontként szolgál a tehetséges szakemberek és a munkaerő-kölcsönzésben érdekelt vállalatok számára. Az Atlanti-óceán partvidéke, [&hellip;]</p>

<!-- This site is optimized with the Yoast SEO plugin v26.8 - https://yoast.com/product/yoast-seo-wordpress/ -->
<title>AB2PRO Nantes - AB2PRO</title>
<meta name="robots" content="index, follow, max-snippet:-1, max-image-preview:large, max-video-preview:-1" />
<link rel="canonical" href="https://www.ab2pro.com/hu/agences/nantesi-ab2pro-iroda/" />
<meta property="og:locale" content="hu_HU" />
<meta property="og:type" content="article" />
<meta property="og:title" content="AB2PRO Nantes - AB2PRO" />
<meta property="og:description" content="A Loire-vidék szívében található nantes-i irodánk kiindulópontként szolgál a tehetséges szakemberek és a munkaerő-kölcsönzésben érdekelt vállalatok számára. Az Atlanti-óceán partvidéke, [&hellip;]" />
<meta property="og:url" content="https://www.ab2pro.com/hu/agences/nantesi-ab2pro-iroda/" />
<meta property="og:site_name" content="AB2PRO" />
<meta property="article:modified_time" content="2025-07-15T10:29:57+00:00" />
<meta property="og:image" content="https://www.ab2pro.com/wp-content/uploads/2020/11/fond-home.jpg" />
	<meta property="og:image:width" content="1920" />
	<meta property="og:image:height" content="600" />
	<meta property="og:image:type" content="image/jpeg" />
<meta name="twitter:card" content="summary_large_image" />
<meta name="twitter:label1" content="Becsült olvasási idő" />
	<meta name="twitter:data1" content="3 perc" />
<script type="application/ld+json" class="yoast-schema-graph">{"@context":"https://schema.org","@graph":[{"@type":"WebPage","@id":"https://www.ab2pro.com/hu/agences/nantesi-ab2pro-iroda/","url":"https://www.ab2pro.com/hu/agences/nantesi-ab2pro-iroda/","name":"AB2PRO Nantes - AB2PRO","isPartOf":{"@id":"https://www.ab2pro.com/hu/#website"},"datePublished":"2023-11-07T11:19:15+00:00","dateModified":"2025-07-15T10:29:57+00:00","breadcrumb":{"@id":"https://www.ab2pro.com/hu/agences/nantesi-ab2pro-iroda/#breadcrumb"},"inLanguage":"hu","potentialAction":[{"@type":"ReadAction","target":["https://www.ab2pro.com/hu/agences/nantesi-ab2pro-iroda/"]}]},{"@type":"BreadcrumbList","@id":"https://www.ab2pro.com/hu/agences/nantesi-ab2pro-iroda/#breadcrumb","itemListElement":[{"@type":"ListItem","position":1,"name":"Accueil","item":"https://www.ab2pro.com/hu/"},{"@type":"ListItem","position":2,"name":"Agences","item":"https://www.ab2pro.com/hu/agences/"},{"@type":"ListItem","position":3,"name":"AB2PRO Nantes"}]},{"@type":"WebSite","@id":"https://www.ab2pro.com/hu/#website","url":"https://www.ab2pro.com/hu/","name":"AB2PRO","description":"Agence d&#039;emploi spécialisée dans le recrutement de travailleurs européens","publisher":{"@id":"https://www.ab2pro.com/hu/#organization"},"potentialAction":[{"@type":"SearchAction","target":{"@type":"EntryPoint","urlTemplate":"https://www.ab2pro.com/hu/?s={search_term_string}"},"query-input":{"@type":"PropertyValueSpecification","valueRequired":true,"valueName":"search_term_string"}}],"inLanguage":"hu"},{"@type":"Organization","@id":"https://www.ab2pro.com/hu/#organization","name":"AB2PRO","url":"https://www.ab2pro.com/hu/","logo":{"@type":"ImageObject","inLanguage":"hu","@id":"https://www.ab2pro.com/hu/#/schema/logo/image/","url":"https://www.ab2pro.com/wp-content/uploads/2020/11/logo-profil.png","contentUrl":"https://www.ab2pro.com/wp-content/uploads/2020/11/logo-profil.png","width":230,"height":47,"caption":"AB2PRO"},"image":{"@id":"https://www.ab2pro.com/hu/#/schema/logo/image/"}}]}</script>
<!-- / Yoast SEO plugin. -->

A Loire-vidék szívében található nantes-i irodánk kiindulópontként szolgál a tehetséges szakemberek és a munkaerő-kölcsönzésben érdekelt vállalatok számára. Az Atlanti-óceán partvidéke, [&hellip;]

Agence d&#039;emploi spécialisée dans le recrutement de travailleurs européens
