
{"id":48719,"date":"2023-11-07T12:25:54","date_gmt":"2023-11-07T11:25:54","guid":{"rendered":"https:\/\/www.ab2pro.com\/?post_type=agence&#038;p=48719"},"modified":"2025-07-14T15:53:19","modified_gmt":"2025-07-14T13:53:19","slug":"lyoni-ab2pro-iroda","status":"publish","type":"agence","link":"https:\/\/www.ab2pro.com\/hu\/agences\/lyoni-ab2pro-iroda\/","title":{"rendered":"AB2PRO Lyon"},"content":{"rendered":"<p data-pm-slice=\"0 0 []\"><strong>\u00dcdv\u00f6zl\u00fcnk az AB2PRO lyoni irod\u00e1j\u00e1ban !<\/strong><\/p>\n<p>Irod\u00e1nk vezet\u0151je, <strong>Dominique<\/strong>, minden szak\u00e9rtelm\u00e9t klienseink \u00e9s jel\u00f6ltjeink szolg\u00e1lat\u00e1ba \u00e1ll\u00edtja a hat\u00e9kony toborz\u00e1s \u00e9rdek\u00e9ben. <strong>Mellette egy csapat <\/strong>biztos\u00edtja a kapcsolatot a v\u00e1llalatok \u00e9s munkav\u00e1llal\u00f3ink k\u00f6z\u00f6tt, megtal\u00e1lja a megfelel\u0151 jel\u00f6lteket \u00e9s garant\u00e1lja a szem\u00e9lyre szabott t\u00e1mogat\u00e1st. Emellett a csapat tagjai gondoskodnak az iroda z\u00f6kken\u0151mentes m\u0171k\u00f6d\u00e9s\u00e9r\u0151l, az adminisztrat\u00edv nyomon k\u00f6vet\u00e9sr\u0151l \u00e9s a megb\u00edz\u00e1sok z\u00f6kken\u0151mentes lebonyol\u00edt\u00e1s\u00e1r\u00f3l.  <\/p>\n<p><strong>Irod\u00e1nk munkat\u00e1rsai<\/strong> kulcsszerepet j\u00e1tszanak a tehets\u00e9gek kiv\u00e1laszt\u00e1s\u00e1ban. Professzionalizmusuknak k\u00f6sz\u00f6nhet\u0151en garant\u00e1lj\u00e1k a min\u0151s\u00e9gi szolg\u00e1ltat\u00e1st. Figyelmesek, gyorsan reag\u00e1lnak \u00e9s elk\u00f6telezettek.  <\/p>\n<p>Cailloux-sur-Fontaines-ben, Lyon kapuj\u00e1ban tal\u00e1lhat\u00f3 irod\u00e1nk strat\u00e9giai elhelyezked\u00e9ssel rendelkezik, k\u00f6zel a nagy gazdas\u00e1gi \u00e9s k\u00f6zleked\u00e9si csom\u00f3pontokhoz. Lyon az egyed\u00fcl\u00e1ll\u00f3 gasztron\u00f3miai \u00e9lm\u00e9nyek mellett egy gazdag \u00f6r\u00f6ks\u00e9ggel rendelkez\u0151 v\u00e1ros, amely vonz\u00f3 \u00e9letk\u00f6r\u00fclm\u00e9nyeket k\u00edn\u00e1l jel\u00f6ltjeink sz\u00e1m\u00e1ra. <\/p>\n<p>Amennyiben munk\u00e1t szeretn\u00e9l v\u00e1llalni Lyon k\u00f6rny\u00e9k\u00e9n, <strong>Dominique \u00e9s csapata <\/strong>professzion\u00e1lis hozz\u00e1\u00e1ll\u00e1ssal \u00e9s elk\u00f6telezetts\u00e9ggel v\u00e1r r\u00e1d. <strong>Vedd fel vel\u00fcnk a kapcsolatot m\u00e9g ma<\/strong>, \u00e9p\u00edts\u00fck egy\u00fctt a szakmai j\u00f6v\u0151det!<\/p>","protected":false},"excerpt":{"rendered":"<p>\u00dcdv\u00f6zl\u00fcnk az AB2PRO lyoni irod\u00e1j\u00e1ban ! Irod\u00e1nk vezet\u0151je, Dominique, minden szak\u00e9rtelm\u00e9t klienseink \u00e9s jel\u00f6ltjeink szolg\u00e1lat\u00e1ba \u00e1ll\u00edtja a hat\u00e9kony toborz\u00e1s \u00e9rdek\u00e9ben. [&hellip;]<\/p>\n","protected":false},"author":1,"featured_media":0,"template":"","meta":{"_acf_changed":false,"footnotes":""},"class_list":["post-48719","agence","type-agence","status-publish","hentry"],"acf":[],"yoast_head":"<!-- This site is optimized with the Yoast SEO plugin v26.8 - https:\/\/yoast.com\/product\/yoast-seo-wordpress\/ -->\n<title>AB2PRO Lyon - AB2PRO<\/title>\n<meta name=\"robots\" content=\"index, follow, max-snippet:-1, max-image-preview:large, max-video-preview:-1\" \/>\n<link rel=\"canonical\" href=\"https:\/\/www.ab2pro.com\/hu\/agences\/lyoni-ab2pro-iroda\/\" \/>\n<meta property=\"og:locale\" content=\"hu_HU\" \/>\n<meta property=\"og:type\" content=\"article\" \/>\n<meta property=\"og:title\" content=\"AB2PRO Lyon - AB2PRO\" \/>\n<meta property=\"og:description\" content=\"\u00dcdv\u00f6zl\u00fcnk az AB2PRO lyoni irod\u00e1j\u00e1ban ! Irod\u00e1nk vezet\u0151je, Dominique, minden szak\u00e9rtelm\u00e9t klienseink \u00e9s jel\u00f6ltjeink szolg\u00e1lat\u00e1ba \u00e1ll\u00edtja a hat\u00e9kony toborz\u00e1s \u00e9rdek\u00e9ben. [&hellip;]\" \/>\n<meta property=\"og:url\" content=\"https:\/\/www.ab2pro.com\/hu\/agences\/lyoni-ab2pro-iroda\/\" \/>\n<meta property=\"og:site_name\" content=\"AB2PRO\" \/>\n<meta property=\"article:modified_time\" content=\"2025-07-14T13:53:19+00:00\" \/>\n<meta property=\"og:image\" content=\"https:\/\/www.ab2pro.com\/wp-content\/uploads\/2020\/11\/fond-home.jpg\" \/>\n\t<meta property=\"og:image:width\" content=\"1920\" \/>\n\t<meta property=\"og:image:height\" content=\"600\" \/>\n\t<meta property=\"og:image:type\" content=\"image\/jpeg\" \/>\n<meta name=\"twitter:card\" content=\"summary_large_image\" \/>\n<meta name=\"twitter:label1\" content=\"Becs\u00fclt olvas\u00e1si id\u0151\" \/>\n\t<meta name=\"twitter:data1\" content=\"2 perc\" \/>\n<script type=\"application\/ld+json\" class=\"yoast-schema-graph\">{\"@context\":\"https:\/\/schema.org\",\"@graph\":[{\"@type\":\"WebPage\",\"@id\":\"https:\/\/www.ab2pro.com\/hu\/agences\/lyoni-ab2pro-iroda\/\",\"url\":\"https:\/\/www.ab2pro.com\/hu\/agences\/lyoni-ab2pro-iroda\/\",\"name\":\"AB2PRO Lyon - AB2PRO\",\"isPartOf\":{\"@id\":\"https:\/\/www.ab2pro.com\/hu\/#website\"},\"datePublished\":\"2023-11-07T11:25:54+00:00\",\"dateModified\":\"2025-07-14T13:53:19+00:00\",\"breadcrumb\":{\"@id\":\"https:\/\/www.ab2pro.com\/hu\/agences\/lyoni-ab2pro-iroda\/#breadcrumb\"},\"inLanguage\":\"hu\",\"potentialAction\":[{\"@type\":\"ReadAction\",\"target\":[\"https:\/\/www.ab2pro.com\/hu\/agences\/lyoni-ab2pro-iroda\/\"]}]},{\"@type\":\"BreadcrumbList\",\"@id\":\"https:\/\/www.ab2pro.com\/hu\/agences\/lyoni-ab2pro-iroda\/#breadcrumb\",\"itemListElement\":[{\"@type\":\"ListItem\",\"position\":1,\"name\":\"Accueil\",\"item\":\"https:\/\/www.ab2pro.com\/hu\/\"},{\"@type\":\"ListItem\",\"position\":2,\"name\":\"Agences\",\"item\":\"https:\/\/www.ab2pro.com\/hu\/agences\/\"},{\"@type\":\"ListItem\",\"position\":3,\"name\":\"AB2PRO Lyon\"}]},{\"@type\":\"WebSite\",\"@id\":\"https:\/\/www.ab2pro.com\/hu\/#website\",\"url\":\"https:\/\/www.ab2pro.com\/hu\/\",\"name\":\"AB2PRO\",\"description\":\"Agence d&#039;emploi sp\u00e9cialis\u00e9e dans le recrutement de travailleurs europ\u00e9ens\",\"publisher\":{\"@id\":\"https:\/\/www.ab2pro.com\/hu\/#organization\"},\"potentialAction\":[{\"@type\":\"SearchAction\",\"target\":{\"@type\":\"EntryPoint\",\"urlTemplate\":\"https:\/\/www.ab2pro.com\/hu\/?s={search_term_string}\"},\"query-input\":{\"@type\":\"PropertyValueSpecification\",\"valueRequired\":true,\"valueName\":\"search_term_string\"}}],\"inLanguage\":\"hu\"},{\"@type\":\"Organization\",\"@id\":\"https:\/\/www.ab2pro.com\/hu\/#organization\",\"name\":\"AB2PRO\",\"url\":\"https:\/\/www.ab2pro.com\/hu\/\",\"logo\":{\"@type\":\"ImageObject\",\"inLanguage\":\"hu\",\"@id\":\"https:\/\/www.ab2pro.com\/hu\/#\/schema\/logo\/image\/\",\"url\":\"https:\/\/www.ab2pro.com\/wp-content\/uploads\/2020\/11\/logo-profil.png\",\"contentUrl\":\"https:\/\/www.ab2pro.com\/wp-content\/uploads\/2020\/11\/logo-profil.png\",\"width\":230,\"height\":47,\"caption\":\"AB2PRO\"},\"image\":{\"@id\":\"https:\/\/www.ab2pro.com\/hu\/#\/schema\/logo\/image\/\"}}]}<\/script>\n<!-- \/ Yoast SEO plugin. -->","yoast_head_json":{"title":"AB2PRO Lyon - AB2PRO","robots":{"index":"index","follow":"follow","max-snippet":"max-snippet:-1","max-image-preview":"max-image-preview:large","max-video-preview":"max-video-preview:-1"},"canonical":"https:\/\/www.ab2pro.com\/hu\/agences\/lyoni-ab2pro-iroda\/","og_locale":"hu_HU","og_type":"article","og_title":"AB2PRO Lyon - AB2PRO","og_description":"\u00dcdv\u00f6zl\u00fcnk az AB2PRO lyoni irod\u00e1j\u00e1ban ! Irod\u00e1nk vezet\u0151je, Dominique, minden szak\u00e9rtelm\u00e9t klienseink \u00e9s jel\u00f6ltjeink szolg\u00e1lat\u00e1ba \u00e1ll\u00edtja a hat\u00e9kony toborz\u00e1s \u00e9rdek\u00e9ben. [&hellip;]","og_url":"https:\/\/www.ab2pro.com\/hu\/agences\/lyoni-ab2pro-iroda\/","og_site_name":"AB2PRO","article_modified_time":"2025-07-14T13:53:19+00:00","og_image":[{"width":1920,"height":600,"url":"https:\/\/www.ab2pro.com\/wp-content\/uploads\/2020\/11\/fond-home.jpg","type":"image\/jpeg"}],"twitter_card":"summary_large_image","twitter_misc":{"Becs\u00fclt olvas\u00e1si id\u0151":"2 perc"},"schema":{"@context":"https:\/\/schema.org","@graph":[{"@type":"WebPage","@id":"https:\/\/www.ab2pro.com\/hu\/agences\/lyoni-ab2pro-iroda\/","url":"https:\/\/www.ab2pro.com\/hu\/agences\/lyoni-ab2pro-iroda\/","name":"AB2PRO Lyon - AB2PRO","isPartOf":{"@id":"https:\/\/www.ab2pro.com\/hu\/#website"},"datePublished":"2023-11-07T11:25:54+00:00","dateModified":"2025-07-14T13:53:19+00:00","breadcrumb":{"@id":"https:\/\/www.ab2pro.com\/hu\/agences\/lyoni-ab2pro-iroda\/#breadcrumb"},"inLanguage":"hu","potentialAction":[{"@type":"ReadAction","target":["https:\/\/www.ab2pro.com\/hu\/agences\/lyoni-ab2pro-iroda\/"]}]},{"@type":"BreadcrumbList","@id":"https:\/\/www.ab2pro.com\/hu\/agences\/lyoni-ab2pro-iroda\/#breadcrumb","itemListElement":[{"@type":"ListItem","position":1,"name":"Accueil","item":"https:\/\/www.ab2pro.com\/hu\/"},{"@type":"ListItem","position":2,"name":"Agences","item":"https:\/\/www.ab2pro.com\/hu\/agences\/"},{"@type":"ListItem","position":3,"name":"AB2PRO Lyon"}]},{"@type":"WebSite","@id":"https:\/\/www.ab2pro.com\/hu\/#website","url":"https:\/\/www.ab2pro.com\/hu\/","name":"AB2PRO","description":"Agence d&#039;emploi sp\u00e9cialis\u00e9e dans le recrutement de travailleurs europ\u00e9ens","publisher":{"@id":"https:\/\/www.ab2pro.com\/hu\/#organization"},"potentialAction":[{"@type":"SearchAction","target":{"@type":"EntryPoint","urlTemplate":"https:\/\/www.ab2pro.com\/hu\/?s={search_term_string}"},"query-input":{"@type":"PropertyValueSpecification","valueRequired":true,"valueName":"search_term_string"}}],"inLanguage":"hu"},{"@type":"Organization","@id":"https:\/\/www.ab2pro.com\/hu\/#organization","name":"AB2PRO","url":"https:\/\/www.ab2pro.com\/hu\/","logo":{"@type":"ImageObject","inLanguage":"hu","@id":"https:\/\/www.ab2pro.com\/hu\/#\/schema\/logo\/image\/","url":"https:\/\/www.ab2pro.com\/wp-content\/uploads\/2020\/11\/logo-profil.png","contentUrl":"https:\/\/www.ab2pro.com\/wp-content\/uploads\/2020\/11\/logo-profil.png","width":230,"height":47,"caption":"AB2PRO"},"image":{"@id":"https:\/\/www.ab2pro.com\/hu\/#\/schema\/logo\/image\/"}}]}},"_links":{"self":[{"href":"https:\/\/www.ab2pro.com\/hu\/wp-json\/wp\/v2\/agence\/48719","targetHints":{"allow":["GET"]}}],"collection":[{"href":"https:\/\/www.ab2pro.com\/hu\/wp-json\/wp\/v2\/agence"}],"about":[{"href":"https:\/\/www.ab2pro.com\/hu\/wp-json\/wp\/v2\/types\/agence"}],"author":[{"embeddable":true,"href":"https:\/\/www.ab2pro.com\/hu\/wp-json\/wp\/v2\/users\/1"}],"version-history":[{"count":0,"href":"https:\/\/www.ab2pro.com\/hu\/wp-json\/wp\/v2\/agence\/48719\/revisions"}],"wp:attachment":[{"href":"https:\/\/www.ab2pro.com\/hu\/wp-json\/wp\/v2\/media?parent=48719"}],"curies":[{"name":"wp","href":"https:\/\/api.w.org\/{rel}","templated":true}]}}

<p data-pm-slice="0 0 []"><strong>Üdvözlünk az AB2PRO lyoni irodájában !</strong></p>
<p>Irodánk vezetője, <strong>Dominique</strong>, minden szakértelmét klienseink és jelöltjeink szolgálatába állítja a hatékony toborzás érdekében. <strong>Mellette egy csapat </strong>biztosítja a kapcsolatot a vállalatok és munkavállalóink között, megtalálja a megfelelő jelölteket és garantálja a személyre szabott támogatást. Emellett a csapat tagjai gondoskodnak az iroda zökkenőmentes működéséről, az adminisztratív nyomon követésről és a megbízások zökkenőmentes lebonyolításáról.  </p>
<p><strong>Irodánk munkatársai</strong> kulcsszerepet játszanak a tehetségek kiválasztásában. Professzionalizmusuknak köszönhetően garantálják a minőségi szolgáltatást. Figyelmesek, gyorsan reagálnak és elkötelezettek.  </p>
<p>Cailloux-sur-Fontaines-ben, Lyon kapujában található irodánk stratégiai elhelyezkedéssel rendelkezik, közel a nagy gazdasági és közlekedési csomópontokhoz. Lyon az egyedülálló gasztronómiai élmények mellett egy gazdag örökséggel rendelkező város, amely vonzó életkörülményeket kínál jelöltjeink számára. </p>
<p>Amennyiben munkát szeretnél vállalni Lyon környékén, <strong>Dominique és csapata </strong>professzionális hozzáállással és elkötelezettséggel vár rád. <strong>Vedd fel velünk a kapcsolatot még ma</strong>, építsük együtt a szakmai jövődet!</p>

<p>Üdvözlünk az AB2PRO lyoni irodájában ! Irodánk vezetője, Dominique, minden szakértelmét klienseink és jelöltjeink szolgálatába állítja a hatékony toborzás érdekében. [&hellip;]</p>

<!-- This site is optimized with the Yoast SEO plugin v26.8 - https://yoast.com/product/yoast-seo-wordpress/ -->
<title>AB2PRO Lyon - AB2PRO</title>
<meta name="robots" content="index, follow, max-snippet:-1, max-image-preview:large, max-video-preview:-1" />
<link rel="canonical" href="https://www.ab2pro.com/hu/agences/lyoni-ab2pro-iroda/" />
<meta property="og:locale" content="hu_HU" />
<meta property="og:type" content="article" />
<meta property="og:title" content="AB2PRO Lyon - AB2PRO" />
<meta property="og:description" content="Üdvözlünk az AB2PRO lyoni irodájában ! Irodánk vezetője, Dominique, minden szakértelmét klienseink és jelöltjeink szolgálatába állítja a hatékony toborzás érdekében. [&hellip;]" />
<meta property="og:url" content="https://www.ab2pro.com/hu/agences/lyoni-ab2pro-iroda/" />
<meta property="og:site_name" content="AB2PRO" />
<meta property="article:modified_time" content="2025-07-14T13:53:19+00:00" />
<meta property="og:image" content="https://www.ab2pro.com/wp-content/uploads/2020/11/fond-home.jpg" />
	<meta property="og:image:width" content="1920" />
	<meta property="og:image:height" content="600" />
	<meta property="og:image:type" content="image/jpeg" />
<meta name="twitter:card" content="summary_large_image" />
<meta name="twitter:label1" content="Becsült olvasási idő" />
	<meta name="twitter:data1" content="2 perc" />
<script type="application/ld+json" class="yoast-schema-graph">{"@context":"https://schema.org","@graph":[{"@type":"WebPage","@id":"https://www.ab2pro.com/hu/agences/lyoni-ab2pro-iroda/","url":"https://www.ab2pro.com/hu/agences/lyoni-ab2pro-iroda/","name":"AB2PRO Lyon - AB2PRO","isPartOf":{"@id":"https://www.ab2pro.com/hu/#website"},"datePublished":"2023-11-07T11:25:54+00:00","dateModified":"2025-07-14T13:53:19+00:00","breadcrumb":{"@id":"https://www.ab2pro.com/hu/agences/lyoni-ab2pro-iroda/#breadcrumb"},"inLanguage":"hu","potentialAction":[{"@type":"ReadAction","target":["https://www.ab2pro.com/hu/agences/lyoni-ab2pro-iroda/"]}]},{"@type":"BreadcrumbList","@id":"https://www.ab2pro.com/hu/agences/lyoni-ab2pro-iroda/#breadcrumb","itemListElement":[{"@type":"ListItem","position":1,"name":"Accueil","item":"https://www.ab2pro.com/hu/"},{"@type":"ListItem","position":2,"name":"Agences","item":"https://www.ab2pro.com/hu/agences/"},{"@type":"ListItem","position":3,"name":"AB2PRO Lyon"}]},{"@type":"WebSite","@id":"https://www.ab2pro.com/hu/#website","url":"https://www.ab2pro.com/hu/","name":"AB2PRO","description":"Agence d&#039;emploi spécialisée dans le recrutement de travailleurs européens","publisher":{"@id":"https://www.ab2pro.com/hu/#organization"},"potentialAction":[{"@type":"SearchAction","target":{"@type":"EntryPoint","urlTemplate":"https://www.ab2pro.com/hu/?s={search_term_string}"},"query-input":{"@type":"PropertyValueSpecification","valueRequired":true,"valueName":"search_term_string"}}],"inLanguage":"hu"},{"@type":"Organization","@id":"https://www.ab2pro.com/hu/#organization","name":"AB2PRO","url":"https://www.ab2pro.com/hu/","logo":{"@type":"ImageObject","inLanguage":"hu","@id":"https://www.ab2pro.com/hu/#/schema/logo/image/","url":"https://www.ab2pro.com/wp-content/uploads/2020/11/logo-profil.png","contentUrl":"https://www.ab2pro.com/wp-content/uploads/2020/11/logo-profil.png","width":230,"height":47,"caption":"AB2PRO"},"image":{"@id":"https://www.ab2pro.com/hu/#/schema/logo/image/"}}]}</script>
<!-- / Yoast SEO plugin. -->

Üdvözlünk az AB2PRO lyoni irodájában ! Irodánk vezetője, Dominique, minden szakértelmét klienseink és jelöltjeink szolgálatába állítja a hatékony toborzás érdekében. [&hellip;]

Agence d&#039;emploi spécialisée dans le recrutement de travailleurs européens
