
{"id":48749,"date":"2023-11-07T12:50:24","date_gmt":"2023-11-07T11:50:24","guid":{"rendered":"https:\/\/www.ab2pro.com\/?post_type=agence&#038;p=48749"},"modified":"2025-07-17T16:39:36","modified_gmt":"2025-07-17T14:39:36","slug":"ab2pro-csikszereda","status":"publish","type":"agence","link":"https:\/\/www.ab2pro.com\/hu\/agences\/ab2pro-csikszereda\/","title":{"rendered":"AB2PRO Cs\u00edkszereda"},"content":{"rendered":"<p data-pm-slice=\"0 0 []\"><strong>Az Erd\u00e9lyb\u0151l \u00e9rkez\u0151 n\u00f6vekv\u0151 \u00e9rdekl\u0151d\u00e9s miatt 2019-ben megnyitotta kapuit az AB2PRO cs\u00edkszeredai irod\u00e1ja.<\/strong> <strong>Csapatunk <\/strong>az\u00f3ta is t\u00f6retlen\u00fcl fogadja a magyar nyelven besz\u00e9l\u0151 jelentkez\u0151ket. <strong>Helyi munkat\u00e1rsaink<\/strong> c\u00e9g\u00fcnkn\u00e9l szerzett tapasztalataiknak k\u00f6sz\u00f6nhet\u0151en kiv\u00e1l\u00f3 t\u00e1mogat\u00e1st tudnak ny\u00fajtani a kezdeti id\u0151szakokban. <\/p>\n<p><strong>Cs\u00edkszereda <\/strong>sz\u00e1mtalan t\u00f6rt\u00e9nelmi eml\u00e9km\u0171vel, term\u00e9szeti csod\u00e1val \u00e9s n\u00e9prajzi k\u00fcl\u00f6nlegess\u00e9ggel b\u00fcszk\u00e9lkedhet. Hargita megye sz\u00e9khelye, a v\u00e1ros \u2013 amely r\u00e9gen Csiksz\u00e9k n\u00e9ven volt ismert \u2013 sok\u00e1ig meg\u0151rizte kisv\u00e1rosi jelleg\u00e9t. Ma modern infrastrukt\u00far\u00e1val \u00e9s sz\u00e1mos l\u00e1tnival\u00f3val v\u00e1rja l\u00e1togat\u00f3it.  <\/p>\n<p>A Cs\u00edki havasok \u00e9s a Hargita hegys\u00e9g k\u00f6z\u00f6tti medenc\u00e9ben fekv\u0151 v\u00e1ros, a 20. sz\u00e1zad \u00f3ta egy telep\u00fcl\u00e9st alkot Cs\u00edksomly\u00f3val, Cs\u00edktaploc\u00e1val \u00e9s Cs\u00edkzs\u00f6g\u00f6ddel. A v\u00e1ros mai infrastrukt\u00far\u00e1ja a nagy \u201ev\u00e1rostervez\u00e9s\u201d sor\u00e1n alakult ki. Kor\u00e1bban, sz\u0171k ter\u00fclet\u00e9nek k\u00f6sz\u00f6nhet\u0151en, a v\u00e1ros csak k\u00e9t &#8222;T&#8221; alak\u00fa utc\u00e1b\u00f3l \u00e1llt, melyeket egy hegyoldal \u00e9s egy mocsaras ter\u00fclet hat\u00e1rolt.<\/p>\n<p>Minden term\u00e9szetkedvel\u0151 sz\u00e1m\u00e1ra <strong>Cs\u00edkszereda <\/strong>\u00e9s Erd\u00e9ly eg\u00e9sz ter\u00fclete ide\u00e1lis \u00fati c\u00e9l lehet. A z\u00f6ld ter\u00fcletekkel k\u00f6r\u00fclvett v\u00e1rost az Olt foly\u00f3 szeli \u00e1t, amely kiv\u00e1l\u00f3an alkalmas t\u00far\u00e1z\u00e1sra (term\u00e9szetesen a medv\u00e9k t\u00falszaporod\u00e1sa miatt aj\u00e1nlott az el\u0151re megszervezett csoportos t\u00far\u00e1kat v\u00e1lasztani). <\/p>\n<p>A term\u00e9szeti \u00e9s \u00e9p\u00edt\u00e9szeti csod\u00e1k mellett Cs\u00edkszereda otthont ad egy katolikus er\u0151d\u00edtm\u00e9nynek \u00e9s zar\u00e1ndokhelynek, a cs\u00edksomly\u00f3i templomnak, amely \u00e9vente rengeteg l\u00e1togat\u00f3t vonz mag\u00e1hoz. <\/p>\n<p>S\u00e9ta vagy kir\u00e1ndul\u00e1s sor\u00e1n \u00e9rdemes felfedezni: a Szent Anna-tavat, a Tueur-tavat, a B\u00e9k\u00e1s-szorost, a v\u00e1ros k\u00f6zpontj\u00e1t, a n\u00e9pm\u0171v\u00e9szeti v\u00e1s\u00e1rt, valamint a k\u00f6rnyez\u0151 falvakat, mint Korond, Parajd, Szov\u00e1ta, Beszterce vagy a Kelemen-havasok Nemzeti Park.<\/p>\n<p>Term\u00e9szetesen ha Cs\u00edkszered\u00e1ban j\u00e1rsz,<strong> ne felejts el ell\u00e1togatni irod\u00e1nkhoz, <\/strong>ahol csapatunk mindig k\u00e9szen \u00e1ll arra, hogy seg\u00edtsen megtal\u00e1lni a sz\u00e1modra legmegfelel\u0151bb \u00e1ll\u00e1slehet\u0151s\u00e9get \u00e9s seg\u00edtenek majd, hogy k\u00f6nnyed\u00e9n be tudj illeszkedni az <strong>#AB2PROCSAPAT<\/strong> -ba. Szil\u00e1rd gyakorlati tapasztalattal rendelkez\u0151<strong> toborz\u00f3 csapatunk <\/strong>hat\u00e9kony t\u00e1mogat\u00e1st ny\u00fajt a legels\u0151 l\u00e9p\u00e9sekt\u0151l kezdve.  <\/p>","protected":false},"excerpt":{"rendered":"<p>Az Erd\u00e9lyb\u0151l \u00e9rkez\u0151 n\u00f6vekv\u0151 \u00e9rdekl\u0151d\u00e9s miatt 2019-ben megnyitotta kapuit az AB2PRO cs\u00edkszeredai irod\u00e1ja. Csapatunk az\u00f3ta is t\u00f6retlen\u00fcl fogadja a magyar [&hellip;]<\/p>\n","protected":false},"author":1,"featured_media":0,"template":"","meta":{"_acf_changed":false,"footnotes":""},"class_list":["post-48749","agence","type-agence","status-publish","hentry"],"acf":[],"yoast_head":"<!-- This site is optimized with the Yoast SEO plugin v26.8 - https:\/\/yoast.com\/product\/yoast-seo-wordpress\/ -->\n<title>AB2PRO Cs\u00edkszereda - AB2PRO<\/title>\n<meta name=\"robots\" content=\"index, follow, max-snippet:-1, max-image-preview:large, max-video-preview:-1\" \/>\n<link rel=\"canonical\" href=\"https:\/\/www.ab2pro.com\/hu\/agences\/ab2pro-csikszereda\/\" \/>\n<meta property=\"og:locale\" content=\"hu_HU\" \/>\n<meta property=\"og:type\" content=\"article\" \/>\n<meta property=\"og:title\" content=\"AB2PRO Cs\u00edkszereda - AB2PRO\" \/>\n<meta property=\"og:description\" content=\"Az Erd\u00e9lyb\u0151l \u00e9rkez\u0151 n\u00f6vekv\u0151 \u00e9rdekl\u0151d\u00e9s miatt 2019-ben megnyitotta kapuit az AB2PRO cs\u00edkszeredai irod\u00e1ja. Csapatunk az\u00f3ta is t\u00f6retlen\u00fcl fogadja a magyar [&hellip;]\" \/>\n<meta property=\"og:url\" content=\"https:\/\/www.ab2pro.com\/hu\/agences\/ab2pro-csikszereda\/\" \/>\n<meta property=\"og:site_name\" content=\"AB2PRO\" \/>\n<meta property=\"article:modified_time\" content=\"2025-07-17T14:39:36+00:00\" \/>\n<meta property=\"og:image\" content=\"https:\/\/www.ab2pro.com\/wp-content\/uploads\/2020\/11\/fond-home.jpg\" \/>\n\t<meta property=\"og:image:width\" content=\"1920\" \/>\n\t<meta property=\"og:image:height\" content=\"600\" \/>\n\t<meta property=\"og:image:type\" content=\"image\/jpeg\" \/>\n<meta name=\"twitter:card\" content=\"summary_large_image\" \/>\n<meta name=\"twitter:label1\" content=\"Becs\u00fclt olvas\u00e1si id\u0151\" \/>\n\t<meta name=\"twitter:data1\" content=\"2 perc\" \/>\n<script type=\"application\/ld+json\" class=\"yoast-schema-graph\">{\"@context\":\"https:\/\/schema.org\",\"@graph\":[{\"@type\":\"WebPage\",\"@id\":\"https:\/\/www.ab2pro.com\/hu\/agences\/ab2pro-csikszereda\/\",\"url\":\"https:\/\/www.ab2pro.com\/hu\/agences\/ab2pro-csikszereda\/\",\"name\":\"AB2PRO Cs\u00edkszereda - AB2PRO\",\"isPartOf\":{\"@id\":\"https:\/\/www.ab2pro.com\/hu\/#website\"},\"datePublished\":\"2023-11-07T11:50:24+00:00\",\"dateModified\":\"2025-07-17T14:39:36+00:00\",\"breadcrumb\":{\"@id\":\"https:\/\/www.ab2pro.com\/hu\/agences\/ab2pro-csikszereda\/#breadcrumb\"},\"inLanguage\":\"hu\",\"potentialAction\":[{\"@type\":\"ReadAction\",\"target\":[\"https:\/\/www.ab2pro.com\/hu\/agences\/ab2pro-csikszereda\/\"]}]},{\"@type\":\"BreadcrumbList\",\"@id\":\"https:\/\/www.ab2pro.com\/hu\/agences\/ab2pro-csikszereda\/#breadcrumb\",\"itemListElement\":[{\"@type\":\"ListItem\",\"position\":1,\"name\":\"Accueil\",\"item\":\"https:\/\/www.ab2pro.com\/hu\/\"},{\"@type\":\"ListItem\",\"position\":2,\"name\":\"Agences\",\"item\":\"https:\/\/www.ab2pro.com\/hu\/agences\/\"},{\"@type\":\"ListItem\",\"position\":3,\"name\":\"AB2PRO Cs\u00edkszereda\"}]},{\"@type\":\"WebSite\",\"@id\":\"https:\/\/www.ab2pro.com\/hu\/#website\",\"url\":\"https:\/\/www.ab2pro.com\/hu\/\",\"name\":\"AB2PRO\",\"description\":\"Agence d&#039;emploi sp\u00e9cialis\u00e9e dans le recrutement de travailleurs europ\u00e9ens\",\"publisher\":{\"@id\":\"https:\/\/www.ab2pro.com\/hu\/#organization\"},\"potentialAction\":[{\"@type\":\"SearchAction\",\"target\":{\"@type\":\"EntryPoint\",\"urlTemplate\":\"https:\/\/www.ab2pro.com\/hu\/?s={search_term_string}\"},\"query-input\":{\"@type\":\"PropertyValueSpecification\",\"valueRequired\":true,\"valueName\":\"search_term_string\"}}],\"inLanguage\":\"hu\"},{\"@type\":\"Organization\",\"@id\":\"https:\/\/www.ab2pro.com\/hu\/#organization\",\"name\":\"AB2PRO\",\"url\":\"https:\/\/www.ab2pro.com\/hu\/\",\"logo\":{\"@type\":\"ImageObject\",\"inLanguage\":\"hu\",\"@id\":\"https:\/\/www.ab2pro.com\/hu\/#\/schema\/logo\/image\/\",\"url\":\"https:\/\/www.ab2pro.com\/wp-content\/uploads\/2020\/11\/logo-profil.png\",\"contentUrl\":\"https:\/\/www.ab2pro.com\/wp-content\/uploads\/2020\/11\/logo-profil.png\",\"width\":230,\"height\":47,\"caption\":\"AB2PRO\"},\"image\":{\"@id\":\"https:\/\/www.ab2pro.com\/hu\/#\/schema\/logo\/image\/\"}}]}<\/script>\n<!-- \/ Yoast SEO plugin. -->","yoast_head_json":{"title":"AB2PRO Cs\u00edkszereda - AB2PRO","robots":{"index":"index","follow":"follow","max-snippet":"max-snippet:-1","max-image-preview":"max-image-preview:large","max-video-preview":"max-video-preview:-1"},"canonical":"https:\/\/www.ab2pro.com\/hu\/agences\/ab2pro-csikszereda\/","og_locale":"hu_HU","og_type":"article","og_title":"AB2PRO Cs\u00edkszereda - AB2PRO","og_description":"Az Erd\u00e9lyb\u0151l \u00e9rkez\u0151 n\u00f6vekv\u0151 \u00e9rdekl\u0151d\u00e9s miatt 2019-ben megnyitotta kapuit az AB2PRO cs\u00edkszeredai irod\u00e1ja. Csapatunk az\u00f3ta is t\u00f6retlen\u00fcl fogadja a magyar [&hellip;]","og_url":"https:\/\/www.ab2pro.com\/hu\/agences\/ab2pro-csikszereda\/","og_site_name":"AB2PRO","article_modified_time":"2025-07-17T14:39:36+00:00","og_image":[{"width":1920,"height":600,"url":"https:\/\/www.ab2pro.com\/wp-content\/uploads\/2020\/11\/fond-home.jpg","type":"image\/jpeg"}],"twitter_card":"summary_large_image","twitter_misc":{"Becs\u00fclt olvas\u00e1si id\u0151":"2 perc"},"schema":{"@context":"https:\/\/schema.org","@graph":[{"@type":"WebPage","@id":"https:\/\/www.ab2pro.com\/hu\/agences\/ab2pro-csikszereda\/","url":"https:\/\/www.ab2pro.com\/hu\/agences\/ab2pro-csikszereda\/","name":"AB2PRO Cs\u00edkszereda - AB2PRO","isPartOf":{"@id":"https:\/\/www.ab2pro.com\/hu\/#website"},"datePublished":"2023-11-07T11:50:24+00:00","dateModified":"2025-07-17T14:39:36+00:00","breadcrumb":{"@id":"https:\/\/www.ab2pro.com\/hu\/agences\/ab2pro-csikszereda\/#breadcrumb"},"inLanguage":"hu","potentialAction":[{"@type":"ReadAction","target":["https:\/\/www.ab2pro.com\/hu\/agences\/ab2pro-csikszereda\/"]}]},{"@type":"BreadcrumbList","@id":"https:\/\/www.ab2pro.com\/hu\/agences\/ab2pro-csikszereda\/#breadcrumb","itemListElement":[{"@type":"ListItem","position":1,"name":"Accueil","item":"https:\/\/www.ab2pro.com\/hu\/"},{"@type":"ListItem","position":2,"name":"Agences","item":"https:\/\/www.ab2pro.com\/hu\/agences\/"},{"@type":"ListItem","position":3,"name":"AB2PRO Cs\u00edkszereda"}]},{"@type":"WebSite","@id":"https:\/\/www.ab2pro.com\/hu\/#website","url":"https:\/\/www.ab2pro.com\/hu\/","name":"AB2PRO","description":"Agence d&#039;emploi sp\u00e9cialis\u00e9e dans le recrutement de travailleurs europ\u00e9ens","publisher":{"@id":"https:\/\/www.ab2pro.com\/hu\/#organization"},"potentialAction":[{"@type":"SearchAction","target":{"@type":"EntryPoint","urlTemplate":"https:\/\/www.ab2pro.com\/hu\/?s={search_term_string}"},"query-input":{"@type":"PropertyValueSpecification","valueRequired":true,"valueName":"search_term_string"}}],"inLanguage":"hu"},{"@type":"Organization","@id":"https:\/\/www.ab2pro.com\/hu\/#organization","name":"AB2PRO","url":"https:\/\/www.ab2pro.com\/hu\/","logo":{"@type":"ImageObject","inLanguage":"hu","@id":"https:\/\/www.ab2pro.com\/hu\/#\/schema\/logo\/image\/","url":"https:\/\/www.ab2pro.com\/wp-content\/uploads\/2020\/11\/logo-profil.png","contentUrl":"https:\/\/www.ab2pro.com\/wp-content\/uploads\/2020\/11\/logo-profil.png","width":230,"height":47,"caption":"AB2PRO"},"image":{"@id":"https:\/\/www.ab2pro.com\/hu\/#\/schema\/logo\/image\/"}}]}},"_links":{"self":[{"href":"https:\/\/www.ab2pro.com\/hu\/wp-json\/wp\/v2\/agence\/48749","targetHints":{"allow":["GET"]}}],"collection":[{"href":"https:\/\/www.ab2pro.com\/hu\/wp-json\/wp\/v2\/agence"}],"about":[{"href":"https:\/\/www.ab2pro.com\/hu\/wp-json\/wp\/v2\/types\/agence"}],"author":[{"embeddable":true,"href":"https:\/\/www.ab2pro.com\/hu\/wp-json\/wp\/v2\/users\/1"}],"version-history":[{"count":0,"href":"https:\/\/www.ab2pro.com\/hu\/wp-json\/wp\/v2\/agence\/48749\/revisions"}],"wp:attachment":[{"href":"https:\/\/www.ab2pro.com\/hu\/wp-json\/wp\/v2\/media?parent=48749"}],"curies":[{"name":"wp","href":"https:\/\/api.w.org\/{rel}","templated":true}]}}

AB2PRO Csíkszereda

<p data-pm-slice="0 0 []"><strong>Az Erdélyből érkező növekvő érdeklődés miatt 2019-ben megnyitotta kapuit az AB2PRO csíkszeredai irodája.</strong> <strong>Csapatunk </strong>azóta is töretlenül fogadja a magyar nyelven beszélő jelentkezőket. <strong>Helyi munkatársaink</strong> cégünknél szerzett tapasztalataiknak köszönhetően kiváló támogatást tudnak nyújtani a kezdeti időszakokban. </p>
<p><strong>Csíkszereda </strong>számtalan történelmi emlékművel, természeti csodával és néprajzi különlegességgel büszkélkedhet. Hargita megye székhelye, a város – amely régen Csikszék néven volt ismert – sokáig megőrizte kisvárosi jellegét. Ma modern infrastruktúrával és számos látnivalóval várja látogatóit.  </p>
<p>A Csíki havasok és a Hargita hegység közötti medencében fekvő város, a 20. század óta egy települést alkot Csíksomlyóval, Csíktaplocával és Csíkzsögöddel. A város mai infrastruktúrája a nagy „várostervezés” során alakult ki. Korábban, szűk területének köszönhetően, a város csak két &#8222;T&#8221; alakú utcából állt, melyeket egy hegyoldal és egy mocsaras terület határolt.</p>
<p>Minden természetkedvelő számára <strong>Csíkszereda </strong>és Erdély egész területe ideális úti cél lehet. A zöld területekkel körülvett várost az Olt folyó szeli át, amely kiválóan alkalmas túrázásra (természetesen a medvék túlszaporodása miatt ajánlott az előre megszervezett csoportos túrákat választani). </p>
<p>A természeti és építészeti csodák mellett Csíkszereda otthont ad egy katolikus erődítménynek és zarándokhelynek, a csíksomlyói templomnak, amely évente rengeteg látogatót vonz magához. </p>
<p>Séta vagy kirándulás során érdemes felfedezni: a Szent Anna-tavat, a Tueur-tavat, a Békás-szorost, a város központját, a népművészeti vásárt, valamint a környező falvakat, mint Korond, Parajd, Szováta, Beszterce vagy a Kelemen-havasok Nemzeti Park.</p>
<p>Természetesen ha Csíkszeredában jársz,<strong> ne felejts el ellátogatni irodánkhoz, </strong>ahol csapatunk mindig készen áll arra, hogy segítsen megtalálni a számodra legmegfelelőbb álláslehetőséget és segítenek majd, hogy könnyedén be tudj illeszkedni az <strong>#AB2PROCSAPAT</strong> -ba. Szilárd gyakorlati tapasztalattal rendelkező<strong> toborzó csapatunk </strong>hatékony támogatást nyújt a legelső lépésektől kezdve.  </p>

<p>Az Erdélyből érkező növekvő érdeklődés miatt 2019-ben megnyitotta kapuit az AB2PRO csíkszeredai irodája. Csapatunk azóta is töretlenül fogadja a magyar [&hellip;]</p>

<!-- This site is optimized with the Yoast SEO plugin v26.8 - https://yoast.com/product/yoast-seo-wordpress/ -->
<title>AB2PRO Csíkszereda - AB2PRO</title>
<meta name="robots" content="index, follow, max-snippet:-1, max-image-preview:large, max-video-preview:-1" />
<link rel="canonical" href="https://www.ab2pro.com/hu/agences/ab2pro-csikszereda/" />
<meta property="og:locale" content="hu_HU" />
<meta property="og:type" content="article" />
<meta property="og:title" content="AB2PRO Csíkszereda - AB2PRO" />
<meta property="og:description" content="Az Erdélyből érkező növekvő érdeklődés miatt 2019-ben megnyitotta kapuit az AB2PRO csíkszeredai irodája. Csapatunk azóta is töretlenül fogadja a magyar [&hellip;]" />
<meta property="og:url" content="https://www.ab2pro.com/hu/agences/ab2pro-csikszereda/" />
<meta property="og:site_name" content="AB2PRO" />
<meta property="article:modified_time" content="2025-07-17T14:39:36+00:00" />
<meta property="og:image" content="https://www.ab2pro.com/wp-content/uploads/2020/11/fond-home.jpg" />
	<meta property="og:image:width" content="1920" />
	<meta property="og:image:height" content="600" />
	<meta property="og:image:type" content="image/jpeg" />
<meta name="twitter:card" content="summary_large_image" />
<meta name="twitter:label1" content="Becsült olvasási idő" />
	<meta name="twitter:data1" content="2 perc" />
<script type="application/ld+json" class="yoast-schema-graph">{"@context":"https://schema.org","@graph":[{"@type":"WebPage","@id":"https://www.ab2pro.com/hu/agences/ab2pro-csikszereda/","url":"https://www.ab2pro.com/hu/agences/ab2pro-csikszereda/","name":"AB2PRO Csíkszereda - AB2PRO","isPartOf":{"@id":"https://www.ab2pro.com/hu/#website"},"datePublished":"2023-11-07T11:50:24+00:00","dateModified":"2025-07-17T14:39:36+00:00","breadcrumb":{"@id":"https://www.ab2pro.com/hu/agences/ab2pro-csikszereda/#breadcrumb"},"inLanguage":"hu","potentialAction":[{"@type":"ReadAction","target":["https://www.ab2pro.com/hu/agences/ab2pro-csikszereda/"]}]},{"@type":"BreadcrumbList","@id":"https://www.ab2pro.com/hu/agences/ab2pro-csikszereda/#breadcrumb","itemListElement":[{"@type":"ListItem","position":1,"name":"Accueil","item":"https://www.ab2pro.com/hu/"},{"@type":"ListItem","position":2,"name":"Agences","item":"https://www.ab2pro.com/hu/agences/"},{"@type":"ListItem","position":3,"name":"AB2PRO Csíkszereda"}]},{"@type":"WebSite","@id":"https://www.ab2pro.com/hu/#website","url":"https://www.ab2pro.com/hu/","name":"AB2PRO","description":"Agence d&#039;emploi spécialisée dans le recrutement de travailleurs européens","publisher":{"@id":"https://www.ab2pro.com/hu/#organization"},"potentialAction":[{"@type":"SearchAction","target":{"@type":"EntryPoint","urlTemplate":"https://www.ab2pro.com/hu/?s={search_term_string}"},"query-input":{"@type":"PropertyValueSpecification","valueRequired":true,"valueName":"search_term_string"}}],"inLanguage":"hu"},{"@type":"Organization","@id":"https://www.ab2pro.com/hu/#organization","name":"AB2PRO","url":"https://www.ab2pro.com/hu/","logo":{"@type":"ImageObject","inLanguage":"hu","@id":"https://www.ab2pro.com/hu/#/schema/logo/image/","url":"https://www.ab2pro.com/wp-content/uploads/2020/11/logo-profil.png","contentUrl":"https://www.ab2pro.com/wp-content/uploads/2020/11/logo-profil.png","width":230,"height":47,"caption":"AB2PRO"},"image":{"@id":"https://www.ab2pro.com/hu/#/schema/logo/image/"}}]}</script>
<!-- / Yoast SEO plugin. -->

AB2PRO Csíkszereda - AB2PRO

Az Erdélyből érkező növekvő érdeklődés miatt 2019-ben megnyitotta kapuit az AB2PRO csíkszeredai irodája. Csapatunk azóta is töretlenül fogadja a magyar [&hellip;]

Agence d&#039;emploi spécialisée dans le recrutement de travailleurs européens
