
{"id":48912,"date":"2023-11-07T15:19:14","date_gmt":"2023-11-07T14:19:14","guid":{"rendered":"https:\/\/www.ab2pro.com\/?post_type=agence&#038;p=48912"},"modified":"2025-07-02T11:52:13","modified_gmt":"2025-07-02T09:52:13","slug":"bordeaux-i-ab2pro-iroda","status":"publish","type":"agence","link":"https:\/\/www.ab2pro.com\/hu\/agences\/bordeaux-i-ab2pro-iroda\/","title":{"rendered":"AB2PRO Bordeaux"},"content":{"rendered":"<p data-pm-slice=\"0 0 []\"><strong>\u00dcdv\u00f6zl\u00fcnk bordeaux-i irod\u00e1nkban,<\/strong> ahol a lehet\u0151s\u00e9gek \u00e9s a tehets\u00e9gek egy bar\u00e1ts\u00e1gos \u00e9s dinamikus l\u00e9gk\u00f6rben tal\u00e1lkozhatnak.<\/p>\n<p>Az iroda vezet\u0151je <strong>Quentin<\/strong>, aki szak\u00e9rtelm\u00e9vel \u00e9s elk\u00f6telezetts\u00e9g\u00e9vel mindent megtesz annak \u00e9rdek\u00e9ben, hogy klienseink sz\u00e1m\u00e1ra hat\u00e9kony \u00e9s szem\u00e9lyre szabott toborz\u00e1si szolg\u00e1ltat\u00e1st biztos\u00edtson. <\/p>\n<p>Term\u00e9szetesen a jelentkez\u0151k megtal\u00e1l\u00e1s\u00e1ban <strong>csapata<\/strong> is fontos szerepet j\u00e1tszik. Alaposan ismerik a munkaer\u0151piacot, kiv\u00e1l\u00f3 kapcsolatteremt\u0151 k\u00e9szs\u00e9ggel \u00e9s toborz\u00e1si szak\u00e9rtelemmel rendelkeznek, amelynek k\u00f6sz\u00f6nhet\u0151en k\u00f6nnyen viszik sikerre megrendel\u00e9seinket \u00e9s hozz\u00e1k \u00f6sszhangba jelentkez\u0151ink kompetenci\u00e1it \u00e9s klienseink ig\u00e9nyeit. <\/p>\n<p><strong>Bordeaux<\/strong>, a var\u00e1zslatos t\u00f6rt\u00e9nelmi v\u00e1ros egy olyan ide\u00e1lis munkak\u00f6rnyezetet k\u00edn\u00e1l, ahol a hagyom\u00e1ny \u00e9s a modernit\u00e1s tal\u00e1lkozik. Macskak\u00f6ves utc\u00e1ival, eleg\u00e1ns \u00e9p\u00edt\u00e9szet\u00e9vel \u00e9s ny\u00fczsg\u0151 rakpartjaival kedvez\u0151 k\u00f6rnyezetet biztos\u00edt a szakmai \u00e9s szem\u00e9lyes fejl\u0151d\u00e9shez. <\/p>\n<p>Ne hagyd ki a lehet\u0151s\u00e9get, <strong>vedd fel a kapcsolatot irod\u00e1nkkal m\u00e9g ma<\/strong>! <strong>Quentin \u00e9s csapata<\/strong> \u00e1llnak rendelkez\u00e9sedre, hogy megtal\u00e1lj\u00e1k a neked legmegfelel\u0151bb \u00e1ll\u00e1slehet\u0151s\u00e9get.<\/p>\n<p><strong>Egy\u00fctt <\/strong>egy dinamikus \u00e9s hat\u00e9kony csapatot fogunk alkotni, amely k\u00e9szen \u00e1ll minden kih\u00edv\u00e1s lek\u00fczd\u00e9s\u00e9re. <strong>V\u00e1rjuk jelentkez\u00e9sed<\/strong>, ne hagyd ki a lehet\u0151s\u00e9get!<\/p>","protected":false},"excerpt":{"rendered":"<p>\u00dcdv\u00f6zl\u00fcnk bordeaux-i irod\u00e1nkban, ahol a lehet\u0151s\u00e9gek \u00e9s a tehets\u00e9gek egy bar\u00e1ts\u00e1gos \u00e9s dinamikus l\u00e9gk\u00f6rben tal\u00e1lkozhatnak. Az iroda vezet\u0151je Quentin, aki [&hellip;]<\/p>\n","protected":false},"author":1,"featured_media":72062,"template":"","meta":{"_acf_changed":false,"footnotes":""},"class_list":["post-48912","agence","type-agence","status-publish","has-post-thumbnail","hentry"],"acf":[],"yoast_head":"<!-- This site is optimized with the Yoast SEO plugin v26.8 - https:\/\/yoast.com\/product\/yoast-seo-wordpress\/ -->\n<title>AB2PRO Bordeaux - AB2PRO<\/title>\n<meta name=\"robots\" content=\"index, follow, max-snippet:-1, max-image-preview:large, max-video-preview:-1\" \/>\n<link rel=\"canonical\" href=\"https:\/\/www.ab2pro.com\/hu\/agences\/bordeaux-i-ab2pro-iroda\/\" \/>\n<meta property=\"og:locale\" content=\"hu_HU\" \/>\n<meta property=\"og:type\" content=\"article\" \/>\n<meta property=\"og:title\" content=\"AB2PRO Bordeaux - AB2PRO\" \/>\n<meta property=\"og:description\" content=\"\u00dcdv\u00f6zl\u00fcnk bordeaux-i irod\u00e1nkban, ahol a lehet\u0151s\u00e9gek \u00e9s a tehets\u00e9gek egy bar\u00e1ts\u00e1gos \u00e9s dinamikus l\u00e9gk\u00f6rben tal\u00e1lkozhatnak. Az iroda vezet\u0151je Quentin, aki [&hellip;]\" \/>\n<meta property=\"og:url\" content=\"https:\/\/www.ab2pro.com\/hu\/agences\/bordeaux-i-ab2pro-iroda\/\" \/>\n<meta property=\"og:site_name\" content=\"AB2PRO\" \/>\n<meta property=\"article:modified_time\" content=\"2025-07-02T09:52:13+00:00\" \/>\n<meta property=\"og:image\" content=\"https:\/\/www.ab2pro.com\/wp-content\/uploads\/2020\/11\/bordeaux-1024x681.png\" \/>\n\t<meta property=\"og:image:width\" content=\"1024\" \/>\n\t<meta property=\"og:image:height\" content=\"681\" \/>\n\t<meta property=\"og:image:type\" content=\"image\/png\" \/>\n<meta name=\"twitter:card\" content=\"summary_large_image\" \/>\n<meta name=\"twitter:label1\" content=\"Becs\u00fclt olvas\u00e1si id\u0151\" \/>\n\t<meta name=\"twitter:data1\" content=\"2 perc\" \/>\n<script type=\"application\/ld+json\" class=\"yoast-schema-graph\">{\"@context\":\"https:\/\/schema.org\",\"@graph\":[{\"@type\":\"WebPage\",\"@id\":\"https:\/\/www.ab2pro.com\/hu\/agences\/bordeaux-i-ab2pro-iroda\/\",\"url\":\"https:\/\/www.ab2pro.com\/hu\/agences\/bordeaux-i-ab2pro-iroda\/\",\"name\":\"AB2PRO Bordeaux - AB2PRO\",\"isPartOf\":{\"@id\":\"https:\/\/www.ab2pro.com\/hu\/#website\"},\"primaryImageOfPage\":{\"@id\":\"https:\/\/www.ab2pro.com\/hu\/agences\/bordeaux-i-ab2pro-iroda\/#primaryimage\"},\"image\":{\"@id\":\"https:\/\/www.ab2pro.com\/hu\/agences\/bordeaux-i-ab2pro-iroda\/#primaryimage\"},\"thumbnailUrl\":\"https:\/\/www.ab2pro.com\/wp-content\/uploads\/2020\/11\/bordeaux.png\",\"datePublished\":\"2023-11-07T14:19:14+00:00\",\"dateModified\":\"2025-07-02T09:52:13+00:00\",\"breadcrumb\":{\"@id\":\"https:\/\/www.ab2pro.com\/hu\/agences\/bordeaux-i-ab2pro-iroda\/#breadcrumb\"},\"inLanguage\":\"hu\",\"potentialAction\":[{\"@type\":\"ReadAction\",\"target\":[\"https:\/\/www.ab2pro.com\/hu\/agences\/bordeaux-i-ab2pro-iroda\/\"]}]},{\"@type\":\"ImageObject\",\"inLanguage\":\"hu\",\"@id\":\"https:\/\/www.ab2pro.com\/hu\/agences\/bordeaux-i-ab2pro-iroda\/#primaryimage\",\"url\":\"https:\/\/www.ab2pro.com\/wp-content\/uploads\/2020\/11\/bordeaux.png\",\"contentUrl\":\"https:\/\/www.ab2pro.com\/wp-content\/uploads\/2020\/11\/bordeaux.png\",\"width\":1920,\"height\":1277},{\"@type\":\"BreadcrumbList\",\"@id\":\"https:\/\/www.ab2pro.com\/hu\/agences\/bordeaux-i-ab2pro-iroda\/#breadcrumb\",\"itemListElement\":[{\"@type\":\"ListItem\",\"position\":1,\"name\":\"Accueil\",\"item\":\"https:\/\/www.ab2pro.com\/hu\/\"},{\"@type\":\"ListItem\",\"position\":2,\"name\":\"Agences\",\"item\":\"https:\/\/www.ab2pro.com\/hu\/agences\/\"},{\"@type\":\"ListItem\",\"position\":3,\"name\":\"AB2PRO Bordeaux\"}]},{\"@type\":\"WebSite\",\"@id\":\"https:\/\/www.ab2pro.com\/hu\/#website\",\"url\":\"https:\/\/www.ab2pro.com\/hu\/\",\"name\":\"AB2PRO\",\"description\":\"Agence d&#039;emploi sp\u00e9cialis\u00e9e dans le recrutement de travailleurs europ\u00e9ens\",\"publisher\":{\"@id\":\"https:\/\/www.ab2pro.com\/hu\/#organization\"},\"potentialAction\":[{\"@type\":\"SearchAction\",\"target\":{\"@type\":\"EntryPoint\",\"urlTemplate\":\"https:\/\/www.ab2pro.com\/hu\/?s={search_term_string}\"},\"query-input\":{\"@type\":\"PropertyValueSpecification\",\"valueRequired\":true,\"valueName\":\"search_term_string\"}}],\"inLanguage\":\"hu\"},{\"@type\":\"Organization\",\"@id\":\"https:\/\/www.ab2pro.com\/hu\/#organization\",\"name\":\"AB2PRO\",\"url\":\"https:\/\/www.ab2pro.com\/hu\/\",\"logo\":{\"@type\":\"ImageObject\",\"inLanguage\":\"hu\",\"@id\":\"https:\/\/www.ab2pro.com\/hu\/#\/schema\/logo\/image\/\",\"url\":\"https:\/\/www.ab2pro.com\/wp-content\/uploads\/2020\/11\/logo-profil.png\",\"contentUrl\":\"https:\/\/www.ab2pro.com\/wp-content\/uploads\/2020\/11\/logo-profil.png\",\"width\":230,\"height\":47,\"caption\":\"AB2PRO\"},\"image\":{\"@id\":\"https:\/\/www.ab2pro.com\/hu\/#\/schema\/logo\/image\/\"}}]}<\/script>\n<!-- \/ Yoast SEO plugin. -->","yoast_head_json":{"title":"AB2PRO Bordeaux - AB2PRO","robots":{"index":"index","follow":"follow","max-snippet":"max-snippet:-1","max-image-preview":"max-image-preview:large","max-video-preview":"max-video-preview:-1"},"canonical":"https:\/\/www.ab2pro.com\/hu\/agences\/bordeaux-i-ab2pro-iroda\/","og_locale":"hu_HU","og_type":"article","og_title":"AB2PRO Bordeaux - AB2PRO","og_description":"\u00dcdv\u00f6zl\u00fcnk bordeaux-i irod\u00e1nkban, ahol a lehet\u0151s\u00e9gek \u00e9s a tehets\u00e9gek egy bar\u00e1ts\u00e1gos \u00e9s dinamikus l\u00e9gk\u00f6rben tal\u00e1lkozhatnak. Az iroda vezet\u0151je Quentin, aki [&hellip;]","og_url":"https:\/\/www.ab2pro.com\/hu\/agences\/bordeaux-i-ab2pro-iroda\/","og_site_name":"AB2PRO","article_modified_time":"2025-07-02T09:52:13+00:00","og_image":[{"width":1024,"height":681,"url":"https:\/\/www.ab2pro.com\/wp-content\/uploads\/2020\/11\/bordeaux-1024x681.png","type":"image\/png"}],"twitter_card":"summary_large_image","twitter_misc":{"Becs\u00fclt olvas\u00e1si id\u0151":"2 perc"},"schema":{"@context":"https:\/\/schema.org","@graph":[{"@type":"WebPage","@id":"https:\/\/www.ab2pro.com\/hu\/agences\/bordeaux-i-ab2pro-iroda\/","url":"https:\/\/www.ab2pro.com\/hu\/agences\/bordeaux-i-ab2pro-iroda\/","name":"AB2PRO Bordeaux - AB2PRO","isPartOf":{"@id":"https:\/\/www.ab2pro.com\/hu\/#website"},"primaryImageOfPage":{"@id":"https:\/\/www.ab2pro.com\/hu\/agences\/bordeaux-i-ab2pro-iroda\/#primaryimage"},"image":{"@id":"https:\/\/www.ab2pro.com\/hu\/agences\/bordeaux-i-ab2pro-iroda\/#primaryimage"},"thumbnailUrl":"https:\/\/www.ab2pro.com\/wp-content\/uploads\/2020\/11\/bordeaux.png","datePublished":"2023-11-07T14:19:14+00:00","dateModified":"2025-07-02T09:52:13+00:00","breadcrumb":{"@id":"https:\/\/www.ab2pro.com\/hu\/agences\/bordeaux-i-ab2pro-iroda\/#breadcrumb"},"inLanguage":"hu","potentialAction":[{"@type":"ReadAction","target":["https:\/\/www.ab2pro.com\/hu\/agences\/bordeaux-i-ab2pro-iroda\/"]}]},{"@type":"ImageObject","inLanguage":"hu","@id":"https:\/\/www.ab2pro.com\/hu\/agences\/bordeaux-i-ab2pro-iroda\/#primaryimage","url":"https:\/\/www.ab2pro.com\/wp-content\/uploads\/2020\/11\/bordeaux.png","contentUrl":"https:\/\/www.ab2pro.com\/wp-content\/uploads\/2020\/11\/bordeaux.png","width":1920,"height":1277},{"@type":"BreadcrumbList","@id":"https:\/\/www.ab2pro.com\/hu\/agences\/bordeaux-i-ab2pro-iroda\/#breadcrumb","itemListElement":[{"@type":"ListItem","position":1,"name":"Accueil","item":"https:\/\/www.ab2pro.com\/hu\/"},{"@type":"ListItem","position":2,"name":"Agences","item":"https:\/\/www.ab2pro.com\/hu\/agences\/"},{"@type":"ListItem","position":3,"name":"AB2PRO Bordeaux"}]},{"@type":"WebSite","@id":"https:\/\/www.ab2pro.com\/hu\/#website","url":"https:\/\/www.ab2pro.com\/hu\/","name":"AB2PRO","description":"Agence d&#039;emploi sp\u00e9cialis\u00e9e dans le recrutement de travailleurs europ\u00e9ens","publisher":{"@id":"https:\/\/www.ab2pro.com\/hu\/#organization"},"potentialAction":[{"@type":"SearchAction","target":{"@type":"EntryPoint","urlTemplate":"https:\/\/www.ab2pro.com\/hu\/?s={search_term_string}"},"query-input":{"@type":"PropertyValueSpecification","valueRequired":true,"valueName":"search_term_string"}}],"inLanguage":"hu"},{"@type":"Organization","@id":"https:\/\/www.ab2pro.com\/hu\/#organization","name":"AB2PRO","url":"https:\/\/www.ab2pro.com\/hu\/","logo":{"@type":"ImageObject","inLanguage":"hu","@id":"https:\/\/www.ab2pro.com\/hu\/#\/schema\/logo\/image\/","url":"https:\/\/www.ab2pro.com\/wp-content\/uploads\/2020\/11\/logo-profil.png","contentUrl":"https:\/\/www.ab2pro.com\/wp-content\/uploads\/2020\/11\/logo-profil.png","width":230,"height":47,"caption":"AB2PRO"},"image":{"@id":"https:\/\/www.ab2pro.com\/hu\/#\/schema\/logo\/image\/"}}]}},"_links":{"self":[{"href":"https:\/\/www.ab2pro.com\/hu\/wp-json\/wp\/v2\/agence\/48912","targetHints":{"allow":["GET"]}}],"collection":[{"href":"https:\/\/www.ab2pro.com\/hu\/wp-json\/wp\/v2\/agence"}],"about":[{"href":"https:\/\/www.ab2pro.com\/hu\/wp-json\/wp\/v2\/types\/agence"}],"author":[{"embeddable":true,"href":"https:\/\/www.ab2pro.com\/hu\/wp-json\/wp\/v2\/users\/1"}],"version-history":[{"count":0,"href":"https:\/\/www.ab2pro.com\/hu\/wp-json\/wp\/v2\/agence\/48912\/revisions"}],"wp:featuredmedia":[{"embeddable":true,"href":"https:\/\/www.ab2pro.com\/hu\/wp-json\/wp\/v2\/media\/72062"}],"wp:attachment":[{"href":"https:\/\/www.ab2pro.com\/hu\/wp-json\/wp\/v2\/media?parent=48912"}],"curies":[{"name":"wp","href":"https:\/\/api.w.org\/{rel}","templated":true}]}}

<p data-pm-slice="0 0 []"><strong>Üdvözlünk bordeaux-i irodánkban,</strong> ahol a lehetőségek és a tehetségek egy barátságos és dinamikus légkörben találkozhatnak.</p>
<p>Az iroda vezetője <strong>Quentin</strong>, aki szakértelmével és elkötelezettségével mindent megtesz annak érdekében, hogy klienseink számára hatékony és személyre szabott toborzási szolgáltatást biztosítson. </p>
<p>Természetesen a jelentkezők megtalálásában <strong>csapata</strong> is fontos szerepet játszik. Alaposan ismerik a munkaerőpiacot, kiváló kapcsolatteremtő készséggel és toborzási szakértelemmel rendelkeznek, amelynek köszönhetően könnyen viszik sikerre megrendeléseinket és hozzák összhangba jelentkezőink kompetenciáit és klienseink igényeit. </p>
<p><strong>Bordeaux</strong>, a varázslatos történelmi város egy olyan ideális munkakörnyezetet kínál, ahol a hagyomány és a modernitás találkozik. Macskaköves utcáival, elegáns építészetével és nyüzsgő rakpartjaival kedvező környezetet biztosít a szakmai és személyes fejlődéshez. </p>
<p>Ne hagyd ki a lehetőséget, <strong>vedd fel a kapcsolatot irodánkkal még ma</strong>! <strong>Quentin és csapata</strong> állnak rendelkezésedre, hogy megtalálják a neked legmegfelelőbb álláslehetőséget.</p>
<p><strong>Együtt </strong>egy dinamikus és hatékony csapatot fogunk alkotni, amely készen áll minden kihívás leküzdésére. <strong>Várjuk jelentkezésed</strong>, ne hagyd ki a lehetőséget!</p>

<p>Üdvözlünk bordeaux-i irodánkban, ahol a lehetőségek és a tehetségek egy barátságos és dinamikus légkörben találkozhatnak. Az iroda vezetője Quentin, aki [&hellip;]</p>

<!-- This site is optimized with the Yoast SEO plugin v26.8 - https://yoast.com/product/yoast-seo-wordpress/ -->
<title>AB2PRO Bordeaux - AB2PRO</title>
<meta name="robots" content="index, follow, max-snippet:-1, max-image-preview:large, max-video-preview:-1" />
<link rel="canonical" href="https://www.ab2pro.com/hu/agences/bordeaux-i-ab2pro-iroda/" />
<meta property="og:locale" content="hu_HU" />
<meta property="og:type" content="article" />
<meta property="og:title" content="AB2PRO Bordeaux - AB2PRO" />
<meta property="og:description" content="Üdvözlünk bordeaux-i irodánkban, ahol a lehetőségek és a tehetségek egy barátságos és dinamikus légkörben találkozhatnak. Az iroda vezetője Quentin, aki [&hellip;]" />
<meta property="og:url" content="https://www.ab2pro.com/hu/agences/bordeaux-i-ab2pro-iroda/" />
<meta property="og:site_name" content="AB2PRO" />
<meta property="article:modified_time" content="2025-07-02T09:52:13+00:00" />
<meta property="og:image" content="https://www.ab2pro.com/wp-content/uploads/2020/11/bordeaux-1024x681.png" />
	<meta property="og:image:width" content="1024" />
	<meta property="og:image:height" content="681" />
	<meta property="og:image:type" content="image/png" />
<meta name="twitter:card" content="summary_large_image" />
<meta name="twitter:label1" content="Becsült olvasási idő" />
	<meta name="twitter:data1" content="2 perc" />
<script type="application/ld+json" class="yoast-schema-graph">{"@context":"https://schema.org","@graph":[{"@type":"WebPage","@id":"https://www.ab2pro.com/hu/agences/bordeaux-i-ab2pro-iroda/","url":"https://www.ab2pro.com/hu/agences/bordeaux-i-ab2pro-iroda/","name":"AB2PRO Bordeaux - AB2PRO","isPartOf":{"@id":"https://www.ab2pro.com/hu/#website"},"primaryImageOfPage":{"@id":"https://www.ab2pro.com/hu/agences/bordeaux-i-ab2pro-iroda/#primaryimage"},"image":{"@id":"https://www.ab2pro.com/hu/agences/bordeaux-i-ab2pro-iroda/#primaryimage"},"thumbnailUrl":"https://www.ab2pro.com/wp-content/uploads/2020/11/bordeaux.png","datePublished":"2023-11-07T14:19:14+00:00","dateModified":"2025-07-02T09:52:13+00:00","breadcrumb":{"@id":"https://www.ab2pro.com/hu/agences/bordeaux-i-ab2pro-iroda/#breadcrumb"},"inLanguage":"hu","potentialAction":[{"@type":"ReadAction","target":["https://www.ab2pro.com/hu/agences/bordeaux-i-ab2pro-iroda/"]}]},{"@type":"ImageObject","inLanguage":"hu","@id":"https://www.ab2pro.com/hu/agences/bordeaux-i-ab2pro-iroda/#primaryimage","url":"https://www.ab2pro.com/wp-content/uploads/2020/11/bordeaux.png","contentUrl":"https://www.ab2pro.com/wp-content/uploads/2020/11/bordeaux.png","width":1920,"height":1277},{"@type":"BreadcrumbList","@id":"https://www.ab2pro.com/hu/agences/bordeaux-i-ab2pro-iroda/#breadcrumb","itemListElement":[{"@type":"ListItem","position":1,"name":"Accueil","item":"https://www.ab2pro.com/hu/"},{"@type":"ListItem","position":2,"name":"Agences","item":"https://www.ab2pro.com/hu/agences/"},{"@type":"ListItem","position":3,"name":"AB2PRO Bordeaux"}]},{"@type":"WebSite","@id":"https://www.ab2pro.com/hu/#website","url":"https://www.ab2pro.com/hu/","name":"AB2PRO","description":"Agence d&#039;emploi spécialisée dans le recrutement de travailleurs européens","publisher":{"@id":"https://www.ab2pro.com/hu/#organization"},"potentialAction":[{"@type":"SearchAction","target":{"@type":"EntryPoint","urlTemplate":"https://www.ab2pro.com/hu/?s={search_term_string}"},"query-input":{"@type":"PropertyValueSpecification","valueRequired":true,"valueName":"search_term_string"}}],"inLanguage":"hu"},{"@type":"Organization","@id":"https://www.ab2pro.com/hu/#organization","name":"AB2PRO","url":"https://www.ab2pro.com/hu/","logo":{"@type":"ImageObject","inLanguage":"hu","@id":"https://www.ab2pro.com/hu/#/schema/logo/image/","url":"https://www.ab2pro.com/wp-content/uploads/2020/11/logo-profil.png","contentUrl":"https://www.ab2pro.com/wp-content/uploads/2020/11/logo-profil.png","width":230,"height":47,"caption":"AB2PRO"},"image":{"@id":"https://www.ab2pro.com/hu/#/schema/logo/image/"}}]}</script>
<!-- / Yoast SEO plugin. -->

Üdvözlünk bordeaux-i irodánkban, ahol a lehetőségek és a tehetségek egy barátságos és dinamikus légkörben találkozhatnak. Az iroda vezetője Quentin, aki [&hellip;]

Agence d&#039;emploi spécialisée dans le recrutement de travailleurs européens
