
{"id":48917,"date":"2023-11-07T15:23:30","date_gmt":"2023-11-07T14:23:30","guid":{"rendered":"https:\/\/www.ab2pro.com\/?post_type=agence&#038;p=48917"},"modified":"2025-07-18T12:43:07","modified_gmt":"2025-07-18T10:43:07","slug":"ab2pro-angers-ugynokseg","status":"publish","type":"agence","link":"https:\/\/www.ab2pro.com\/hu\/agences\/ab2pro-angers-ugynokseg\/","title":{"rendered":"AB2PRO Angers"},"content":{"rendered":"<p data-pm-slice=\"0 0 []\"><strong>\u00dcdv\u00f6zl\u00fcnk angers-i irod\u00e1nkban<\/strong>, ahol a szakmai lehet\u0151s\u00e9gek \u00e9letre kelnek \u00e9s minden tehets\u00e9g megtal\u00e1lja a hely\u00e9t !<\/p>\n<p>Irod\u00e1nk \u00e9l\u00e9n <strong>Martin \u00e1ll<\/strong>, aki teljes szak\u00e9rtelm\u00e9t a v\u00e1llalatok \u00e9s a jel\u00f6ltek szolg\u00e1lat\u00e1ba \u00e1ll\u00edtva garant\u00e1lja a min\u0151s\u00e9gi toborz\u00e1st. Tapasztalataira t\u00e1maszkodva gondoskodik arr\u00f3l, hogy minden \u00fcgyf\u00e9l sz\u00e1m\u00e1ra szem\u00e9lyre szabott szolg\u00e1ltat\u00e1st ny\u00fajtson. <\/p>\n<p><strong>Martin mellett egy elk\u00f6telezett csapat v\u00e1r r\u00e1d<\/strong>, akik nap mint nap azon dolgoznak, hogy klienseink sz\u00e1m\u00e1ra megtal\u00e1lj\u00e1k a legjobb jel\u00f6lteket, akiknek munk\u00e1ba \u00e1ll\u00e1st k\u00f6vet\u0151en is folyamatos t\u00e1mogat\u00e1st ny\u00fajtanak. Elk\u00f6telezettek, gyorsan reag\u00e1lnak \u00e9s gondoskodnak arr\u00f3l, hogy minden jelentkez\u0151 a legjobb szakmai lehet\u0151s\u00e9gekhez jusson, ezzel hat\u00e9konyan kiel\u00e9g\u00edtve a piaci ig\u00e9nyeket. <\/p>\n<p><strong>Angers<\/strong>, egy dinamikus \u00e9s lehet\u0151s\u00e9gekben gazdag v\u00e1ros \u00e9s a szakmai fejl\u0151d\u00e9snek kedvez\u0151 munkak\u00f6rnyezetet k\u00edn\u00e1l. \u00d6r\u00f6ks\u00e9ge, z\u00f6ld ter\u00fcletei \u00e9s \u00e9l\u00e9nk kultur\u00e1lis \u00e9lete ide\u00e1lis helysz\u00ednt biztos\u00edt a karrier\u00e9p\u00edt\u00e9shez. <\/p>\n<p>Ne hagyd ki a lehet\u0151s\u00e9get! <strong>Martin \u00e9s csapata <\/strong>rendelkez\u00e9sedre \u00e1ll. <strong>Vedd fel vel\u00fcnk a kapcsolatot m\u00e9g ma<\/strong> \u00e9s engedd, hogy seg\u00edts\u00fcnk szakmai c\u00e9ljaid el\u00e9r\u00e9s\u00e9ben!<\/p>\n<p><strong>Egy\u00fctt <\/strong>fel\u00e9p\u00edt\u00fcnk egy hat\u00e9kony csapatot, amely minden kih\u00edv\u00e1ssal b\u00e1tran n\u00e9z majd szembe. <strong>Csapatunk m\u00e1r alig v\u00e1rja, hogy tal\u00e1lkozzon veled \u00e9s elk\u00eds\u00e9rjen a sikerhez vezet\u0151 \u00faton!<\/strong><\/p>","protected":false},"excerpt":{"rendered":"<p>\u00dcdv\u00f6zl\u00fcnk angers-i irod\u00e1nkban, ahol a szakmai lehet\u0151s\u00e9gek \u00e9letre kelnek \u00e9s minden tehets\u00e9g megtal\u00e1lja a hely\u00e9t ! Irod\u00e1nk \u00e9l\u00e9n Martin \u00e1ll, [&hellip;]<\/p>\n","protected":false},"author":1,"featured_media":0,"template":"","meta":{"_acf_changed":false,"footnotes":""},"class_list":["post-48917","agence","type-agence","status-publish","hentry"],"acf":[],"yoast_head":"<!-- This site is optimized with the Yoast SEO plugin v26.8 - https:\/\/yoast.com\/product\/yoast-seo-wordpress\/ -->\n<title>AB2PRO Angers - AB2PRO<\/title>\n<meta name=\"robots\" content=\"index, follow, max-snippet:-1, max-image-preview:large, max-video-preview:-1\" \/>\n<link rel=\"canonical\" href=\"https:\/\/www.ab2pro.com\/hu\/agences\/ab2pro-angers-ugynokseg\/\" \/>\n<meta property=\"og:locale\" content=\"hu_HU\" \/>\n<meta property=\"og:type\" content=\"article\" \/>\n<meta property=\"og:title\" content=\"AB2PRO Angers - AB2PRO\" \/>\n<meta property=\"og:description\" content=\"\u00dcdv\u00f6zl\u00fcnk angers-i irod\u00e1nkban, ahol a szakmai lehet\u0151s\u00e9gek \u00e9letre kelnek \u00e9s minden tehets\u00e9g megtal\u00e1lja a hely\u00e9t ! Irod\u00e1nk \u00e9l\u00e9n Martin \u00e1ll, [&hellip;]\" \/>\n<meta property=\"og:url\" content=\"https:\/\/www.ab2pro.com\/hu\/agences\/ab2pro-angers-ugynokseg\/\" \/>\n<meta property=\"og:site_name\" content=\"AB2PRO\" \/>\n<meta property=\"article:modified_time\" content=\"2025-07-18T10:43:07+00:00\" \/>\n<meta property=\"og:image\" content=\"https:\/\/www.ab2pro.com\/wp-content\/uploads\/2020\/11\/fond-home.jpg\" \/>\n\t<meta property=\"og:image:width\" content=\"1920\" \/>\n\t<meta property=\"og:image:height\" content=\"600\" \/>\n\t<meta property=\"og:image:type\" content=\"image\/jpeg\" \/>\n<meta name=\"twitter:card\" content=\"summary_large_image\" \/>\n<script type=\"application\/ld+json\" class=\"yoast-schema-graph\">{\"@context\":\"https:\/\/schema.org\",\"@graph\":[{\"@type\":\"WebPage\",\"@id\":\"https:\/\/www.ab2pro.com\/hu\/agences\/ab2pro-angers-ugynokseg\/\",\"url\":\"https:\/\/www.ab2pro.com\/hu\/agences\/ab2pro-angers-ugynokseg\/\",\"name\":\"AB2PRO Angers - AB2PRO\",\"isPartOf\":{\"@id\":\"https:\/\/www.ab2pro.com\/hu\/#website\"},\"datePublished\":\"2023-11-07T14:23:30+00:00\",\"dateModified\":\"2025-07-18T10:43:07+00:00\",\"breadcrumb\":{\"@id\":\"https:\/\/www.ab2pro.com\/hu\/agences\/ab2pro-angers-ugynokseg\/#breadcrumb\"},\"inLanguage\":\"hu\",\"potentialAction\":[{\"@type\":\"ReadAction\",\"target\":[\"https:\/\/www.ab2pro.com\/hu\/agences\/ab2pro-angers-ugynokseg\/\"]}]},{\"@type\":\"BreadcrumbList\",\"@id\":\"https:\/\/www.ab2pro.com\/hu\/agences\/ab2pro-angers-ugynokseg\/#breadcrumb\",\"itemListElement\":[{\"@type\":\"ListItem\",\"position\":1,\"name\":\"Accueil\",\"item\":\"https:\/\/www.ab2pro.com\/hu\/\"},{\"@type\":\"ListItem\",\"position\":2,\"name\":\"Agences\",\"item\":\"https:\/\/www.ab2pro.com\/hu\/agences\/\"},{\"@type\":\"ListItem\",\"position\":3,\"name\":\"AB2PRO Angers\"}]},{\"@type\":\"WebSite\",\"@id\":\"https:\/\/www.ab2pro.com\/hu\/#website\",\"url\":\"https:\/\/www.ab2pro.com\/hu\/\",\"name\":\"AB2PRO\",\"description\":\"Agence d&#039;emploi sp\u00e9cialis\u00e9e dans le recrutement de travailleurs europ\u00e9ens\",\"publisher\":{\"@id\":\"https:\/\/www.ab2pro.com\/hu\/#organization\"},\"potentialAction\":[{\"@type\":\"SearchAction\",\"target\":{\"@type\":\"EntryPoint\",\"urlTemplate\":\"https:\/\/www.ab2pro.com\/hu\/?s={search_term_string}\"},\"query-input\":{\"@type\":\"PropertyValueSpecification\",\"valueRequired\":true,\"valueName\":\"search_term_string\"}}],\"inLanguage\":\"hu\"},{\"@type\":\"Organization\",\"@id\":\"https:\/\/www.ab2pro.com\/hu\/#organization\",\"name\":\"AB2PRO\",\"url\":\"https:\/\/www.ab2pro.com\/hu\/\",\"logo\":{\"@type\":\"ImageObject\",\"inLanguage\":\"hu\",\"@id\":\"https:\/\/www.ab2pro.com\/hu\/#\/schema\/logo\/image\/\",\"url\":\"https:\/\/www.ab2pro.com\/wp-content\/uploads\/2020\/11\/logo-profil.png\",\"contentUrl\":\"https:\/\/www.ab2pro.com\/wp-content\/uploads\/2020\/11\/logo-profil.png\",\"width\":230,\"height\":47,\"caption\":\"AB2PRO\"},\"image\":{\"@id\":\"https:\/\/www.ab2pro.com\/hu\/#\/schema\/logo\/image\/\"}}]}<\/script>\n<!-- \/ Yoast SEO plugin. -->","yoast_head_json":{"title":"AB2PRO Angers - AB2PRO","robots":{"index":"index","follow":"follow","max-snippet":"max-snippet:-1","max-image-preview":"max-image-preview:large","max-video-preview":"max-video-preview:-1"},"canonical":"https:\/\/www.ab2pro.com\/hu\/agences\/ab2pro-angers-ugynokseg\/","og_locale":"hu_HU","og_type":"article","og_title":"AB2PRO Angers - AB2PRO","og_description":"\u00dcdv\u00f6zl\u00fcnk angers-i irod\u00e1nkban, ahol a szakmai lehet\u0151s\u00e9gek \u00e9letre kelnek \u00e9s minden tehets\u00e9g megtal\u00e1lja a hely\u00e9t ! Irod\u00e1nk \u00e9l\u00e9n Martin \u00e1ll, [&hellip;]","og_url":"https:\/\/www.ab2pro.com\/hu\/agences\/ab2pro-angers-ugynokseg\/","og_site_name":"AB2PRO","article_modified_time":"2025-07-18T10:43:07+00:00","og_image":[{"width":1920,"height":600,"url":"https:\/\/www.ab2pro.com\/wp-content\/uploads\/2020\/11\/fond-home.jpg","type":"image\/jpeg"}],"twitter_card":"summary_large_image","schema":{"@context":"https:\/\/schema.org","@graph":[{"@type":"WebPage","@id":"https:\/\/www.ab2pro.com\/hu\/agences\/ab2pro-angers-ugynokseg\/","url":"https:\/\/www.ab2pro.com\/hu\/agences\/ab2pro-angers-ugynokseg\/","name":"AB2PRO Angers - AB2PRO","isPartOf":{"@id":"https:\/\/www.ab2pro.com\/hu\/#website"},"datePublished":"2023-11-07T14:23:30+00:00","dateModified":"2025-07-18T10:43:07+00:00","breadcrumb":{"@id":"https:\/\/www.ab2pro.com\/hu\/agences\/ab2pro-angers-ugynokseg\/#breadcrumb"},"inLanguage":"hu","potentialAction":[{"@type":"ReadAction","target":["https:\/\/www.ab2pro.com\/hu\/agences\/ab2pro-angers-ugynokseg\/"]}]},{"@type":"BreadcrumbList","@id":"https:\/\/www.ab2pro.com\/hu\/agences\/ab2pro-angers-ugynokseg\/#breadcrumb","itemListElement":[{"@type":"ListItem","position":1,"name":"Accueil","item":"https:\/\/www.ab2pro.com\/hu\/"},{"@type":"ListItem","position":2,"name":"Agences","item":"https:\/\/www.ab2pro.com\/hu\/agences\/"},{"@type":"ListItem","position":3,"name":"AB2PRO Angers"}]},{"@type":"WebSite","@id":"https:\/\/www.ab2pro.com\/hu\/#website","url":"https:\/\/www.ab2pro.com\/hu\/","name":"AB2PRO","description":"Agence d&#039;emploi sp\u00e9cialis\u00e9e dans le recrutement de travailleurs europ\u00e9ens","publisher":{"@id":"https:\/\/www.ab2pro.com\/hu\/#organization"},"potentialAction":[{"@type":"SearchAction","target":{"@type":"EntryPoint","urlTemplate":"https:\/\/www.ab2pro.com\/hu\/?s={search_term_string}"},"query-input":{"@type":"PropertyValueSpecification","valueRequired":true,"valueName":"search_term_string"}}],"inLanguage":"hu"},{"@type":"Organization","@id":"https:\/\/www.ab2pro.com\/hu\/#organization","name":"AB2PRO","url":"https:\/\/www.ab2pro.com\/hu\/","logo":{"@type":"ImageObject","inLanguage":"hu","@id":"https:\/\/www.ab2pro.com\/hu\/#\/schema\/logo\/image\/","url":"https:\/\/www.ab2pro.com\/wp-content\/uploads\/2020\/11\/logo-profil.png","contentUrl":"https:\/\/www.ab2pro.com\/wp-content\/uploads\/2020\/11\/logo-profil.png","width":230,"height":47,"caption":"AB2PRO"},"image":{"@id":"https:\/\/www.ab2pro.com\/hu\/#\/schema\/logo\/image\/"}}]}},"_links":{"self":[{"href":"https:\/\/www.ab2pro.com\/hu\/wp-json\/wp\/v2\/agence\/48917","targetHints":{"allow":["GET"]}}],"collection":[{"href":"https:\/\/www.ab2pro.com\/hu\/wp-json\/wp\/v2\/agence"}],"about":[{"href":"https:\/\/www.ab2pro.com\/hu\/wp-json\/wp\/v2\/types\/agence"}],"author":[{"embeddable":true,"href":"https:\/\/www.ab2pro.com\/hu\/wp-json\/wp\/v2\/users\/1"}],"version-history":[{"count":0,"href":"https:\/\/www.ab2pro.com\/hu\/wp-json\/wp\/v2\/agence\/48917\/revisions"}],"wp:attachment":[{"href":"https:\/\/www.ab2pro.com\/hu\/wp-json\/wp\/v2\/media?parent=48917"}],"curies":[{"name":"wp","href":"https:\/\/api.w.org\/{rel}","templated":true}]}}

<p data-pm-slice="0 0 []"><strong>Üdvözlünk angers-i irodánkban</strong>, ahol a szakmai lehetőségek életre kelnek és minden tehetség megtalálja a helyét !</p>
<p>Irodánk élén <strong>Martin áll</strong>, aki teljes szakértelmét a vállalatok és a jelöltek szolgálatába állítva garantálja a minőségi toborzást. Tapasztalataira támaszkodva gondoskodik arról, hogy minden ügyfél számára személyre szabott szolgáltatást nyújtson. </p>
<p><strong>Martin mellett egy elkötelezett csapat vár rád</strong>, akik nap mint nap azon dolgoznak, hogy klienseink számára megtalálják a legjobb jelölteket, akiknek munkába állást követően is folyamatos támogatást nyújtanak. Elkötelezettek, gyorsan reagálnak és gondoskodnak arról, hogy minden jelentkező a legjobb szakmai lehetőségekhez jusson, ezzel hatékonyan kielégítve a piaci igényeket. </p>
<p><strong>Angers</strong>, egy dinamikus és lehetőségekben gazdag város és a szakmai fejlődésnek kedvező munkakörnyezetet kínál. Öröksége, zöld területei és élénk kulturális élete ideális helyszínt biztosít a karrierépítéshez. </p>
<p>Ne hagyd ki a lehetőséget! <strong>Martin és csapata </strong>rendelkezésedre áll. <strong>Vedd fel velünk a kapcsolatot még ma</strong> és engedd, hogy segítsünk szakmai céljaid elérésében!</p>
<p><strong>Együtt </strong>felépítünk egy hatékony csapatot, amely minden kihívással bátran néz majd szembe. <strong>Csapatunk már alig várja, hogy találkozzon veled és elkísérjen a sikerhez vezető úton!</strong></p>

<p>Üdvözlünk angers-i irodánkban, ahol a szakmai lehetőségek életre kelnek és minden tehetség megtalálja a helyét ! Irodánk élén Martin áll, [&hellip;]</p>

<!-- This site is optimized with the Yoast SEO plugin v26.8 - https://yoast.com/product/yoast-seo-wordpress/ -->
<title>AB2PRO Angers - AB2PRO</title>
<meta name="robots" content="index, follow, max-snippet:-1, max-image-preview:large, max-video-preview:-1" />
<link rel="canonical" href="https://www.ab2pro.com/hu/agences/ab2pro-angers-ugynokseg/" />
<meta property="og:locale" content="hu_HU" />
<meta property="og:type" content="article" />
<meta property="og:title" content="AB2PRO Angers - AB2PRO" />
<meta property="og:description" content="Üdvözlünk angers-i irodánkban, ahol a szakmai lehetőségek életre kelnek és minden tehetség megtalálja a helyét ! Irodánk élén Martin áll, [&hellip;]" />
<meta property="og:url" content="https://www.ab2pro.com/hu/agences/ab2pro-angers-ugynokseg/" />
<meta property="og:site_name" content="AB2PRO" />
<meta property="article:modified_time" content="2025-07-18T10:43:07+00:00" />
<meta property="og:image" content="https://www.ab2pro.com/wp-content/uploads/2020/11/fond-home.jpg" />
	<meta property="og:image:width" content="1920" />
	<meta property="og:image:height" content="600" />
	<meta property="og:image:type" content="image/jpeg" />
<meta name="twitter:card" content="summary_large_image" />
<script type="application/ld+json" class="yoast-schema-graph">{"@context":"https://schema.org","@graph":[{"@type":"WebPage","@id":"https://www.ab2pro.com/hu/agences/ab2pro-angers-ugynokseg/","url":"https://www.ab2pro.com/hu/agences/ab2pro-angers-ugynokseg/","name":"AB2PRO Angers - AB2PRO","isPartOf":{"@id":"https://www.ab2pro.com/hu/#website"},"datePublished":"2023-11-07T14:23:30+00:00","dateModified":"2025-07-18T10:43:07+00:00","breadcrumb":{"@id":"https://www.ab2pro.com/hu/agences/ab2pro-angers-ugynokseg/#breadcrumb"},"inLanguage":"hu","potentialAction":[{"@type":"ReadAction","target":["https://www.ab2pro.com/hu/agences/ab2pro-angers-ugynokseg/"]}]},{"@type":"BreadcrumbList","@id":"https://www.ab2pro.com/hu/agences/ab2pro-angers-ugynokseg/#breadcrumb","itemListElement":[{"@type":"ListItem","position":1,"name":"Accueil","item":"https://www.ab2pro.com/hu/"},{"@type":"ListItem","position":2,"name":"Agences","item":"https://www.ab2pro.com/hu/agences/"},{"@type":"ListItem","position":3,"name":"AB2PRO Angers"}]},{"@type":"WebSite","@id":"https://www.ab2pro.com/hu/#website","url":"https://www.ab2pro.com/hu/","name":"AB2PRO","description":"Agence d&#039;emploi spécialisée dans le recrutement de travailleurs européens","publisher":{"@id":"https://www.ab2pro.com/hu/#organization"},"potentialAction":[{"@type":"SearchAction","target":{"@type":"EntryPoint","urlTemplate":"https://www.ab2pro.com/hu/?s={search_term_string}"},"query-input":{"@type":"PropertyValueSpecification","valueRequired":true,"valueName":"search_term_string"}}],"inLanguage":"hu"},{"@type":"Organization","@id":"https://www.ab2pro.com/hu/#organization","name":"AB2PRO","url":"https://www.ab2pro.com/hu/","logo":{"@type":"ImageObject","inLanguage":"hu","@id":"https://www.ab2pro.com/hu/#/schema/logo/image/","url":"https://www.ab2pro.com/wp-content/uploads/2020/11/logo-profil.png","contentUrl":"https://www.ab2pro.com/wp-content/uploads/2020/11/logo-profil.png","width":230,"height":47,"caption":"AB2PRO"},"image":{"@id":"https://www.ab2pro.com/hu/#/schema/logo/image/"}}]}</script>
<!-- / Yoast SEO plugin. -->

Üdvözlünk angers-i irodánkban, ahol a szakmai lehetőségek életre kelnek és minden tehetség megtalálja a helyét ! Irodánk élén Martin áll, [&hellip;]

Agence d&#039;emploi spécialisée dans le recrutement de travailleurs européens
