
{"id":48948,"date":"2023-11-07T15:40:38","date_gmt":"2023-11-07T14:40:38","guid":{"rendered":"https:\/\/www.ab2pro.com\/?post_type=agence&#038;p=48948"},"modified":"2025-07-17T15:54:43","modified_gmt":"2025-07-17T13:54:43","slug":"strasbourgi-ab2pro-iroda","status":"publish","type":"agence","link":"https:\/\/www.ab2pro.com\/hu\/agences\/strasbourgi-ab2pro-iroda\/","title":{"rendered":"Az AB2PRO strasbourgi irod\u00e1ja"},"content":{"rendered":"<p data-pm-slice=\"0 0 []\"><strong>\u00dcdv\u00f6zl\u00fcnk strasbourgi irod\u00e1nkban! <\/strong><strong>Ismerkedj meg dinamikus csapatunkkal,<\/strong> amelyet <strong>Yann<\/strong>, irod\u00e1nk vezet\u0151je ir\u00e1ny\u00edt, \u00e9s amely elk\u00f6telezett szakemberekb\u0151l, nemzetk\u00f6zi toborz\u00e1si szak\u00e9rt\u0151kb\u0151l \u00e1ll.<\/p>\n<p><strong>Yann <\/strong>a koordin\u00e1ci\u00f3 \u00e9s a tervez\u00e9s mestere. Szipork\u00e1z\u00f3 humorral, de m\u00e9gis k\u00f6ny\u00f6rtelen komolys\u00e1ggal ir\u00e1ny\u00edtja csapat\u00e1t, biztos\u00edtva ezzel, hogy \u00fcgyfeleink sz\u00e1m\u00e1ra kiel\u00e9g\u00edt\u0151 szolg\u00e1ltat\u00e1st tudjanak ny\u00fajtani.<\/p>\n<p><strong>Csapatunk <\/strong>tagjai Rom\u00e1ni\u00e1ban, Bulg\u00e1ri\u00e1ban \u00e9s m\u00e1s eur\u00f3pai orsz\u00e1gokban szereztek tapasztalatot toborz\u00e1s ter\u00e9n, alapos ismereteket szerezve a nemzetk\u00f6zi profilokr\u00f3l. \u00c9les szem\u00fckkel \u00e9s kommunikat\u00edv energi\u00e1jukkal k\u00e9pesek megtal\u00e1lni a legjobb jel\u00f6lteket klienseink sz\u00e1m\u00e1ra. <\/p>\n<p><strong>Strasbourg <\/strong>v\u00e1rosa sokkal t\u00f6bbet k\u00edn\u00e1l sz\u00e1munkra, mint a croissant \u00e9s a savany\u00fa k\u00e1poszta. A dinamikus v\u00e1rost egyfajta kozmopolita hangulat lengi k\u00f6r\u00fcl, t\u00f6k\u00e9letesen \u00f6tv\u00f6zve a hagyom\u00e1nyt \u00e9s a modernit\u00e1st. Fedezd fel Elz\u00e1sz var\u00e1zs\u00e1t \u00e9s hagyd, hogy elcs\u00e1b\u00edtson a fest\u0151i \u00e9p\u00edt\u00e9szet, az egyed\u00fcl\u00e1ll\u00f3 kult\u00fara, amely felejthetetlen \u00e9lm\u00e9nny\u00e9 teszi az itt tart\u00f3zkod\u00e1st.<\/p>\n<p>Ne hagyd ki a lehet\u0151s\u00e9get, jelentkezz strasbourgi irod\u00e1nkn\u00e1l! <strong>Tal\u00e1lkozz Yannal \u00e9s csapat\u00e1val <\/strong>\u00e9s b\u00edzd r\u00e1nk magad! Jelentkezz Bulg\u00e1ri\u00e1b\u00f3l, Rom\u00e1ni\u00e1b\u00f3l vagy m\u00e1s eur\u00f3pai orsz\u00e1gb\u00f3l, seg\u00edt\u00fcnk megtal\u00e1lni a sz\u00e1modra legmegfelel\u0151bb \u00e1ll\u00e1slehet\u0151s\u00e9get. <\/p>\n<p><strong>Vedd fel vel\u00fcnk a kapcsolatot m\u00e9g ma<\/strong>, \u00e9s \u00e9p\u00edts\u00fcnk ki egy vir\u00e1gz\u00f3 egy\u00fcttm\u0171k\u00f6d\u00e9st. Hozzunk l\u00e9tre <strong>egy\u00fctt <\/strong>egy gy\u0151ztes csapatot, amely szikr\u00e1kat fog sz\u00f3rni!<\/p>\n<p><strong>Klienseink m\u00e1r v\u00e1rj\u00e1k a munkaer\u0151piac gy\u00f6ngyszemeit. Strasbour, Yann \u00e9s csapata<\/strong> t\u00fcrelmetlen\u00fcl v\u00e1rj\u00e1k, hogy felvehess\u00e9k feled a kapcsolatot \u00e9s hogy t\u00e1rsaid lehessenek a c\u00e9lod fel\u00e9 vezet\u0151 \u00faton.<\/p>","protected":false},"excerpt":{"rendered":"<p>\u00dcdv\u00f6zl\u00fcnk strasbourgi irod\u00e1nkban! Ismerkedj meg dinamikus csapatunkkal, amelyet Yann, irod\u00e1nk vezet\u0151je ir\u00e1ny\u00edt, \u00e9s amely elk\u00f6telezett szakemberekb\u0151l, nemzetk\u00f6zi toborz\u00e1si szak\u00e9rt\u0151kb\u0151l \u00e1ll. [&hellip;]<\/p>\n","protected":false},"author":1,"featured_media":0,"template":"","meta":{"_acf_changed":false,"footnotes":""},"class_list":["post-48948","agence","type-agence","status-publish","hentry"],"acf":[],"yoast_head":"<!-- This site is optimized with the Yoast SEO plugin v26.8 - https:\/\/yoast.com\/product\/yoast-seo-wordpress\/ -->\n<title>Az AB2PRO strasbourgi irod\u00e1ja - AB2PRO<\/title>\n<meta name=\"robots\" content=\"index, follow, max-snippet:-1, max-image-preview:large, max-video-preview:-1\" \/>\n<link rel=\"canonical\" href=\"https:\/\/www.ab2pro.com\/hu\/agences\/strasbourgi-ab2pro-iroda\/\" \/>\n<meta property=\"og:locale\" content=\"hu_HU\" \/>\n<meta property=\"og:type\" content=\"article\" \/>\n<meta property=\"og:title\" content=\"Az AB2PRO strasbourgi irod\u00e1ja - AB2PRO\" \/>\n<meta property=\"og:description\" content=\"\u00dcdv\u00f6zl\u00fcnk strasbourgi irod\u00e1nkban! Ismerkedj meg dinamikus csapatunkkal, amelyet Yann, irod\u00e1nk vezet\u0151je ir\u00e1ny\u00edt, \u00e9s amely elk\u00f6telezett szakemberekb\u0151l, nemzetk\u00f6zi toborz\u00e1si szak\u00e9rt\u0151kb\u0151l \u00e1ll. [&hellip;]\" \/>\n<meta property=\"og:url\" content=\"https:\/\/www.ab2pro.com\/hu\/agences\/strasbourgi-ab2pro-iroda\/\" \/>\n<meta property=\"og:site_name\" content=\"AB2PRO\" \/>\n<meta property=\"article:modified_time\" content=\"2025-07-17T13:54:43+00:00\" \/>\n<meta property=\"og:image\" content=\"https:\/\/www.ab2pro.com\/wp-content\/uploads\/2020\/11\/fond-home.jpg\" \/>\n\t<meta property=\"og:image:width\" content=\"1920\" \/>\n\t<meta property=\"og:image:height\" content=\"600\" \/>\n\t<meta property=\"og:image:type\" content=\"image\/jpeg\" \/>\n<meta name=\"twitter:card\" content=\"summary_large_image\" \/>\n<meta name=\"twitter:label1\" content=\"Becs\u00fclt olvas\u00e1si id\u0151\" \/>\n\t<meta name=\"twitter:data1\" content=\"2 perc\" \/>\n<script type=\"application\/ld+json\" class=\"yoast-schema-graph\">{\"@context\":\"https:\/\/schema.org\",\"@graph\":[{\"@type\":\"WebPage\",\"@id\":\"https:\/\/www.ab2pro.com\/hu\/agences\/strasbourgi-ab2pro-iroda\/\",\"url\":\"https:\/\/www.ab2pro.com\/hu\/agences\/strasbourgi-ab2pro-iroda\/\",\"name\":\"Az AB2PRO strasbourgi irod\u00e1ja - AB2PRO\",\"isPartOf\":{\"@id\":\"https:\/\/www.ab2pro.com\/hu\/#website\"},\"datePublished\":\"2023-11-07T14:40:38+00:00\",\"dateModified\":\"2025-07-17T13:54:43+00:00\",\"breadcrumb\":{\"@id\":\"https:\/\/www.ab2pro.com\/hu\/agences\/strasbourgi-ab2pro-iroda\/#breadcrumb\"},\"inLanguage\":\"hu\",\"potentialAction\":[{\"@type\":\"ReadAction\",\"target\":[\"https:\/\/www.ab2pro.com\/hu\/agences\/strasbourgi-ab2pro-iroda\/\"]}]},{\"@type\":\"BreadcrumbList\",\"@id\":\"https:\/\/www.ab2pro.com\/hu\/agences\/strasbourgi-ab2pro-iroda\/#breadcrumb\",\"itemListElement\":[{\"@type\":\"ListItem\",\"position\":1,\"name\":\"Accueil\",\"item\":\"https:\/\/www.ab2pro.com\/hu\/\"},{\"@type\":\"ListItem\",\"position\":2,\"name\":\"Agences\",\"item\":\"https:\/\/www.ab2pro.com\/hu\/agences\/\"},{\"@type\":\"ListItem\",\"position\":3,\"name\":\"Az AB2PRO strasbourgi irod\u00e1ja\"}]},{\"@type\":\"WebSite\",\"@id\":\"https:\/\/www.ab2pro.com\/hu\/#website\",\"url\":\"https:\/\/www.ab2pro.com\/hu\/\",\"name\":\"AB2PRO\",\"description\":\"Agence d&#039;emploi sp\u00e9cialis\u00e9e dans le recrutement de travailleurs europ\u00e9ens\",\"publisher\":{\"@id\":\"https:\/\/www.ab2pro.com\/hu\/#organization\"},\"potentialAction\":[{\"@type\":\"SearchAction\",\"target\":{\"@type\":\"EntryPoint\",\"urlTemplate\":\"https:\/\/www.ab2pro.com\/hu\/?s={search_term_string}\"},\"query-input\":{\"@type\":\"PropertyValueSpecification\",\"valueRequired\":true,\"valueName\":\"search_term_string\"}}],\"inLanguage\":\"hu\"},{\"@type\":\"Organization\",\"@id\":\"https:\/\/www.ab2pro.com\/hu\/#organization\",\"name\":\"AB2PRO\",\"url\":\"https:\/\/www.ab2pro.com\/hu\/\",\"logo\":{\"@type\":\"ImageObject\",\"inLanguage\":\"hu\",\"@id\":\"https:\/\/www.ab2pro.com\/hu\/#\/schema\/logo\/image\/\",\"url\":\"https:\/\/www.ab2pro.com\/wp-content\/uploads\/2020\/11\/logo-profil.png\",\"contentUrl\":\"https:\/\/www.ab2pro.com\/wp-content\/uploads\/2020\/11\/logo-profil.png\",\"width\":230,\"height\":47,\"caption\":\"AB2PRO\"},\"image\":{\"@id\":\"https:\/\/www.ab2pro.com\/hu\/#\/schema\/logo\/image\/\"}}]}<\/script>\n<!-- \/ Yoast SEO plugin. -->","yoast_head_json":{"title":"Az AB2PRO strasbourgi irod\u00e1ja - AB2PRO","robots":{"index":"index","follow":"follow","max-snippet":"max-snippet:-1","max-image-preview":"max-image-preview:large","max-video-preview":"max-video-preview:-1"},"canonical":"https:\/\/www.ab2pro.com\/hu\/agences\/strasbourgi-ab2pro-iroda\/","og_locale":"hu_HU","og_type":"article","og_title":"Az AB2PRO strasbourgi irod\u00e1ja - AB2PRO","og_description":"\u00dcdv\u00f6zl\u00fcnk strasbourgi irod\u00e1nkban! Ismerkedj meg dinamikus csapatunkkal, amelyet Yann, irod\u00e1nk vezet\u0151je ir\u00e1ny\u00edt, \u00e9s amely elk\u00f6telezett szakemberekb\u0151l, nemzetk\u00f6zi toborz\u00e1si szak\u00e9rt\u0151kb\u0151l \u00e1ll. [&hellip;]","og_url":"https:\/\/www.ab2pro.com\/hu\/agences\/strasbourgi-ab2pro-iroda\/","og_site_name":"AB2PRO","article_modified_time":"2025-07-17T13:54:43+00:00","og_image":[{"width":1920,"height":600,"url":"https:\/\/www.ab2pro.com\/wp-content\/uploads\/2020\/11\/fond-home.jpg","type":"image\/jpeg"}],"twitter_card":"summary_large_image","twitter_misc":{"Becs\u00fclt olvas\u00e1si id\u0151":"2 perc"},"schema":{"@context":"https:\/\/schema.org","@graph":[{"@type":"WebPage","@id":"https:\/\/www.ab2pro.com\/hu\/agences\/strasbourgi-ab2pro-iroda\/","url":"https:\/\/www.ab2pro.com\/hu\/agences\/strasbourgi-ab2pro-iroda\/","name":"Az AB2PRO strasbourgi irod\u00e1ja - AB2PRO","isPartOf":{"@id":"https:\/\/www.ab2pro.com\/hu\/#website"},"datePublished":"2023-11-07T14:40:38+00:00","dateModified":"2025-07-17T13:54:43+00:00","breadcrumb":{"@id":"https:\/\/www.ab2pro.com\/hu\/agences\/strasbourgi-ab2pro-iroda\/#breadcrumb"},"inLanguage":"hu","potentialAction":[{"@type":"ReadAction","target":["https:\/\/www.ab2pro.com\/hu\/agences\/strasbourgi-ab2pro-iroda\/"]}]},{"@type":"BreadcrumbList","@id":"https:\/\/www.ab2pro.com\/hu\/agences\/strasbourgi-ab2pro-iroda\/#breadcrumb","itemListElement":[{"@type":"ListItem","position":1,"name":"Accueil","item":"https:\/\/www.ab2pro.com\/hu\/"},{"@type":"ListItem","position":2,"name":"Agences","item":"https:\/\/www.ab2pro.com\/hu\/agences\/"},{"@type":"ListItem","position":3,"name":"Az AB2PRO strasbourgi irod\u00e1ja"}]},{"@type":"WebSite","@id":"https:\/\/www.ab2pro.com\/hu\/#website","url":"https:\/\/www.ab2pro.com\/hu\/","name":"AB2PRO","description":"Agence d&#039;emploi sp\u00e9cialis\u00e9e dans le recrutement de travailleurs europ\u00e9ens","publisher":{"@id":"https:\/\/www.ab2pro.com\/hu\/#organization"},"potentialAction":[{"@type":"SearchAction","target":{"@type":"EntryPoint","urlTemplate":"https:\/\/www.ab2pro.com\/hu\/?s={search_term_string}"},"query-input":{"@type":"PropertyValueSpecification","valueRequired":true,"valueName":"search_term_string"}}],"inLanguage":"hu"},{"@type":"Organization","@id":"https:\/\/www.ab2pro.com\/hu\/#organization","name":"AB2PRO","url":"https:\/\/www.ab2pro.com\/hu\/","logo":{"@type":"ImageObject","inLanguage":"hu","@id":"https:\/\/www.ab2pro.com\/hu\/#\/schema\/logo\/image\/","url":"https:\/\/www.ab2pro.com\/wp-content\/uploads\/2020\/11\/logo-profil.png","contentUrl":"https:\/\/www.ab2pro.com\/wp-content\/uploads\/2020\/11\/logo-profil.png","width":230,"height":47,"caption":"AB2PRO"},"image":{"@id":"https:\/\/www.ab2pro.com\/hu\/#\/schema\/logo\/image\/"}}]}},"_links":{"self":[{"href":"https:\/\/www.ab2pro.com\/hu\/wp-json\/wp\/v2\/agence\/48948","targetHints":{"allow":["GET"]}}],"collection":[{"href":"https:\/\/www.ab2pro.com\/hu\/wp-json\/wp\/v2\/agence"}],"about":[{"href":"https:\/\/www.ab2pro.com\/hu\/wp-json\/wp\/v2\/types\/agence"}],"author":[{"embeddable":true,"href":"https:\/\/www.ab2pro.com\/hu\/wp-json\/wp\/v2\/users\/1"}],"version-history":[{"count":0,"href":"https:\/\/www.ab2pro.com\/hu\/wp-json\/wp\/v2\/agence\/48948\/revisions"}],"wp:attachment":[{"href":"https:\/\/www.ab2pro.com\/hu\/wp-json\/wp\/v2\/media?parent=48948"}],"curies":[{"name":"wp","href":"https:\/\/api.w.org\/{rel}","templated":true}]}}

Az AB2PRO strasbourgi irodája

<p data-pm-slice="0 0 []"><strong>Üdvözlünk strasbourgi irodánkban! </strong><strong>Ismerkedj meg dinamikus csapatunkkal,</strong> amelyet <strong>Yann</strong>, irodánk vezetője irányít, és amely elkötelezett szakemberekből, nemzetközi toborzási szakértőkből áll.</p>
<p><strong>Yann </strong>a koordináció és a tervezés mestere. Sziporkázó humorral, de mégis könyörtelen komolysággal irányítja csapatát, biztosítva ezzel, hogy ügyfeleink számára kielégítő szolgáltatást tudjanak nyújtani.</p>
<p><strong>Csapatunk </strong>tagjai Romániában, Bulgáriában és más európai országokban szereztek tapasztalatot toborzás terén, alapos ismereteket szerezve a nemzetközi profilokról. Éles szemükkel és kommunikatív energiájukkal képesek megtalálni a legjobb jelölteket klienseink számára. </p>
<p><strong>Strasbourg </strong>városa sokkal többet kínál számunkra, mint a croissant és a savanyú káposzta. A dinamikus várost egyfajta kozmopolita hangulat lengi körül, tökéletesen ötvözve a hagyományt és a modernitást. Fedezd fel Elzász varázsát és hagyd, hogy elcsábítson a festői építészet, az egyedülálló kultúra, amely felejthetetlen élménnyé teszi az itt tartózkodást.</p>
<p>Ne hagyd ki a lehetőséget, jelentkezz strasbourgi irodánknál! <strong>Találkozz Yannal és csapatával </strong>és bízd ránk magad! Jelentkezz Bulgáriából, Romániából vagy más európai országból, segítünk megtalálni a számodra legmegfelelőbb álláslehetőséget. </p>
<p><strong>Vedd fel velünk a kapcsolatot még ma</strong>, és építsünk ki egy virágzó együttműködést. Hozzunk létre <strong>együtt </strong>egy győztes csapatot, amely szikrákat fog szórni!</p>
<p><strong>Klienseink már várják a munkaerőpiac gyöngyszemeit. Strasbour, Yann és csapata</strong> türelmetlenül várják, hogy felvehessék feled a kapcsolatot és hogy társaid lehessenek a célod felé vezető úton.</p>

<p>Üdvözlünk strasbourgi irodánkban! Ismerkedj meg dinamikus csapatunkkal, amelyet Yann, irodánk vezetője irányít, és amely elkötelezett szakemberekből, nemzetközi toborzási szakértőkből áll. [&hellip;]</p>

<!-- This site is optimized with the Yoast SEO plugin v26.8 - https://yoast.com/product/yoast-seo-wordpress/ -->
<title>Az AB2PRO strasbourgi irodája - AB2PRO</title>
<meta name="robots" content="index, follow, max-snippet:-1, max-image-preview:large, max-video-preview:-1" />
<link rel="canonical" href="https://www.ab2pro.com/hu/agences/strasbourgi-ab2pro-iroda/" />
<meta property="og:locale" content="hu_HU" />
<meta property="og:type" content="article" />
<meta property="og:title" content="Az AB2PRO strasbourgi irodája - AB2PRO" />
<meta property="og:description" content="Üdvözlünk strasbourgi irodánkban! Ismerkedj meg dinamikus csapatunkkal, amelyet Yann, irodánk vezetője irányít, és amely elkötelezett szakemberekből, nemzetközi toborzási szakértőkből áll. [&hellip;]" />
<meta property="og:url" content="https://www.ab2pro.com/hu/agences/strasbourgi-ab2pro-iroda/" />
<meta property="og:site_name" content="AB2PRO" />
<meta property="article:modified_time" content="2025-07-17T13:54:43+00:00" />
<meta property="og:image" content="https://www.ab2pro.com/wp-content/uploads/2020/11/fond-home.jpg" />
	<meta property="og:image:width" content="1920" />
	<meta property="og:image:height" content="600" />
	<meta property="og:image:type" content="image/jpeg" />
<meta name="twitter:card" content="summary_large_image" />
<meta name="twitter:label1" content="Becsült olvasási idő" />
	<meta name="twitter:data1" content="2 perc" />
<script type="application/ld+json" class="yoast-schema-graph">{"@context":"https://schema.org","@graph":[{"@type":"WebPage","@id":"https://www.ab2pro.com/hu/agences/strasbourgi-ab2pro-iroda/","url":"https://www.ab2pro.com/hu/agences/strasbourgi-ab2pro-iroda/","name":"Az AB2PRO strasbourgi irodája - AB2PRO","isPartOf":{"@id":"https://www.ab2pro.com/hu/#website"},"datePublished":"2023-11-07T14:40:38+00:00","dateModified":"2025-07-17T13:54:43+00:00","breadcrumb":{"@id":"https://www.ab2pro.com/hu/agences/strasbourgi-ab2pro-iroda/#breadcrumb"},"inLanguage":"hu","potentialAction":[{"@type":"ReadAction","target":["https://www.ab2pro.com/hu/agences/strasbourgi-ab2pro-iroda/"]}]},{"@type":"BreadcrumbList","@id":"https://www.ab2pro.com/hu/agences/strasbourgi-ab2pro-iroda/#breadcrumb","itemListElement":[{"@type":"ListItem","position":1,"name":"Accueil","item":"https://www.ab2pro.com/hu/"},{"@type":"ListItem","position":2,"name":"Agences","item":"https://www.ab2pro.com/hu/agences/"},{"@type":"ListItem","position":3,"name":"Az AB2PRO strasbourgi irodája"}]},{"@type":"WebSite","@id":"https://www.ab2pro.com/hu/#website","url":"https://www.ab2pro.com/hu/","name":"AB2PRO","description":"Agence d&#039;emploi spécialisée dans le recrutement de travailleurs européens","publisher":{"@id":"https://www.ab2pro.com/hu/#organization"},"potentialAction":[{"@type":"SearchAction","target":{"@type":"EntryPoint","urlTemplate":"https://www.ab2pro.com/hu/?s={search_term_string}"},"query-input":{"@type":"PropertyValueSpecification","valueRequired":true,"valueName":"search_term_string"}}],"inLanguage":"hu"},{"@type":"Organization","@id":"https://www.ab2pro.com/hu/#organization","name":"AB2PRO","url":"https://www.ab2pro.com/hu/","logo":{"@type":"ImageObject","inLanguage":"hu","@id":"https://www.ab2pro.com/hu/#/schema/logo/image/","url":"https://www.ab2pro.com/wp-content/uploads/2020/11/logo-profil.png","contentUrl":"https://www.ab2pro.com/wp-content/uploads/2020/11/logo-profil.png","width":230,"height":47,"caption":"AB2PRO"},"image":{"@id":"https://www.ab2pro.com/hu/#/schema/logo/image/"}}]}</script>
<!-- / Yoast SEO plugin. -->

Az AB2PRO strasbourgi irodája - AB2PRO

Üdvözlünk strasbourgi irodánkban! Ismerkedj meg dinamikus csapatunkkal, amelyet Yann, irodánk vezetője irányít, és amely elkötelezett szakemberekből, nemzetközi toborzási szakértőkből áll. [&hellip;]

Agence d&#039;emploi spécialisée dans le recrutement de travailleurs européens
