
{"id":48659,"date":"2023-11-07T11:54:53","date_gmt":"2023-11-07T10:54:53","guid":{"rendered":"https:\/\/www.ab2pro.com\/?post_type=agence&#038;p=48659"},"modified":"2025-06-20T16:23:57","modified_gmt":"2025-06-20T14:23:57","slug":"agencja-ab2pro-rennes","status":"publish","type":"agence","link":"https:\/\/www.ab2pro.com\/pl\/agences\/agencja-ab2pro-rennes\/","title":{"rendered":"Agencja AB2PRO Rennes"},"content":{"rendered":"<p data-pm-slice=\"0 0 []\"><strong>W naszej agencji pracy tymczasowej w Rennes<\/strong> oferujemy co\u015b wi\u0119cej ni\u017c tylko umow\u0119 o prac\u0119. Zapewniamy wyj\u0105tkowe, spersonalizowane i wzbogacaj\u0105ce do\u015bwiadczenie zawodowe. Poznaj <strong>Fabiena<\/strong>, naszego kierownika agencji, oraz<strong> jego pe\u0142en pasji i zaanga\u017cowania zesp\u00f3<\/strong>\u0142, kt\u00f3ry z profesjonalizmem i trosk\u0105 wspiera Ci\u0119 na ka\u017cdym kroku.  <\/p>\n<p>Fabien, dzi\u0119ki swojemu do\u015bwiadczeniu w sprzeda\u017cy, jest Twoim zaufanym partnerem, kt\u00f3ry doskonale rozumie Twoje specyficzne potrzeby i pomaga znale\u017a\u0107 idealnego kandydata dla Twojej firmy. Jego dog\u0142\u0119bna znajomo\u015b\u0107 rynku pracy oraz niezachwiane zaanga\u017cowanie gwarantuj\u0105 rozwi\u0105zania dopasowane do Twoich wymaga\u0144 zawodowych. <\/p>\n<p>Obok niego<strong> nasz zesp\u00f3\u0142 <\/strong>specjalizuj\u0105cy si\u0119 w rekrutacji mi\u0119dzynarodowej wykorzystuje swoj\u0105 wiedz\u0119 o rynkach oraz sie\u0107 wykwalifikowanych kandydat\u00f3w, aby identyfikowa\u0107 najlepsze profile. Ich ekspertyza obejmuje w szczeg\u00f3lno\u015bci rekrutacje na W\u0119grzech, w Bu\u0142garii i Rumunii, co przyczynia si\u0119 do r\u00f3\u017cnorodno\u015bci i wysokiej jako\u015bci oferowanych talent\u00f3w. <\/p>\n<p>Opr\u00f3cz naszego zespo\u0142u ekspert\u00f3w, znajdujemy si\u0119 w samym sercu pi\u0119knego regionu Bretanii. Bretania, kulturowy skarb Francji, \u0142\u0105czy bogat\u0105 histori\u0119, zapieraj\u0105ce dech w piersiach krajobrazy oraz s\u0142ynn\u0105 scen\u0119 kulinarn\u0105. Odkryj pi\u0119kne piaszczyste pla\u017ce, imponuj\u0105ce zamki oraz ciep\u0142\u0105 atmosfer\u0119, kt\u00f3re sprawiaj\u0105, \u017ce Bretania to miejsce, kt\u00f3rego nie mo\u017cna pomin\u0105\u0107.  <\/p>\n<p>Nie przegap okazji, aby wsp\u00f3\u0142pracowa\u0107 z nasz\u0105 agencj\u0105 rekrutacyjn\u0105 w Rennes i korzysta\u0107 ze wszystkiego, co Bretania ma do zaoferowania<strong>. Spotkaj si\u0119 z Fabienem i jego zespo\u0142em<\/strong> ju\u017c dzi\u015b i pozw\u00f3l nam towarzyszy\u0107 Ci w drodze do pomy\u015blnej kariery zawodowej.<\/p>\n<p><strong>Skontaktuj si\u0119 z nami ju\u017c dzi\u015b, <\/strong>aby om\u00f3wi\u0107 swoje potrzeby rekrutacyjne, i pozw\u00f3l nam pokaza\u0107, jak mo\u017cemy przyczyni\u0107 si\u0119 do Twojego sukcesu.<\/p>","protected":false},"excerpt":{"rendered":"<p>W naszej agencji pracy tymczasowej w Rennes oferujemy co\u015b wi\u0119cej ni\u017c tylko umow\u0119 o prac\u0119. Zapewniamy wyj\u0105tkowe, spersonalizowane i wzbogacaj\u0105ce [&hellip;]<\/p>\n","protected":false},"author":1,"featured_media":0,"template":"","meta":{"_acf_changed":false,"footnotes":""},"class_list":["post-48659","agence","type-agence","status-publish","hentry"],"acf":[],"yoast_head":"<!-- This site is optimized with the Yoast SEO plugin v26.8 - https:\/\/yoast.com\/product\/yoast-seo-wordpress\/ -->\n<title>Agencja AB2PRO Rennes - AB2PRO<\/title>\n<meta name=\"robots\" content=\"index, follow, max-snippet:-1, max-image-preview:large, max-video-preview:-1\" \/>\n<link rel=\"canonical\" href=\"https:\/\/www.ab2pro.com\/pl\/agences\/agencja-ab2pro-rennes\/\" \/>\n<meta property=\"og:locale\" content=\"pl_PL\" \/>\n<meta property=\"og:type\" content=\"article\" \/>\n<meta property=\"og:title\" content=\"Agencja AB2PRO Rennes - AB2PRO\" \/>\n<meta property=\"og:description\" content=\"W naszej agencji pracy tymczasowej w Rennes oferujemy co\u015b wi\u0119cej ni\u017c tylko umow\u0119 o prac\u0119. Zapewniamy wyj\u0105tkowe, spersonalizowane i wzbogacaj\u0105ce [&hellip;]\" \/>\n<meta property=\"og:url\" content=\"https:\/\/www.ab2pro.com\/pl\/agences\/agencja-ab2pro-rennes\/\" \/>\n<meta property=\"og:site_name\" content=\"AB2PRO\" \/>\n<meta property=\"article:modified_time\" content=\"2025-06-20T14:23:57+00:00\" \/>\n<meta property=\"og:image\" content=\"https:\/\/www.ab2pro.com\/wp-content\/uploads\/2020\/11\/fond-home.jpg\" \/>\n\t<meta property=\"og:image:width\" content=\"1920\" \/>\n\t<meta property=\"og:image:height\" content=\"600\" \/>\n\t<meta property=\"og:image:type\" content=\"image\/jpeg\" \/>\n<meta name=\"twitter:card\" content=\"summary_large_image\" \/>\n<script type=\"application\/ld+json\" class=\"yoast-schema-graph\">{\"@context\":\"https:\/\/schema.org\",\"@graph\":[{\"@type\":\"WebPage\",\"@id\":\"https:\/\/www.ab2pro.com\/pl\/agences\/agencja-ab2pro-rennes\/\",\"url\":\"https:\/\/www.ab2pro.com\/pl\/agences\/agencja-ab2pro-rennes\/\",\"name\":\"Agencja AB2PRO Rennes - AB2PRO\",\"isPartOf\":{\"@id\":\"https:\/\/www.ab2pro.com\/pl\/#website\"},\"datePublished\":\"2023-11-07T10:54:53+00:00\",\"dateModified\":\"2025-06-20T14:23:57+00:00\",\"breadcrumb\":{\"@id\":\"https:\/\/www.ab2pro.com\/pl\/agences\/agencja-ab2pro-rennes\/#breadcrumb\"},\"inLanguage\":\"pl-PL\",\"potentialAction\":[{\"@type\":\"ReadAction\",\"target\":[\"https:\/\/www.ab2pro.com\/pl\/agences\/agencja-ab2pro-rennes\/\"]}]},{\"@type\":\"BreadcrumbList\",\"@id\":\"https:\/\/www.ab2pro.com\/pl\/agences\/agencja-ab2pro-rennes\/#breadcrumb\",\"itemListElement\":[{\"@type\":\"ListItem\",\"position\":1,\"name\":\"Accueil\",\"item\":\"https:\/\/www.ab2pro.com\/pl\/\"},{\"@type\":\"ListItem\",\"position\":2,\"name\":\"Agences\",\"item\":\"https:\/\/www.ab2pro.com\/pl\/agences\/\"},{\"@type\":\"ListItem\",\"position\":3,\"name\":\"Agencja AB2PRO Rennes\"}]},{\"@type\":\"WebSite\",\"@id\":\"https:\/\/www.ab2pro.com\/pl\/#website\",\"url\":\"https:\/\/www.ab2pro.com\/pl\/\",\"name\":\"AB2PRO\",\"description\":\"Agence d&#039;emploi sp\u00e9cialis\u00e9e dans le recrutement de travailleurs europ\u00e9ens\",\"publisher\":{\"@id\":\"https:\/\/www.ab2pro.com\/pl\/#organization\"},\"potentialAction\":[{\"@type\":\"SearchAction\",\"target\":{\"@type\":\"EntryPoint\",\"urlTemplate\":\"https:\/\/www.ab2pro.com\/pl\/?s={search_term_string}\"},\"query-input\":{\"@type\":\"PropertyValueSpecification\",\"valueRequired\":true,\"valueName\":\"search_term_string\"}}],\"inLanguage\":\"pl-PL\"},{\"@type\":\"Organization\",\"@id\":\"https:\/\/www.ab2pro.com\/pl\/#organization\",\"name\":\"AB2PRO\",\"url\":\"https:\/\/www.ab2pro.com\/pl\/\",\"logo\":{\"@type\":\"ImageObject\",\"inLanguage\":\"pl-PL\",\"@id\":\"https:\/\/www.ab2pro.com\/pl\/#\/schema\/logo\/image\/\",\"url\":\"https:\/\/www.ab2pro.com\/wp-content\/uploads\/2020\/11\/logo-profil.png\",\"contentUrl\":\"https:\/\/www.ab2pro.com\/wp-content\/uploads\/2020\/11\/logo-profil.png\",\"width\":230,\"height\":47,\"caption\":\"AB2PRO\"},\"image\":{\"@id\":\"https:\/\/www.ab2pro.com\/pl\/#\/schema\/logo\/image\/\"}}]}<\/script>\n<!-- \/ Yoast SEO plugin. -->","yoast_head_json":{"title":"Agencja AB2PRO Rennes - AB2PRO","robots":{"index":"index","follow":"follow","max-snippet":"max-snippet:-1","max-image-preview":"max-image-preview:large","max-video-preview":"max-video-preview:-1"},"canonical":"https:\/\/www.ab2pro.com\/pl\/agences\/agencja-ab2pro-rennes\/","og_locale":"pl_PL","og_type":"article","og_title":"Agencja AB2PRO Rennes - AB2PRO","og_description":"W naszej agencji pracy tymczasowej w Rennes oferujemy co\u015b wi\u0119cej ni\u017c tylko umow\u0119 o prac\u0119. Zapewniamy wyj\u0105tkowe, spersonalizowane i wzbogacaj\u0105ce [&hellip;]","og_url":"https:\/\/www.ab2pro.com\/pl\/agences\/agencja-ab2pro-rennes\/","og_site_name":"AB2PRO","article_modified_time":"2025-06-20T14:23:57+00:00","og_image":[{"width":1920,"height":600,"url":"https:\/\/www.ab2pro.com\/wp-content\/uploads\/2020\/11\/fond-home.jpg","type":"image\/jpeg"}],"twitter_card":"summary_large_image","schema":{"@context":"https:\/\/schema.org","@graph":[{"@type":"WebPage","@id":"https:\/\/www.ab2pro.com\/pl\/agences\/agencja-ab2pro-rennes\/","url":"https:\/\/www.ab2pro.com\/pl\/agences\/agencja-ab2pro-rennes\/","name":"Agencja AB2PRO Rennes - AB2PRO","isPartOf":{"@id":"https:\/\/www.ab2pro.com\/pl\/#website"},"datePublished":"2023-11-07T10:54:53+00:00","dateModified":"2025-06-20T14:23:57+00:00","breadcrumb":{"@id":"https:\/\/www.ab2pro.com\/pl\/agences\/agencja-ab2pro-rennes\/#breadcrumb"},"inLanguage":"pl-PL","potentialAction":[{"@type":"ReadAction","target":["https:\/\/www.ab2pro.com\/pl\/agences\/agencja-ab2pro-rennes\/"]}]},{"@type":"BreadcrumbList","@id":"https:\/\/www.ab2pro.com\/pl\/agences\/agencja-ab2pro-rennes\/#breadcrumb","itemListElement":[{"@type":"ListItem","position":1,"name":"Accueil","item":"https:\/\/www.ab2pro.com\/pl\/"},{"@type":"ListItem","position":2,"name":"Agences","item":"https:\/\/www.ab2pro.com\/pl\/agences\/"},{"@type":"ListItem","position":3,"name":"Agencja AB2PRO Rennes"}]},{"@type":"WebSite","@id":"https:\/\/www.ab2pro.com\/pl\/#website","url":"https:\/\/www.ab2pro.com\/pl\/","name":"AB2PRO","description":"Agence d&#039;emploi sp\u00e9cialis\u00e9e dans le recrutement de travailleurs europ\u00e9ens","publisher":{"@id":"https:\/\/www.ab2pro.com\/pl\/#organization"},"potentialAction":[{"@type":"SearchAction","target":{"@type":"EntryPoint","urlTemplate":"https:\/\/www.ab2pro.com\/pl\/?s={search_term_string}"},"query-input":{"@type":"PropertyValueSpecification","valueRequired":true,"valueName":"search_term_string"}}],"inLanguage":"pl-PL"},{"@type":"Organization","@id":"https:\/\/www.ab2pro.com\/pl\/#organization","name":"AB2PRO","url":"https:\/\/www.ab2pro.com\/pl\/","logo":{"@type":"ImageObject","inLanguage":"pl-PL","@id":"https:\/\/www.ab2pro.com\/pl\/#\/schema\/logo\/image\/","url":"https:\/\/www.ab2pro.com\/wp-content\/uploads\/2020\/11\/logo-profil.png","contentUrl":"https:\/\/www.ab2pro.com\/wp-content\/uploads\/2020\/11\/logo-profil.png","width":230,"height":47,"caption":"AB2PRO"},"image":{"@id":"https:\/\/www.ab2pro.com\/pl\/#\/schema\/logo\/image\/"}}]}},"_links":{"self":[{"href":"https:\/\/www.ab2pro.com\/pl\/wp-json\/wp\/v2\/agence\/48659","targetHints":{"allow":["GET"]}}],"collection":[{"href":"https:\/\/www.ab2pro.com\/pl\/wp-json\/wp\/v2\/agence"}],"about":[{"href":"https:\/\/www.ab2pro.com\/pl\/wp-json\/wp\/v2\/types\/agence"}],"author":[{"embeddable":true,"href":"https:\/\/www.ab2pro.com\/pl\/wp-json\/wp\/v2\/users\/1"}],"version-history":[{"count":0,"href":"https:\/\/www.ab2pro.com\/pl\/wp-json\/wp\/v2\/agence\/48659\/revisions"}],"wp:attachment":[{"href":"https:\/\/www.ab2pro.com\/pl\/wp-json\/wp\/v2\/media?parent=48659"}],"curies":[{"name":"wp","href":"https:\/\/api.w.org\/{rel}","templated":true}]}}

<p data-pm-slice="0 0 []"><strong>W naszej agencji pracy tymczasowej w Rennes</strong> oferujemy coś więcej niż tylko umowę o pracę. Zapewniamy wyjątkowe, spersonalizowane i wzbogacające doświadczenie zawodowe. Poznaj <strong>Fabiena</strong>, naszego kierownika agencji, oraz<strong> jego pełen pasji i zaangażowania zespó</strong>ł, który z profesjonalizmem i troską wspiera Cię na każdym kroku.  </p>
<p>Fabien, dzięki swojemu doświadczeniu w sprzedaży, jest Twoim zaufanym partnerem, który doskonale rozumie Twoje specyficzne potrzeby i pomaga znaleźć idealnego kandydata dla Twojej firmy. Jego dogłębna znajomość rynku pracy oraz niezachwiane zaangażowanie gwarantują rozwiązania dopasowane do Twoich wymagań zawodowych. </p>
<p>Obok niego<strong> nasz zespół </strong>specjalizujący się w rekrutacji międzynarodowej wykorzystuje swoją wiedzę o rynkach oraz sieć wykwalifikowanych kandydatów, aby identyfikować najlepsze profile. Ich ekspertyza obejmuje w szczególności rekrutacje na Węgrzech, w Bułgarii i Rumunii, co przyczynia się do różnorodności i wysokiej jakości oferowanych talentów. </p>
<p>Oprócz naszego zespołu ekspertów, znajdujemy się w samym sercu pięknego regionu Bretanii. Bretania, kulturowy skarb Francji, łączy bogatą historię, zapierające dech w piersiach krajobrazy oraz słynną scenę kulinarną. Odkryj piękne piaszczyste plaże, imponujące zamki oraz ciepłą atmosferę, które sprawiają, że Bretania to miejsce, którego nie można pominąć.  </p>
<p>Nie przegap okazji, aby współpracować z naszą agencją rekrutacyjną w Rennes i korzystać ze wszystkiego, co Bretania ma do zaoferowania<strong>. Spotkaj się z Fabienem i jego zespołem</strong> już dziś i pozwól nam towarzyszyć Ci w drodze do pomyślnej kariery zawodowej.</p>
<p><strong>Skontaktuj się z nami już dziś, </strong>aby omówić swoje potrzeby rekrutacyjne, i pozwól nam pokazać, jak możemy przyczynić się do Twojego sukcesu.</p>

<p>W naszej agencji pracy tymczasowej w Rennes oferujemy coś więcej niż tylko umowę o pracę. Zapewniamy wyjątkowe, spersonalizowane i wzbogacające [&hellip;]</p>

<!-- This site is optimized with the Yoast SEO plugin v26.8 - https://yoast.com/product/yoast-seo-wordpress/ -->
<title>Agencja AB2PRO Rennes - AB2PRO</title>
<meta name="robots" content="index, follow, max-snippet:-1, max-image-preview:large, max-video-preview:-1" />
<link rel="canonical" href="https://www.ab2pro.com/pl/agences/agencja-ab2pro-rennes/" />
<meta property="og:locale" content="pl_PL" />
<meta property="og:type" content="article" />
<meta property="og:title" content="Agencja AB2PRO Rennes - AB2PRO" />
<meta property="og:description" content="W naszej agencji pracy tymczasowej w Rennes oferujemy coś więcej niż tylko umowę o pracę. Zapewniamy wyjątkowe, spersonalizowane i wzbogacające [&hellip;]" />
<meta property="og:url" content="https://www.ab2pro.com/pl/agences/agencja-ab2pro-rennes/" />
<meta property="og:site_name" content="AB2PRO" />
<meta property="article:modified_time" content="2025-06-20T14:23:57+00:00" />
<meta property="og:image" content="https://www.ab2pro.com/wp-content/uploads/2020/11/fond-home.jpg" />
	<meta property="og:image:width" content="1920" />
	<meta property="og:image:height" content="600" />
	<meta property="og:image:type" content="image/jpeg" />
<meta name="twitter:card" content="summary_large_image" />
<script type="application/ld+json" class="yoast-schema-graph">{"@context":"https://schema.org","@graph":[{"@type":"WebPage","@id":"https://www.ab2pro.com/pl/agences/agencja-ab2pro-rennes/","url":"https://www.ab2pro.com/pl/agences/agencja-ab2pro-rennes/","name":"Agencja AB2PRO Rennes - AB2PRO","isPartOf":{"@id":"https://www.ab2pro.com/pl/#website"},"datePublished":"2023-11-07T10:54:53+00:00","dateModified":"2025-06-20T14:23:57+00:00","breadcrumb":{"@id":"https://www.ab2pro.com/pl/agences/agencja-ab2pro-rennes/#breadcrumb"},"inLanguage":"pl-PL","potentialAction":[{"@type":"ReadAction","target":["https://www.ab2pro.com/pl/agences/agencja-ab2pro-rennes/"]}]},{"@type":"BreadcrumbList","@id":"https://www.ab2pro.com/pl/agences/agencja-ab2pro-rennes/#breadcrumb","itemListElement":[{"@type":"ListItem","position":1,"name":"Accueil","item":"https://www.ab2pro.com/pl/"},{"@type":"ListItem","position":2,"name":"Agences","item":"https://www.ab2pro.com/pl/agences/"},{"@type":"ListItem","position":3,"name":"Agencja AB2PRO Rennes"}]},{"@type":"WebSite","@id":"https://www.ab2pro.com/pl/#website","url":"https://www.ab2pro.com/pl/","name":"AB2PRO","description":"Agence d&#039;emploi spécialisée dans le recrutement de travailleurs européens","publisher":{"@id":"https://www.ab2pro.com/pl/#organization"},"potentialAction":[{"@type":"SearchAction","target":{"@type":"EntryPoint","urlTemplate":"https://www.ab2pro.com/pl/?s={search_term_string}"},"query-input":{"@type":"PropertyValueSpecification","valueRequired":true,"valueName":"search_term_string"}}],"inLanguage":"pl-PL"},{"@type":"Organization","@id":"https://www.ab2pro.com/pl/#organization","name":"AB2PRO","url":"https://www.ab2pro.com/pl/","logo":{"@type":"ImageObject","inLanguage":"pl-PL","@id":"https://www.ab2pro.com/pl/#/schema/logo/image/","url":"https://www.ab2pro.com/wp-content/uploads/2020/11/logo-profil.png","contentUrl":"https://www.ab2pro.com/wp-content/uploads/2020/11/logo-profil.png","width":230,"height":47,"caption":"AB2PRO"},"image":{"@id":"https://www.ab2pro.com/pl/#/schema/logo/image/"}}]}</script>
<!-- / Yoast SEO plugin. -->

W naszej agencji pracy tymczasowej w Rennes oferujemy coś więcej niż tylko umowę o pracę. Zapewniamy wyjątkowe, spersonalizowane i wzbogacające [&hellip;]

Agence d&#039;emploi spécialisée dans le recrutement de travailleurs européens
