
{"id":48693,"date":"2023-11-07T12:12:06","date_gmt":"2023-11-07T11:12:06","guid":{"rendered":"https:\/\/www.ab2pro.com\/?post_type=agence&#038;p=48693"},"modified":"2025-06-20T16:14:26","modified_gmt":"2025-06-20T14:14:26","slug":"agencja-ab2pro-nantes","status":"publish","type":"agence","link":"https:\/\/www.ab2pro.com\/pl\/agences\/agencja-ab2pro-nantes\/","title":{"rendered":"Agencja AB2PRO Nantes"},"content":{"rendered":"<p data-pm-slice=\"0 0 []\"><strong>Zlokalizowana w sercu regionu Pays de la Loire<\/strong>, nasza agencja w Nantes stanowi punkt oparcia dla talent\u00f3w i firm poszukuj\u0105cych mo\u017cliwo\u015bci pracy tymczasowej. Zr\u00f3\u017cnicowany krajobraz, obejmuj\u0105cy wybrze\u017ce Atlantyku, zamki nad Loar\u0105 i dynamiczn\u0105 gospodark\u0119, sprawia, \u017ce region oferuje wyj\u0105tkowe warunki do \u017cycia i pracy. <\/p>\n<p>Na czele agencji stoi <strong>J\u00e9r\u00f4me<\/strong>, odpowiedzialny za operacje na zachodzie, kt\u00f3ry kieruje dzia\u0142alno\u015bci\u0105 z profesjonalizmem i zaanga\u017cowaniem. <strong>Wspiera go nasz zesp\u00f3\u0142,<\/strong> dbaj\u0105cy o rozw\u00f3j relacji z partnerami, szybkie reagowanie na potrzeby firm, koordynacj\u0119 misji w terenie oraz zapewnienie rzetelnego nadzoru.<\/p>\n<p><strong>Nasz zesp\u00f3\u0142 rekruter\u00f3w <\/strong>odgrywa kluczow\u0105 rol\u0119 w selekcji talent\u00f3w oraz wsparciu kandydat\u00f3w przez ca\u0142y czas trwania ich misji. Dzi\u0119ki uwa\u017cno\u015bci, profesjonalizmowi oraz dog\u0142\u0119bnej znajomo\u015bci rynku, dba o oferowanie najlepszych mo\u017cliwo\u015bci, zgodnych z oczekiwaniami firm. <\/p>\n<p>Agencja AB2PRO Nantes, zlokalizowana w Bouaye, blisko Nantes i w sercu winnic regionu nanta\u0144skiego, korzysta ze strategicznego po\u0142o\u017cenia, niedaleko g\u0142\u00f3wnych szlak\u00f3w komunikacyjnych oraz regionalnych o\u015brodk\u00f3w gospodarczych. Jej historia to opowie\u015b\u0107 o silnym zaanga\u017cowaniu lokalnym oraz nieustannej ch\u0119ci innowacji, aby lepiej wspiera\u0107 pracownik\u00f3w i firmy. <\/p>\n<p>Niezale\u017cnie od tego, czy szukasz zlecenia, czy talent\u00f3w, <strong>J\u00e9r\u00f4me i jego zesp\u00f3\u0142<\/strong> przyjm\u0105 Ci\u0119 z entuzjazmem i profesjonalizmem.<\/p>\n<p><strong>Przyjd\u017a i spotkaj si\u0119 z nami, przygoda zaczyna si\u0119 tutaj z TEAM AB2PRO Nantes!<\/strong><\/p>","protected":false},"excerpt":{"rendered":"<p>Zlokalizowana w sercu regionu Pays de la Loire, nasza agencja w Nantes stanowi punkt oparcia dla talent\u00f3w i firm poszukuj\u0105cych [&hellip;]<\/p>\n","protected":false},"author":1,"featured_media":0,"template":"","meta":{"_acf_changed":false,"footnotes":""},"class_list":["post-48693","agence","type-agence","status-publish","hentry"],"acf":[],"yoast_head":"<!-- This site is optimized with the Yoast SEO plugin v26.8 - https:\/\/yoast.com\/product\/yoast-seo-wordpress\/ -->\n<title>Agencja AB2PRO Nantes - AB2PRO<\/title>\n<meta name=\"robots\" content=\"index, follow, max-snippet:-1, max-image-preview:large, max-video-preview:-1\" \/>\n<link rel=\"canonical\" href=\"https:\/\/www.ab2pro.com\/pl\/agences\/agencja-ab2pro-nantes\/\" \/>\n<meta property=\"og:locale\" content=\"pl_PL\" \/>\n<meta property=\"og:type\" content=\"article\" \/>\n<meta property=\"og:title\" content=\"Agencja AB2PRO Nantes - AB2PRO\" \/>\n<meta property=\"og:description\" content=\"Zlokalizowana w sercu regionu Pays de la Loire, nasza agencja w Nantes stanowi punkt oparcia dla talent\u00f3w i firm poszukuj\u0105cych [&hellip;]\" \/>\n<meta property=\"og:url\" content=\"https:\/\/www.ab2pro.com\/pl\/agences\/agencja-ab2pro-nantes\/\" \/>\n<meta property=\"og:site_name\" content=\"AB2PRO\" \/>\n<meta property=\"article:modified_time\" content=\"2025-06-20T14:14:26+00:00\" \/>\n<meta property=\"og:image\" content=\"https:\/\/www.ab2pro.com\/wp-content\/uploads\/2020\/11\/fond-home.jpg\" \/>\n\t<meta property=\"og:image:width\" content=\"1920\" \/>\n\t<meta property=\"og:image:height\" content=\"600\" \/>\n\t<meta property=\"og:image:type\" content=\"image\/jpeg\" \/>\n<meta name=\"twitter:card\" content=\"summary_large_image\" \/>\n<meta name=\"twitter:label1\" content=\"Szacowany czas czytania\" \/>\n\t<meta name=\"twitter:data1\" content=\"3 minuty\" \/>\n<script type=\"application\/ld+json\" class=\"yoast-schema-graph\">{\"@context\":\"https:\/\/schema.org\",\"@graph\":[{\"@type\":\"WebPage\",\"@id\":\"https:\/\/www.ab2pro.com\/pl\/agences\/agencja-ab2pro-nantes\/\",\"url\":\"https:\/\/www.ab2pro.com\/pl\/agences\/agencja-ab2pro-nantes\/\",\"name\":\"Agencja AB2PRO Nantes - AB2PRO\",\"isPartOf\":{\"@id\":\"https:\/\/www.ab2pro.com\/pl\/#website\"},\"datePublished\":\"2023-11-07T11:12:06+00:00\",\"dateModified\":\"2025-06-20T14:14:26+00:00\",\"breadcrumb\":{\"@id\":\"https:\/\/www.ab2pro.com\/pl\/agences\/agencja-ab2pro-nantes\/#breadcrumb\"},\"inLanguage\":\"pl-PL\",\"potentialAction\":[{\"@type\":\"ReadAction\",\"target\":[\"https:\/\/www.ab2pro.com\/pl\/agences\/agencja-ab2pro-nantes\/\"]}]},{\"@type\":\"BreadcrumbList\",\"@id\":\"https:\/\/www.ab2pro.com\/pl\/agences\/agencja-ab2pro-nantes\/#breadcrumb\",\"itemListElement\":[{\"@type\":\"ListItem\",\"position\":1,\"name\":\"Accueil\",\"item\":\"https:\/\/www.ab2pro.com\/pl\/\"},{\"@type\":\"ListItem\",\"position\":2,\"name\":\"Agences\",\"item\":\"https:\/\/www.ab2pro.com\/pl\/agences\/\"},{\"@type\":\"ListItem\",\"position\":3,\"name\":\"Agencja AB2PRO Nantes\"}]},{\"@type\":\"WebSite\",\"@id\":\"https:\/\/www.ab2pro.com\/pl\/#website\",\"url\":\"https:\/\/www.ab2pro.com\/pl\/\",\"name\":\"AB2PRO\",\"description\":\"Agence d&#039;emploi sp\u00e9cialis\u00e9e dans le recrutement de travailleurs europ\u00e9ens\",\"publisher\":{\"@id\":\"https:\/\/www.ab2pro.com\/pl\/#organization\"},\"potentialAction\":[{\"@type\":\"SearchAction\",\"target\":{\"@type\":\"EntryPoint\",\"urlTemplate\":\"https:\/\/www.ab2pro.com\/pl\/?s={search_term_string}\"},\"query-input\":{\"@type\":\"PropertyValueSpecification\",\"valueRequired\":true,\"valueName\":\"search_term_string\"}}],\"inLanguage\":\"pl-PL\"},{\"@type\":\"Organization\",\"@id\":\"https:\/\/www.ab2pro.com\/pl\/#organization\",\"name\":\"AB2PRO\",\"url\":\"https:\/\/www.ab2pro.com\/pl\/\",\"logo\":{\"@type\":\"ImageObject\",\"inLanguage\":\"pl-PL\",\"@id\":\"https:\/\/www.ab2pro.com\/pl\/#\/schema\/logo\/image\/\",\"url\":\"https:\/\/www.ab2pro.com\/wp-content\/uploads\/2020\/11\/logo-profil.png\",\"contentUrl\":\"https:\/\/www.ab2pro.com\/wp-content\/uploads\/2020\/11\/logo-profil.png\",\"width\":230,\"height\":47,\"caption\":\"AB2PRO\"},\"image\":{\"@id\":\"https:\/\/www.ab2pro.com\/pl\/#\/schema\/logo\/image\/\"}}]}<\/script>\n<!-- \/ Yoast SEO plugin. -->","yoast_head_json":{"title":"Agencja AB2PRO Nantes - AB2PRO","robots":{"index":"index","follow":"follow","max-snippet":"max-snippet:-1","max-image-preview":"max-image-preview:large","max-video-preview":"max-video-preview:-1"},"canonical":"https:\/\/www.ab2pro.com\/pl\/agences\/agencja-ab2pro-nantes\/","og_locale":"pl_PL","og_type":"article","og_title":"Agencja AB2PRO Nantes - AB2PRO","og_description":"Zlokalizowana w sercu regionu Pays de la Loire, nasza agencja w Nantes stanowi punkt oparcia dla talent\u00f3w i firm poszukuj\u0105cych [&hellip;]","og_url":"https:\/\/www.ab2pro.com\/pl\/agences\/agencja-ab2pro-nantes\/","og_site_name":"AB2PRO","article_modified_time":"2025-06-20T14:14:26+00:00","og_image":[{"width":1920,"height":600,"url":"https:\/\/www.ab2pro.com\/wp-content\/uploads\/2020\/11\/fond-home.jpg","type":"image\/jpeg"}],"twitter_card":"summary_large_image","twitter_misc":{"Szacowany czas czytania":"3 minuty"},"schema":{"@context":"https:\/\/schema.org","@graph":[{"@type":"WebPage","@id":"https:\/\/www.ab2pro.com\/pl\/agences\/agencja-ab2pro-nantes\/","url":"https:\/\/www.ab2pro.com\/pl\/agences\/agencja-ab2pro-nantes\/","name":"Agencja AB2PRO Nantes - AB2PRO","isPartOf":{"@id":"https:\/\/www.ab2pro.com\/pl\/#website"},"datePublished":"2023-11-07T11:12:06+00:00","dateModified":"2025-06-20T14:14:26+00:00","breadcrumb":{"@id":"https:\/\/www.ab2pro.com\/pl\/agences\/agencja-ab2pro-nantes\/#breadcrumb"},"inLanguage":"pl-PL","potentialAction":[{"@type":"ReadAction","target":["https:\/\/www.ab2pro.com\/pl\/agences\/agencja-ab2pro-nantes\/"]}]},{"@type":"BreadcrumbList","@id":"https:\/\/www.ab2pro.com\/pl\/agences\/agencja-ab2pro-nantes\/#breadcrumb","itemListElement":[{"@type":"ListItem","position":1,"name":"Accueil","item":"https:\/\/www.ab2pro.com\/pl\/"},{"@type":"ListItem","position":2,"name":"Agences","item":"https:\/\/www.ab2pro.com\/pl\/agences\/"},{"@type":"ListItem","position":3,"name":"Agencja AB2PRO Nantes"}]},{"@type":"WebSite","@id":"https:\/\/www.ab2pro.com\/pl\/#website","url":"https:\/\/www.ab2pro.com\/pl\/","name":"AB2PRO","description":"Agence d&#039;emploi sp\u00e9cialis\u00e9e dans le recrutement de travailleurs europ\u00e9ens","publisher":{"@id":"https:\/\/www.ab2pro.com\/pl\/#organization"},"potentialAction":[{"@type":"SearchAction","target":{"@type":"EntryPoint","urlTemplate":"https:\/\/www.ab2pro.com\/pl\/?s={search_term_string}"},"query-input":{"@type":"PropertyValueSpecification","valueRequired":true,"valueName":"search_term_string"}}],"inLanguage":"pl-PL"},{"@type":"Organization","@id":"https:\/\/www.ab2pro.com\/pl\/#organization","name":"AB2PRO","url":"https:\/\/www.ab2pro.com\/pl\/","logo":{"@type":"ImageObject","inLanguage":"pl-PL","@id":"https:\/\/www.ab2pro.com\/pl\/#\/schema\/logo\/image\/","url":"https:\/\/www.ab2pro.com\/wp-content\/uploads\/2020\/11\/logo-profil.png","contentUrl":"https:\/\/www.ab2pro.com\/wp-content\/uploads\/2020\/11\/logo-profil.png","width":230,"height":47,"caption":"AB2PRO"},"image":{"@id":"https:\/\/www.ab2pro.com\/pl\/#\/schema\/logo\/image\/"}}]}},"_links":{"self":[{"href":"https:\/\/www.ab2pro.com\/pl\/wp-json\/wp\/v2\/agence\/48693","targetHints":{"allow":["GET"]}}],"collection":[{"href":"https:\/\/www.ab2pro.com\/pl\/wp-json\/wp\/v2\/agence"}],"about":[{"href":"https:\/\/www.ab2pro.com\/pl\/wp-json\/wp\/v2\/types\/agence"}],"author":[{"embeddable":true,"href":"https:\/\/www.ab2pro.com\/pl\/wp-json\/wp\/v2\/users\/1"}],"version-history":[{"count":0,"href":"https:\/\/www.ab2pro.com\/pl\/wp-json\/wp\/v2\/agence\/48693\/revisions"}],"wp:attachment":[{"href":"https:\/\/www.ab2pro.com\/pl\/wp-json\/wp\/v2\/media?parent=48693"}],"curies":[{"name":"wp","href":"https:\/\/api.w.org\/{rel}","templated":true}]}}

<p data-pm-slice="0 0 []"><strong>Zlokalizowana w sercu regionu Pays de la Loire</strong>, nasza agencja w Nantes stanowi punkt oparcia dla talentów i firm poszukujących możliwości pracy tymczasowej. Zróżnicowany krajobraz, obejmujący wybrzeże Atlantyku, zamki nad Loarą i dynamiczną gospodarkę, sprawia, że region oferuje wyjątkowe warunki do życia i pracy. </p>
<p>Na czele agencji stoi <strong>Jérôme</strong>, odpowiedzialny za operacje na zachodzie, który kieruje działalnością z profesjonalizmem i zaangażowaniem. <strong>Wspiera go nasz zespół,</strong> dbający o rozwój relacji z partnerami, szybkie reagowanie na potrzeby firm, koordynację misji w terenie oraz zapewnienie rzetelnego nadzoru.</p>
<p><strong>Nasz zespół rekruterów </strong>odgrywa kluczową rolę w selekcji talentów oraz wsparciu kandydatów przez cały czas trwania ich misji. Dzięki uważności, profesjonalizmowi oraz dogłębnej znajomości rynku, dba o oferowanie najlepszych możliwości, zgodnych z oczekiwaniami firm. </p>
<p>Agencja AB2PRO Nantes, zlokalizowana w Bouaye, blisko Nantes i w sercu winnic regionu nantańskiego, korzysta ze strategicznego położenia, niedaleko głównych szlaków komunikacyjnych oraz regionalnych ośrodków gospodarczych. Jej historia to opowieść o silnym zaangażowaniu lokalnym oraz nieustannej chęci innowacji, aby lepiej wspierać pracowników i firmy. </p>
<p>Niezależnie od tego, czy szukasz zlecenia, czy talentów, <strong>Jérôme i jego zespół</strong> przyjmą Cię z entuzjazmem i profesjonalizmem.</p>
<p><strong>Przyjdź i spotkaj się z nami, przygoda zaczyna się tutaj z TEAM AB2PRO Nantes!</strong></p>

<p>Zlokalizowana w sercu regionu Pays de la Loire, nasza agencja w Nantes stanowi punkt oparcia dla talentów i firm poszukujących [&hellip;]</p>

<!-- This site is optimized with the Yoast SEO plugin v26.8 - https://yoast.com/product/yoast-seo-wordpress/ -->
<title>Agencja AB2PRO Nantes - AB2PRO</title>
<meta name="robots" content="index, follow, max-snippet:-1, max-image-preview:large, max-video-preview:-1" />
<link rel="canonical" href="https://www.ab2pro.com/pl/agences/agencja-ab2pro-nantes/" />
<meta property="og:locale" content="pl_PL" />
<meta property="og:type" content="article" />
<meta property="og:title" content="Agencja AB2PRO Nantes - AB2PRO" />
<meta property="og:description" content="Zlokalizowana w sercu regionu Pays de la Loire, nasza agencja w Nantes stanowi punkt oparcia dla talentów i firm poszukujących [&hellip;]" />
<meta property="og:url" content="https://www.ab2pro.com/pl/agences/agencja-ab2pro-nantes/" />
<meta property="og:site_name" content="AB2PRO" />
<meta property="article:modified_time" content="2025-06-20T14:14:26+00:00" />
<meta property="og:image" content="https://www.ab2pro.com/wp-content/uploads/2020/11/fond-home.jpg" />
	<meta property="og:image:width" content="1920" />
	<meta property="og:image:height" content="600" />
	<meta property="og:image:type" content="image/jpeg" />
<meta name="twitter:card" content="summary_large_image" />
<meta name="twitter:label1" content="Szacowany czas czytania" />
	<meta name="twitter:data1" content="3 minuty" />
<script type="application/ld+json" class="yoast-schema-graph">{"@context":"https://schema.org","@graph":[{"@type":"WebPage","@id":"https://www.ab2pro.com/pl/agences/agencja-ab2pro-nantes/","url":"https://www.ab2pro.com/pl/agences/agencja-ab2pro-nantes/","name":"Agencja AB2PRO Nantes - AB2PRO","isPartOf":{"@id":"https://www.ab2pro.com/pl/#website"},"datePublished":"2023-11-07T11:12:06+00:00","dateModified":"2025-06-20T14:14:26+00:00","breadcrumb":{"@id":"https://www.ab2pro.com/pl/agences/agencja-ab2pro-nantes/#breadcrumb"},"inLanguage":"pl-PL","potentialAction":[{"@type":"ReadAction","target":["https://www.ab2pro.com/pl/agences/agencja-ab2pro-nantes/"]}]},{"@type":"BreadcrumbList","@id":"https://www.ab2pro.com/pl/agences/agencja-ab2pro-nantes/#breadcrumb","itemListElement":[{"@type":"ListItem","position":1,"name":"Accueil","item":"https://www.ab2pro.com/pl/"},{"@type":"ListItem","position":2,"name":"Agences","item":"https://www.ab2pro.com/pl/agences/"},{"@type":"ListItem","position":3,"name":"Agencja AB2PRO Nantes"}]},{"@type":"WebSite","@id":"https://www.ab2pro.com/pl/#website","url":"https://www.ab2pro.com/pl/","name":"AB2PRO","description":"Agence d&#039;emploi spécialisée dans le recrutement de travailleurs européens","publisher":{"@id":"https://www.ab2pro.com/pl/#organization"},"potentialAction":[{"@type":"SearchAction","target":{"@type":"EntryPoint","urlTemplate":"https://www.ab2pro.com/pl/?s={search_term_string}"},"query-input":{"@type":"PropertyValueSpecification","valueRequired":true,"valueName":"search_term_string"}}],"inLanguage":"pl-PL"},{"@type":"Organization","@id":"https://www.ab2pro.com/pl/#organization","name":"AB2PRO","url":"https://www.ab2pro.com/pl/","logo":{"@type":"ImageObject","inLanguage":"pl-PL","@id":"https://www.ab2pro.com/pl/#/schema/logo/image/","url":"https://www.ab2pro.com/wp-content/uploads/2020/11/logo-profil.png","contentUrl":"https://www.ab2pro.com/wp-content/uploads/2020/11/logo-profil.png","width":230,"height":47,"caption":"AB2PRO"},"image":{"@id":"https://www.ab2pro.com/pl/#/schema/logo/image/"}}]}</script>
<!-- / Yoast SEO plugin. -->

Zlokalizowana w sercu regionu Pays de la Loire, nasza agencja w Nantes stanowi punkt oparcia dla talentów i firm poszukujących [&hellip;]

Agence d&#039;emploi spécialisée dans le recrutement de travailleurs européens
