
{"id":48720,"date":"2023-11-07T12:26:04","date_gmt":"2023-11-07T11:26:04","guid":{"rendered":"https:\/\/www.ab2pro.com\/?post_type=agence&#038;p=48720"},"modified":"2025-06-20T15:45:34","modified_gmt":"2025-06-20T13:45:34","slug":"agencja-ab2pro-lyon","status":"publish","type":"agence","link":"https:\/\/www.ab2pro.com\/pl\/agences\/agencja-ab2pro-lyon\/","title":{"rendered":"Agencja AB2PRO Lyon"},"content":{"rendered":"<p data-pm-slice=\"0 0 []\"><strong>Witamy w AB2PRO Lyon, Twoim partnerze rekrutacyjnym w regionie Rh\u00f4ne-Alpes!<\/strong><\/p>\n<p>Agencja AB2PRO Lyon jest kluczowym graczem na rynku rekrutacyjnym w regionie. Na jej czele stoi <strong>Dominique<\/strong>, dyrektor agencji, kt\u00f3ry wykorzystuje ca\u0142e swoje do\u015bwiadczenie, aby zapewni\u0107 firmom i kandydatom skuteczne i dopasowane procesy rekrutacyjne. <strong>Wraz z zespo\u0142em odpowiada<\/strong> za \u0142\u0105czenie przedsi\u0119biorstw z talentami, identyfikacj\u0119 najlepszych okazji oraz gwarantuje wsparcie dopasowane do indywidualnych potrzeb. Zesp\u00f3\u0142 dba r\u00f3wnie\u017c o sprawne funkcjonowanie agencji i u\u0142atwia obs\u0142ug\u0119 administracyjn\u0105, co zapewnia p\u0142ynne zarz\u0105dzanie zleceniami.  <\/p>\n<p><strong>Nasz zesp\u00f3\u0142 rekruter\u00f3w<\/strong> odgrywa kluczow\u0105 rol\u0119 w selekcji talent\u00f3w. Dzi\u0119ki profesjonalizmowi oraz umiej\u0119tno\u015bci zrozumienia specyficznych potrzeb ka\u017cdego klienta, zapewnia rekrutacj\u0119 na najwy\u017cszym poziomie. Jest uwa\u017cny, szybki w dzia\u0142aniu i zaanga\u017cowany, aby oferowa\u0107 ka\u017cdej firmie us\u0142ug\u0119 dostosowan\u0105 do jej potrzeb, a ka\u017cdemu kandydatowi warto\u015bciowe do\u015bwiadczenie.  <\/p>\n<p>Zlokalizowana w Cailloux-sur-Fontaines, u bram Lyonu, nasza agencja cieszy si\u0119 strategiczn\u0105 lokalizacj\u0105, blisko g\u0142\u00f3wnych o\u015brodk\u00f3w gospodarczych i transportowych. Lyon, stolica gastronomii i miasto o wyj\u0105tkowym dziedzictwie, oferuje dynamiczne i atrakcyjne warunki \u017cycia. <\/p>\n<p>Niezale\u017cnie od tego, czy jeste\u015b firm\u0105 poszukuj\u0105c\u0105 talent\u00f3w, czy kandydatem szukaj\u0105cym zlecenia, <strong>Dominique i jego zesp\u00f3\u0142 <\/strong>wspieraj\u0105 Ci\u0119 z profesjonalizmem i zaanga\u017cowaniem. <strong>Skontaktuj si\u0119 z nami ju\u017c dzi\u015b<\/strong> i zbudujmy razem Twoj\u0105 zawodow\u0105 przysz\u0142o\u015b\u0107!<\/p>","protected":false},"excerpt":{"rendered":"<p>Witamy w AB2PRO Lyon, Twoim partnerze rekrutacyjnym w regionie Rh\u00f4ne-Alpes! Agencja AB2PRO Lyon jest kluczowym graczem na rynku rekrutacyjnym w [&hellip;]<\/p>\n","protected":false},"author":1,"featured_media":0,"template":"","meta":{"_acf_changed":false,"footnotes":""},"class_list":["post-48720","agence","type-agence","status-publish","hentry"],"acf":[],"yoast_head":"<!-- This site is optimized with the Yoast SEO plugin v26.8 - https:\/\/yoast.com\/product\/yoast-seo-wordpress\/ -->\n<title>Agencja AB2PRO Lyon - AB2PRO<\/title>\n<meta name=\"robots\" content=\"index, follow, max-snippet:-1, max-image-preview:large, max-video-preview:-1\" \/>\n<link rel=\"canonical\" href=\"https:\/\/www.ab2pro.com\/pl\/agences\/agencja-ab2pro-lyon\/\" \/>\n<meta property=\"og:locale\" content=\"pl_PL\" \/>\n<meta property=\"og:type\" content=\"article\" \/>\n<meta property=\"og:title\" content=\"Agencja AB2PRO Lyon - AB2PRO\" \/>\n<meta property=\"og:description\" content=\"Witamy w AB2PRO Lyon, Twoim partnerze rekrutacyjnym w regionie Rh\u00f4ne-Alpes! Agencja AB2PRO Lyon jest kluczowym graczem na rynku rekrutacyjnym w [&hellip;]\" \/>\n<meta property=\"og:url\" content=\"https:\/\/www.ab2pro.com\/pl\/agences\/agencja-ab2pro-lyon\/\" \/>\n<meta property=\"og:site_name\" content=\"AB2PRO\" \/>\n<meta property=\"article:modified_time\" content=\"2025-06-20T13:45:34+00:00\" \/>\n<meta property=\"og:image\" content=\"https:\/\/www.ab2pro.com\/wp-content\/uploads\/2020\/11\/fond-home.jpg\" \/>\n\t<meta property=\"og:image:width\" content=\"1920\" \/>\n\t<meta property=\"og:image:height\" content=\"600\" \/>\n\t<meta property=\"og:image:type\" content=\"image\/jpeg\" \/>\n<meta name=\"twitter:card\" content=\"summary_large_image\" \/>\n<meta name=\"twitter:label1\" content=\"Szacowany czas czytania\" \/>\n\t<meta name=\"twitter:data1\" content=\"2 minuty\" \/>\n<script type=\"application\/ld+json\" class=\"yoast-schema-graph\">{\"@context\":\"https:\/\/schema.org\",\"@graph\":[{\"@type\":\"WebPage\",\"@id\":\"https:\/\/www.ab2pro.com\/pl\/agences\/agencja-ab2pro-lyon\/\",\"url\":\"https:\/\/www.ab2pro.com\/pl\/agences\/agencja-ab2pro-lyon\/\",\"name\":\"Agencja AB2PRO Lyon - AB2PRO\",\"isPartOf\":{\"@id\":\"https:\/\/www.ab2pro.com\/pl\/#website\"},\"datePublished\":\"2023-11-07T11:26:04+00:00\",\"dateModified\":\"2025-06-20T13:45:34+00:00\",\"breadcrumb\":{\"@id\":\"https:\/\/www.ab2pro.com\/pl\/agences\/agencja-ab2pro-lyon\/#breadcrumb\"},\"inLanguage\":\"pl-PL\",\"potentialAction\":[{\"@type\":\"ReadAction\",\"target\":[\"https:\/\/www.ab2pro.com\/pl\/agences\/agencja-ab2pro-lyon\/\"]}]},{\"@type\":\"BreadcrumbList\",\"@id\":\"https:\/\/www.ab2pro.com\/pl\/agences\/agencja-ab2pro-lyon\/#breadcrumb\",\"itemListElement\":[{\"@type\":\"ListItem\",\"position\":1,\"name\":\"Accueil\",\"item\":\"https:\/\/www.ab2pro.com\/pl\/\"},{\"@type\":\"ListItem\",\"position\":2,\"name\":\"Agences\",\"item\":\"https:\/\/www.ab2pro.com\/pl\/agences\/\"},{\"@type\":\"ListItem\",\"position\":3,\"name\":\"Agencja AB2PRO Lyon\"}]},{\"@type\":\"WebSite\",\"@id\":\"https:\/\/www.ab2pro.com\/pl\/#website\",\"url\":\"https:\/\/www.ab2pro.com\/pl\/\",\"name\":\"AB2PRO\",\"description\":\"Agence d&#039;emploi sp\u00e9cialis\u00e9e dans le recrutement de travailleurs europ\u00e9ens\",\"publisher\":{\"@id\":\"https:\/\/www.ab2pro.com\/pl\/#organization\"},\"potentialAction\":[{\"@type\":\"SearchAction\",\"target\":{\"@type\":\"EntryPoint\",\"urlTemplate\":\"https:\/\/www.ab2pro.com\/pl\/?s={search_term_string}\"},\"query-input\":{\"@type\":\"PropertyValueSpecification\",\"valueRequired\":true,\"valueName\":\"search_term_string\"}}],\"inLanguage\":\"pl-PL\"},{\"@type\":\"Organization\",\"@id\":\"https:\/\/www.ab2pro.com\/pl\/#organization\",\"name\":\"AB2PRO\",\"url\":\"https:\/\/www.ab2pro.com\/pl\/\",\"logo\":{\"@type\":\"ImageObject\",\"inLanguage\":\"pl-PL\",\"@id\":\"https:\/\/www.ab2pro.com\/pl\/#\/schema\/logo\/image\/\",\"url\":\"https:\/\/www.ab2pro.com\/wp-content\/uploads\/2020\/11\/logo-profil.png\",\"contentUrl\":\"https:\/\/www.ab2pro.com\/wp-content\/uploads\/2020\/11\/logo-profil.png\",\"width\":230,\"height\":47,\"caption\":\"AB2PRO\"},\"image\":{\"@id\":\"https:\/\/www.ab2pro.com\/pl\/#\/schema\/logo\/image\/\"}}]}<\/script>\n<!-- \/ Yoast SEO plugin. -->","yoast_head_json":{"title":"Agencja AB2PRO Lyon - AB2PRO","robots":{"index":"index","follow":"follow","max-snippet":"max-snippet:-1","max-image-preview":"max-image-preview:large","max-video-preview":"max-video-preview:-1"},"canonical":"https:\/\/www.ab2pro.com\/pl\/agences\/agencja-ab2pro-lyon\/","og_locale":"pl_PL","og_type":"article","og_title":"Agencja AB2PRO Lyon - AB2PRO","og_description":"Witamy w AB2PRO Lyon, Twoim partnerze rekrutacyjnym w regionie Rh\u00f4ne-Alpes! Agencja AB2PRO Lyon jest kluczowym graczem na rynku rekrutacyjnym w [&hellip;]","og_url":"https:\/\/www.ab2pro.com\/pl\/agences\/agencja-ab2pro-lyon\/","og_site_name":"AB2PRO","article_modified_time":"2025-06-20T13:45:34+00:00","og_image":[{"width":1920,"height":600,"url":"https:\/\/www.ab2pro.com\/wp-content\/uploads\/2020\/11\/fond-home.jpg","type":"image\/jpeg"}],"twitter_card":"summary_large_image","twitter_misc":{"Szacowany czas czytania":"2 minuty"},"schema":{"@context":"https:\/\/schema.org","@graph":[{"@type":"WebPage","@id":"https:\/\/www.ab2pro.com\/pl\/agences\/agencja-ab2pro-lyon\/","url":"https:\/\/www.ab2pro.com\/pl\/agences\/agencja-ab2pro-lyon\/","name":"Agencja AB2PRO Lyon - AB2PRO","isPartOf":{"@id":"https:\/\/www.ab2pro.com\/pl\/#website"},"datePublished":"2023-11-07T11:26:04+00:00","dateModified":"2025-06-20T13:45:34+00:00","breadcrumb":{"@id":"https:\/\/www.ab2pro.com\/pl\/agences\/agencja-ab2pro-lyon\/#breadcrumb"},"inLanguage":"pl-PL","potentialAction":[{"@type":"ReadAction","target":["https:\/\/www.ab2pro.com\/pl\/agences\/agencja-ab2pro-lyon\/"]}]},{"@type":"BreadcrumbList","@id":"https:\/\/www.ab2pro.com\/pl\/agences\/agencja-ab2pro-lyon\/#breadcrumb","itemListElement":[{"@type":"ListItem","position":1,"name":"Accueil","item":"https:\/\/www.ab2pro.com\/pl\/"},{"@type":"ListItem","position":2,"name":"Agences","item":"https:\/\/www.ab2pro.com\/pl\/agences\/"},{"@type":"ListItem","position":3,"name":"Agencja AB2PRO Lyon"}]},{"@type":"WebSite","@id":"https:\/\/www.ab2pro.com\/pl\/#website","url":"https:\/\/www.ab2pro.com\/pl\/","name":"AB2PRO","description":"Agence d&#039;emploi sp\u00e9cialis\u00e9e dans le recrutement de travailleurs europ\u00e9ens","publisher":{"@id":"https:\/\/www.ab2pro.com\/pl\/#organization"},"potentialAction":[{"@type":"SearchAction","target":{"@type":"EntryPoint","urlTemplate":"https:\/\/www.ab2pro.com\/pl\/?s={search_term_string}"},"query-input":{"@type":"PropertyValueSpecification","valueRequired":true,"valueName":"search_term_string"}}],"inLanguage":"pl-PL"},{"@type":"Organization","@id":"https:\/\/www.ab2pro.com\/pl\/#organization","name":"AB2PRO","url":"https:\/\/www.ab2pro.com\/pl\/","logo":{"@type":"ImageObject","inLanguage":"pl-PL","@id":"https:\/\/www.ab2pro.com\/pl\/#\/schema\/logo\/image\/","url":"https:\/\/www.ab2pro.com\/wp-content\/uploads\/2020\/11\/logo-profil.png","contentUrl":"https:\/\/www.ab2pro.com\/wp-content\/uploads\/2020\/11\/logo-profil.png","width":230,"height":47,"caption":"AB2PRO"},"image":{"@id":"https:\/\/www.ab2pro.com\/pl\/#\/schema\/logo\/image\/"}}]}},"_links":{"self":[{"href":"https:\/\/www.ab2pro.com\/pl\/wp-json\/wp\/v2\/agence\/48720","targetHints":{"allow":["GET"]}}],"collection":[{"href":"https:\/\/www.ab2pro.com\/pl\/wp-json\/wp\/v2\/agence"}],"about":[{"href":"https:\/\/www.ab2pro.com\/pl\/wp-json\/wp\/v2\/types\/agence"}],"author":[{"embeddable":true,"href":"https:\/\/www.ab2pro.com\/pl\/wp-json\/wp\/v2\/users\/1"}],"version-history":[{"count":0,"href":"https:\/\/www.ab2pro.com\/pl\/wp-json\/wp\/v2\/agence\/48720\/revisions"}],"wp:attachment":[{"href":"https:\/\/www.ab2pro.com\/pl\/wp-json\/wp\/v2\/media?parent=48720"}],"curies":[{"name":"wp","href":"https:\/\/api.w.org\/{rel}","templated":true}]}}

<p data-pm-slice="0 0 []"><strong>Witamy w AB2PRO Lyon, Twoim partnerze rekrutacyjnym w regionie Rhône-Alpes!</strong></p>
<p>Agencja AB2PRO Lyon jest kluczowym graczem na rynku rekrutacyjnym w regionie. Na jej czele stoi <strong>Dominique</strong>, dyrektor agencji, który wykorzystuje całe swoje doświadczenie, aby zapewnić firmom i kandydatom skuteczne i dopasowane procesy rekrutacyjne. <strong>Wraz z zespołem odpowiada</strong> za łączenie przedsiębiorstw z talentami, identyfikację najlepszych okazji oraz gwarantuje wsparcie dopasowane do indywidualnych potrzeb. Zespół dba również o sprawne funkcjonowanie agencji i ułatwia obsługę administracyjną, co zapewnia płynne zarządzanie zleceniami.  </p>
<p><strong>Nasz zespół rekruterów</strong> odgrywa kluczową rolę w selekcji talentów. Dzięki profesjonalizmowi oraz umiejętności zrozumienia specyficznych potrzeb każdego klienta, zapewnia rekrutację na najwyższym poziomie. Jest uważny, szybki w działaniu i zaangażowany, aby oferować każdej firmie usługę dostosowaną do jej potrzeb, a każdemu kandydatowi wartościowe doświadczenie.  </p>
<p>Zlokalizowana w Cailloux-sur-Fontaines, u bram Lyonu, nasza agencja cieszy się strategiczną lokalizacją, blisko głównych ośrodków gospodarczych i transportowych. Lyon, stolica gastronomii i miasto o wyjątkowym dziedzictwie, oferuje dynamiczne i atrakcyjne warunki życia. </p>
<p>Niezależnie od tego, czy jesteś firmą poszukującą talentów, czy kandydatem szukającym zlecenia, <strong>Dominique i jego zespół </strong>wspierają Cię z profesjonalizmem i zaangażowaniem. <strong>Skontaktuj się z nami już dziś</strong> i zbudujmy razem Twoją zawodową przyszłość!</p>

<p>Witamy w AB2PRO Lyon, Twoim partnerze rekrutacyjnym w regionie Rhône-Alpes! Agencja AB2PRO Lyon jest kluczowym graczem na rynku rekrutacyjnym w [&hellip;]</p>

<!-- This site is optimized with the Yoast SEO plugin v26.8 - https://yoast.com/product/yoast-seo-wordpress/ -->
<title>Agencja AB2PRO Lyon - AB2PRO</title>
<meta name="robots" content="index, follow, max-snippet:-1, max-image-preview:large, max-video-preview:-1" />
<link rel="canonical" href="https://www.ab2pro.com/pl/agences/agencja-ab2pro-lyon/" />
<meta property="og:locale" content="pl_PL" />
<meta property="og:type" content="article" />
<meta property="og:title" content="Agencja AB2PRO Lyon - AB2PRO" />
<meta property="og:description" content="Witamy w AB2PRO Lyon, Twoim partnerze rekrutacyjnym w regionie Rhône-Alpes! Agencja AB2PRO Lyon jest kluczowym graczem na rynku rekrutacyjnym w [&hellip;]" />
<meta property="og:url" content="https://www.ab2pro.com/pl/agences/agencja-ab2pro-lyon/" />
<meta property="og:site_name" content="AB2PRO" />
<meta property="article:modified_time" content="2025-06-20T13:45:34+00:00" />
<meta property="og:image" content="https://www.ab2pro.com/wp-content/uploads/2020/11/fond-home.jpg" />
	<meta property="og:image:width" content="1920" />
	<meta property="og:image:height" content="600" />
	<meta property="og:image:type" content="image/jpeg" />
<meta name="twitter:card" content="summary_large_image" />
<meta name="twitter:label1" content="Szacowany czas czytania" />
	<meta name="twitter:data1" content="2 minuty" />
<script type="application/ld+json" class="yoast-schema-graph">{"@context":"https://schema.org","@graph":[{"@type":"WebPage","@id":"https://www.ab2pro.com/pl/agences/agencja-ab2pro-lyon/","url":"https://www.ab2pro.com/pl/agences/agencja-ab2pro-lyon/","name":"Agencja AB2PRO Lyon - AB2PRO","isPartOf":{"@id":"https://www.ab2pro.com/pl/#website"},"datePublished":"2023-11-07T11:26:04+00:00","dateModified":"2025-06-20T13:45:34+00:00","breadcrumb":{"@id":"https://www.ab2pro.com/pl/agences/agencja-ab2pro-lyon/#breadcrumb"},"inLanguage":"pl-PL","potentialAction":[{"@type":"ReadAction","target":["https://www.ab2pro.com/pl/agences/agencja-ab2pro-lyon/"]}]},{"@type":"BreadcrumbList","@id":"https://www.ab2pro.com/pl/agences/agencja-ab2pro-lyon/#breadcrumb","itemListElement":[{"@type":"ListItem","position":1,"name":"Accueil","item":"https://www.ab2pro.com/pl/"},{"@type":"ListItem","position":2,"name":"Agences","item":"https://www.ab2pro.com/pl/agences/"},{"@type":"ListItem","position":3,"name":"Agencja AB2PRO Lyon"}]},{"@type":"WebSite","@id":"https://www.ab2pro.com/pl/#website","url":"https://www.ab2pro.com/pl/","name":"AB2PRO","description":"Agence d&#039;emploi spécialisée dans le recrutement de travailleurs européens","publisher":{"@id":"https://www.ab2pro.com/pl/#organization"},"potentialAction":[{"@type":"SearchAction","target":{"@type":"EntryPoint","urlTemplate":"https://www.ab2pro.com/pl/?s={search_term_string}"},"query-input":{"@type":"PropertyValueSpecification","valueRequired":true,"valueName":"search_term_string"}}],"inLanguage":"pl-PL"},{"@type":"Organization","@id":"https://www.ab2pro.com/pl/#organization","name":"AB2PRO","url":"https://www.ab2pro.com/pl/","logo":{"@type":"ImageObject","inLanguage":"pl-PL","@id":"https://www.ab2pro.com/pl/#/schema/logo/image/","url":"https://www.ab2pro.com/wp-content/uploads/2020/11/logo-profil.png","contentUrl":"https://www.ab2pro.com/wp-content/uploads/2020/11/logo-profil.png","width":230,"height":47,"caption":"AB2PRO"},"image":{"@id":"https://www.ab2pro.com/pl/#/schema/logo/image/"}}]}</script>
<!-- / Yoast SEO plugin. -->

Witamy w AB2PRO Lyon, Twoim partnerze rekrutacyjnym w regionie Rhône-Alpes! Agencja AB2PRO Lyon jest kluczowym graczem na rynku rekrutacyjnym w [&hellip;]

Agence d&#039;emploi spécialisée dans le recrutement de travailleurs européens
