
{"id":48889,"date":"2023-11-07T15:12:04","date_gmt":"2023-11-07T14:12:04","guid":{"rendered":"https:\/\/www.ab2pro.com\/?post_type=agence&#038;p=48889"},"modified":"2025-06-20T15:55:31","modified_gmt":"2025-06-20T13:55:31","slug":"agencja-ab2pro-bordeaux","status":"publish","type":"agence","link":"https:\/\/www.ab2pro.com\/pl\/agences\/agencja-ab2pro-bordeaux\/","title":{"rendered":"Agencja AB2PRO Bordeaux"},"content":{"rendered":"<p data-pm-slice=\"0 0 []\"><strong>Witamy w naszej agencji rekrutacyjnej dla pracy tymczasowej w Bordeaux,<\/strong> miejscu, gdzie talenty spotykaj\u0105 si\u0119 z mo\u017cliwo\u015bciami w ciep\u0142ej i dynamicznej atmosferze!<\/p>\n<p>Na czele agencji, <strong>Quentin<\/strong>, nasz kierownik agencji dok\u0142ada wszelkich stara\u0144, aby wspiera\u0107 firmy w poszukiwaniu talent\u00f3w oraz zapewni\u0107 skuteczn\u0105 i spersonalizowan\u0105 rekrutacj\u0119. Dzi\u0119ki swojemu do\u015bwiadczeniu i zaanga\u017cowaniu dba o to, aby ka\u017cdy klient i kandydat otrzyma\u0142 us\u0142ugi na najwy\u017cszym poziomie. <\/p>\n<p><strong>Obok niego nasz zesp\u00f3\u0142<\/strong> odgrywa kluczow\u0105 rol\u0119 w identyfikacji najlepszych kandydat\u00f3w. Dzi\u0119ki dog\u0142\u0119bnej znajomo\u015bci rynku, umiej\u0119tno\u015bciom interpersonalnym oraz do\u015bwiadczeniu w rekrutacji, dba o idealne dopasowanie mi\u0119dzy potrzebami firm a kompetencjami kandydat\u00f3w. <\/p>\n<p><strong>Bordeaux<\/strong>, miasto pe\u0142ne uroku i historii, oferuje idealne warunki do pracy, gdzie tradycja spotyka si\u0119 z nowoczesno\u015bci\u0105. W\u015br\u00f3d brukowanych ulic, eleganckiej architektury i t\u0119tni\u0105cych \u017cyciem nabrze\u017cy, stanowi doskona\u0142e \u015brodowisko sprzyjaj\u0105ce zar\u00f3wno rozwojowi zawodowemu, jak i osobistemu. <\/p>\n<p>Nie przegap okazji, aby nawi\u0105za\u0107 wsp\u00f3\u0142prac\u0119 z nasz\u0105 agencj\u0105 rekrutacyjn\u0105 w Bordeaux. <strong>Quentin i jego zesp\u00f3\u0142<\/strong> s\u0105 do Twojej dyspozycji, aby om\u00f3wi\u0107 Twoje potrzeby i wesprze\u0107 Ci\u0119 w poszukiwaniu talent\u00f3w, kt\u00f3re roz\u015bwietl\u0105 Twoj\u0105 firm\u0119. <strong>Skontaktuj si\u0119 z nami ju\u017c teraz <\/strong>i pozw\u00f3l nam poprowadzi\u0107 Ci\u0119 ku sukcesowi.<\/p>\n<p><strong>Razem <\/strong>stworzymy dynamiczny i efektywny zesp\u00f3\u0142, gotowy stawi\u0107 czo\u0142a wszystkim wyzwaniom. <strong>Ca\u0142y nasz zesp\u00f3\u0142 niecierpliwie czeka<\/strong>, aby zaoferowa\u0107 Ci wyj\u0105tkowe do\u015bwiadczenie rekrutacyjne, \u0142\u0105cz\u0105ce profesjonalizm, zaanga\u017cowanie i przyjazn\u0105 atmosfer\u0119.<\/p>","protected":false},"excerpt":{"rendered":"<p>Witamy w naszej agencji rekrutacyjnej dla pracy tymczasowej w Bordeaux, miejscu, gdzie talenty spotykaj\u0105 si\u0119 z mo\u017cliwo\u015bciami w ciep\u0142ej i [&hellip;]<\/p>\n","protected":false},"author":1,"featured_media":72063,"template":"","meta":{"_acf_changed":false,"footnotes":""},"class_list":["post-48889","agence","type-agence","status-publish","has-post-thumbnail","hentry"],"acf":[],"yoast_head":"<!-- This site is optimized with the Yoast SEO plugin v26.8 - https:\/\/yoast.com\/product\/yoast-seo-wordpress\/ -->\n<title>Agencja AB2PRO Bordeaux - AB2PRO<\/title>\n<meta name=\"robots\" content=\"index, follow, max-snippet:-1, max-image-preview:large, max-video-preview:-1\" \/>\n<link rel=\"canonical\" href=\"https:\/\/www.ab2pro.com\/pl\/agences\/agencja-ab2pro-bordeaux\/\" \/>\n<meta property=\"og:locale\" content=\"pl_PL\" \/>\n<meta property=\"og:type\" content=\"article\" \/>\n<meta property=\"og:title\" content=\"Agencja AB2PRO Bordeaux - AB2PRO\" \/>\n<meta property=\"og:description\" content=\"Witamy w naszej agencji rekrutacyjnej dla pracy tymczasowej w Bordeaux, miejscu, gdzie talenty spotykaj\u0105 si\u0119 z mo\u017cliwo\u015bciami w ciep\u0142ej i [&hellip;]\" \/>\n<meta property=\"og:url\" content=\"https:\/\/www.ab2pro.com\/pl\/agences\/agencja-ab2pro-bordeaux\/\" \/>\n<meta property=\"og:site_name\" content=\"AB2PRO\" \/>\n<meta property=\"article:modified_time\" content=\"2025-06-20T13:55:31+00:00\" \/>\n<meta property=\"og:image\" content=\"https:\/\/www.ab2pro.com\/wp-content\/uploads\/2020\/11\/bordeaux-1024x681.png\" \/>\n\t<meta property=\"og:image:width\" content=\"1024\" \/>\n\t<meta property=\"og:image:height\" content=\"681\" \/>\n\t<meta property=\"og:image:type\" content=\"image\/png\" \/>\n<meta name=\"twitter:card\" content=\"summary_large_image\" \/>\n<script type=\"application\/ld+json\" class=\"yoast-schema-graph\">{\"@context\":\"https:\/\/schema.org\",\"@graph\":[{\"@type\":\"WebPage\",\"@id\":\"https:\/\/www.ab2pro.com\/pl\/agences\/agencja-ab2pro-bordeaux\/\",\"url\":\"https:\/\/www.ab2pro.com\/pl\/agences\/agencja-ab2pro-bordeaux\/\",\"name\":\"Agencja AB2PRO Bordeaux - AB2PRO\",\"isPartOf\":{\"@id\":\"https:\/\/www.ab2pro.com\/pl\/#website\"},\"primaryImageOfPage\":{\"@id\":\"https:\/\/www.ab2pro.com\/pl\/agences\/agencja-ab2pro-bordeaux\/#primaryimage\"},\"image\":{\"@id\":\"https:\/\/www.ab2pro.com\/pl\/agences\/agencja-ab2pro-bordeaux\/#primaryimage\"},\"thumbnailUrl\":\"https:\/\/www.ab2pro.com\/wp-content\/uploads\/2020\/11\/bordeaux.png\",\"datePublished\":\"2023-11-07T14:12:04+00:00\",\"dateModified\":\"2025-06-20T13:55:31+00:00\",\"breadcrumb\":{\"@id\":\"https:\/\/www.ab2pro.com\/pl\/agences\/agencja-ab2pro-bordeaux\/#breadcrumb\"},\"inLanguage\":\"pl-PL\",\"potentialAction\":[{\"@type\":\"ReadAction\",\"target\":[\"https:\/\/www.ab2pro.com\/pl\/agences\/agencja-ab2pro-bordeaux\/\"]}]},{\"@type\":\"ImageObject\",\"inLanguage\":\"pl-PL\",\"@id\":\"https:\/\/www.ab2pro.com\/pl\/agences\/agencja-ab2pro-bordeaux\/#primaryimage\",\"url\":\"https:\/\/www.ab2pro.com\/wp-content\/uploads\/2020\/11\/bordeaux.png\",\"contentUrl\":\"https:\/\/www.ab2pro.com\/wp-content\/uploads\/2020\/11\/bordeaux.png\",\"width\":1920,\"height\":1277},{\"@type\":\"BreadcrumbList\",\"@id\":\"https:\/\/www.ab2pro.com\/pl\/agences\/agencja-ab2pro-bordeaux\/#breadcrumb\",\"itemListElement\":[{\"@type\":\"ListItem\",\"position\":1,\"name\":\"Accueil\",\"item\":\"https:\/\/www.ab2pro.com\/pl\/\"},{\"@type\":\"ListItem\",\"position\":2,\"name\":\"Agences\",\"item\":\"https:\/\/www.ab2pro.com\/pl\/agences\/\"},{\"@type\":\"ListItem\",\"position\":3,\"name\":\"Agencja AB2PRO Bordeaux\"}]},{\"@type\":\"WebSite\",\"@id\":\"https:\/\/www.ab2pro.com\/pl\/#website\",\"url\":\"https:\/\/www.ab2pro.com\/pl\/\",\"name\":\"AB2PRO\",\"description\":\"Agence d&#039;emploi sp\u00e9cialis\u00e9e dans le recrutement de travailleurs europ\u00e9ens\",\"publisher\":{\"@id\":\"https:\/\/www.ab2pro.com\/pl\/#organization\"},\"potentialAction\":[{\"@type\":\"SearchAction\",\"target\":{\"@type\":\"EntryPoint\",\"urlTemplate\":\"https:\/\/www.ab2pro.com\/pl\/?s={search_term_string}\"},\"query-input\":{\"@type\":\"PropertyValueSpecification\",\"valueRequired\":true,\"valueName\":\"search_term_string\"}}],\"inLanguage\":\"pl-PL\"},{\"@type\":\"Organization\",\"@id\":\"https:\/\/www.ab2pro.com\/pl\/#organization\",\"name\":\"AB2PRO\",\"url\":\"https:\/\/www.ab2pro.com\/pl\/\",\"logo\":{\"@type\":\"ImageObject\",\"inLanguage\":\"pl-PL\",\"@id\":\"https:\/\/www.ab2pro.com\/pl\/#\/schema\/logo\/image\/\",\"url\":\"https:\/\/www.ab2pro.com\/wp-content\/uploads\/2020\/11\/logo-profil.png\",\"contentUrl\":\"https:\/\/www.ab2pro.com\/wp-content\/uploads\/2020\/11\/logo-profil.png\",\"width\":230,\"height\":47,\"caption\":\"AB2PRO\"},\"image\":{\"@id\":\"https:\/\/www.ab2pro.com\/pl\/#\/schema\/logo\/image\/\"}}]}<\/script>\n<!-- \/ Yoast SEO plugin. -->","yoast_head_json":{"title":"Agencja AB2PRO Bordeaux - AB2PRO","robots":{"index":"index","follow":"follow","max-snippet":"max-snippet:-1","max-image-preview":"max-image-preview:large","max-video-preview":"max-video-preview:-1"},"canonical":"https:\/\/www.ab2pro.com\/pl\/agences\/agencja-ab2pro-bordeaux\/","og_locale":"pl_PL","og_type":"article","og_title":"Agencja AB2PRO Bordeaux - AB2PRO","og_description":"Witamy w naszej agencji rekrutacyjnej dla pracy tymczasowej w Bordeaux, miejscu, gdzie talenty spotykaj\u0105 si\u0119 z mo\u017cliwo\u015bciami w ciep\u0142ej i [&hellip;]","og_url":"https:\/\/www.ab2pro.com\/pl\/agences\/agencja-ab2pro-bordeaux\/","og_site_name":"AB2PRO","article_modified_time":"2025-06-20T13:55:31+00:00","og_image":[{"width":1024,"height":681,"url":"https:\/\/www.ab2pro.com\/wp-content\/uploads\/2020\/11\/bordeaux-1024x681.png","type":"image\/png"}],"twitter_card":"summary_large_image","schema":{"@context":"https:\/\/schema.org","@graph":[{"@type":"WebPage","@id":"https:\/\/www.ab2pro.com\/pl\/agences\/agencja-ab2pro-bordeaux\/","url":"https:\/\/www.ab2pro.com\/pl\/agences\/agencja-ab2pro-bordeaux\/","name":"Agencja AB2PRO Bordeaux - AB2PRO","isPartOf":{"@id":"https:\/\/www.ab2pro.com\/pl\/#website"},"primaryImageOfPage":{"@id":"https:\/\/www.ab2pro.com\/pl\/agences\/agencja-ab2pro-bordeaux\/#primaryimage"},"image":{"@id":"https:\/\/www.ab2pro.com\/pl\/agences\/agencja-ab2pro-bordeaux\/#primaryimage"},"thumbnailUrl":"https:\/\/www.ab2pro.com\/wp-content\/uploads\/2020\/11\/bordeaux.png","datePublished":"2023-11-07T14:12:04+00:00","dateModified":"2025-06-20T13:55:31+00:00","breadcrumb":{"@id":"https:\/\/www.ab2pro.com\/pl\/agences\/agencja-ab2pro-bordeaux\/#breadcrumb"},"inLanguage":"pl-PL","potentialAction":[{"@type":"ReadAction","target":["https:\/\/www.ab2pro.com\/pl\/agences\/agencja-ab2pro-bordeaux\/"]}]},{"@type":"ImageObject","inLanguage":"pl-PL","@id":"https:\/\/www.ab2pro.com\/pl\/agences\/agencja-ab2pro-bordeaux\/#primaryimage","url":"https:\/\/www.ab2pro.com\/wp-content\/uploads\/2020\/11\/bordeaux.png","contentUrl":"https:\/\/www.ab2pro.com\/wp-content\/uploads\/2020\/11\/bordeaux.png","width":1920,"height":1277},{"@type":"BreadcrumbList","@id":"https:\/\/www.ab2pro.com\/pl\/agences\/agencja-ab2pro-bordeaux\/#breadcrumb","itemListElement":[{"@type":"ListItem","position":1,"name":"Accueil","item":"https:\/\/www.ab2pro.com\/pl\/"},{"@type":"ListItem","position":2,"name":"Agences","item":"https:\/\/www.ab2pro.com\/pl\/agences\/"},{"@type":"ListItem","position":3,"name":"Agencja AB2PRO Bordeaux"}]},{"@type":"WebSite","@id":"https:\/\/www.ab2pro.com\/pl\/#website","url":"https:\/\/www.ab2pro.com\/pl\/","name":"AB2PRO","description":"Agence d&#039;emploi sp\u00e9cialis\u00e9e dans le recrutement de travailleurs europ\u00e9ens","publisher":{"@id":"https:\/\/www.ab2pro.com\/pl\/#organization"},"potentialAction":[{"@type":"SearchAction","target":{"@type":"EntryPoint","urlTemplate":"https:\/\/www.ab2pro.com\/pl\/?s={search_term_string}"},"query-input":{"@type":"PropertyValueSpecification","valueRequired":true,"valueName":"search_term_string"}}],"inLanguage":"pl-PL"},{"@type":"Organization","@id":"https:\/\/www.ab2pro.com\/pl\/#organization","name":"AB2PRO","url":"https:\/\/www.ab2pro.com\/pl\/","logo":{"@type":"ImageObject","inLanguage":"pl-PL","@id":"https:\/\/www.ab2pro.com\/pl\/#\/schema\/logo\/image\/","url":"https:\/\/www.ab2pro.com\/wp-content\/uploads\/2020\/11\/logo-profil.png","contentUrl":"https:\/\/www.ab2pro.com\/wp-content\/uploads\/2020\/11\/logo-profil.png","width":230,"height":47,"caption":"AB2PRO"},"image":{"@id":"https:\/\/www.ab2pro.com\/pl\/#\/schema\/logo\/image\/"}}]}},"_links":{"self":[{"href":"https:\/\/www.ab2pro.com\/pl\/wp-json\/wp\/v2\/agence\/48889","targetHints":{"allow":["GET"]}}],"collection":[{"href":"https:\/\/www.ab2pro.com\/pl\/wp-json\/wp\/v2\/agence"}],"about":[{"href":"https:\/\/www.ab2pro.com\/pl\/wp-json\/wp\/v2\/types\/agence"}],"author":[{"embeddable":true,"href":"https:\/\/www.ab2pro.com\/pl\/wp-json\/wp\/v2\/users\/1"}],"version-history":[{"count":0,"href":"https:\/\/www.ab2pro.com\/pl\/wp-json\/wp\/v2\/agence\/48889\/revisions"}],"wp:featuredmedia":[{"embeddable":true,"href":"https:\/\/www.ab2pro.com\/pl\/wp-json\/wp\/v2\/media\/72063"}],"wp:attachment":[{"href":"https:\/\/www.ab2pro.com\/pl\/wp-json\/wp\/v2\/media?parent=48889"}],"curies":[{"name":"wp","href":"https:\/\/api.w.org\/{rel}","templated":true}]}}

<p data-pm-slice="0 0 []"><strong>Witamy w naszej agencji rekrutacyjnej dla pracy tymczasowej w Bordeaux,</strong> miejscu, gdzie talenty spotykają się z możliwościami w ciepłej i dynamicznej atmosferze!</p>
<p>Na czele agencji, <strong>Quentin</strong>, nasz kierownik agencji dokłada wszelkich starań, aby wspierać firmy w poszukiwaniu talentów oraz zapewnić skuteczną i spersonalizowaną rekrutację. Dzięki swojemu doświadczeniu i zaangażowaniu dba o to, aby każdy klient i kandydat otrzymał usługi na najwyższym poziomie. </p>
<p><strong>Obok niego nasz zespół</strong> odgrywa kluczową rolę w identyfikacji najlepszych kandydatów. Dzięki dogłębnej znajomości rynku, umiejętnościom interpersonalnym oraz doświadczeniu w rekrutacji, dba o idealne dopasowanie między potrzebami firm a kompetencjami kandydatów. </p>
<p><strong>Bordeaux</strong>, miasto pełne uroku i historii, oferuje idealne warunki do pracy, gdzie tradycja spotyka się z nowoczesnością. Wśród brukowanych ulic, eleganckiej architektury i tętniących życiem nabrzeży, stanowi doskonałe środowisko sprzyjające zarówno rozwojowi zawodowemu, jak i osobistemu. </p>
<p>Nie przegap okazji, aby nawiązać współpracę z naszą agencją rekrutacyjną w Bordeaux. <strong>Quentin i jego zespół</strong> są do Twojej dyspozycji, aby omówić Twoje potrzeby i wesprzeć Cię w poszukiwaniu talentów, które rozświetlą Twoją firmę. <strong>Skontaktuj się z nami już teraz </strong>i pozwól nam poprowadzić Cię ku sukcesowi.</p>
<p><strong>Razem </strong>stworzymy dynamiczny i efektywny zespół, gotowy stawić czoła wszystkim wyzwaniom. <strong>Cały nasz zespół niecierpliwie czeka</strong>, aby zaoferować Ci wyjątkowe doświadczenie rekrutacyjne, łączące profesjonalizm, zaangażowanie i przyjazną atmosferę.</p>

<p>Witamy w naszej agencji rekrutacyjnej dla pracy tymczasowej w Bordeaux, miejscu, gdzie talenty spotykają się z możliwościami w ciepłej i [&hellip;]</p>

<!-- This site is optimized with the Yoast SEO plugin v26.8 - https://yoast.com/product/yoast-seo-wordpress/ -->
<title>Agencja AB2PRO Bordeaux - AB2PRO</title>
<meta name="robots" content="index, follow, max-snippet:-1, max-image-preview:large, max-video-preview:-1" />
<link rel="canonical" href="https://www.ab2pro.com/pl/agences/agencja-ab2pro-bordeaux/" />
<meta property="og:locale" content="pl_PL" />
<meta property="og:type" content="article" />
<meta property="og:title" content="Agencja AB2PRO Bordeaux - AB2PRO" />
<meta property="og:description" content="Witamy w naszej agencji rekrutacyjnej dla pracy tymczasowej w Bordeaux, miejscu, gdzie talenty spotykają się z możliwościami w ciepłej i [&hellip;]" />
<meta property="og:url" content="https://www.ab2pro.com/pl/agences/agencja-ab2pro-bordeaux/" />
<meta property="og:site_name" content="AB2PRO" />
<meta property="article:modified_time" content="2025-06-20T13:55:31+00:00" />
<meta property="og:image" content="https://www.ab2pro.com/wp-content/uploads/2020/11/bordeaux-1024x681.png" />
	<meta property="og:image:width" content="1024" />
	<meta property="og:image:height" content="681" />
	<meta property="og:image:type" content="image/png" />
<meta name="twitter:card" content="summary_large_image" />
<script type="application/ld+json" class="yoast-schema-graph">{"@context":"https://schema.org","@graph":[{"@type":"WebPage","@id":"https://www.ab2pro.com/pl/agences/agencja-ab2pro-bordeaux/","url":"https://www.ab2pro.com/pl/agences/agencja-ab2pro-bordeaux/","name":"Agencja AB2PRO Bordeaux - AB2PRO","isPartOf":{"@id":"https://www.ab2pro.com/pl/#website"},"primaryImageOfPage":{"@id":"https://www.ab2pro.com/pl/agences/agencja-ab2pro-bordeaux/#primaryimage"},"image":{"@id":"https://www.ab2pro.com/pl/agences/agencja-ab2pro-bordeaux/#primaryimage"},"thumbnailUrl":"https://www.ab2pro.com/wp-content/uploads/2020/11/bordeaux.png","datePublished":"2023-11-07T14:12:04+00:00","dateModified":"2025-06-20T13:55:31+00:00","breadcrumb":{"@id":"https://www.ab2pro.com/pl/agences/agencja-ab2pro-bordeaux/#breadcrumb"},"inLanguage":"pl-PL","potentialAction":[{"@type":"ReadAction","target":["https://www.ab2pro.com/pl/agences/agencja-ab2pro-bordeaux/"]}]},{"@type":"ImageObject","inLanguage":"pl-PL","@id":"https://www.ab2pro.com/pl/agences/agencja-ab2pro-bordeaux/#primaryimage","url":"https://www.ab2pro.com/wp-content/uploads/2020/11/bordeaux.png","contentUrl":"https://www.ab2pro.com/wp-content/uploads/2020/11/bordeaux.png","width":1920,"height":1277},{"@type":"BreadcrumbList","@id":"https://www.ab2pro.com/pl/agences/agencja-ab2pro-bordeaux/#breadcrumb","itemListElement":[{"@type":"ListItem","position":1,"name":"Accueil","item":"https://www.ab2pro.com/pl/"},{"@type":"ListItem","position":2,"name":"Agences","item":"https://www.ab2pro.com/pl/agences/"},{"@type":"ListItem","position":3,"name":"Agencja AB2PRO Bordeaux"}]},{"@type":"WebSite","@id":"https://www.ab2pro.com/pl/#website","url":"https://www.ab2pro.com/pl/","name":"AB2PRO","description":"Agence d&#039;emploi spécialisée dans le recrutement de travailleurs européens","publisher":{"@id":"https://www.ab2pro.com/pl/#organization"},"potentialAction":[{"@type":"SearchAction","target":{"@type":"EntryPoint","urlTemplate":"https://www.ab2pro.com/pl/?s={search_term_string}"},"query-input":{"@type":"PropertyValueSpecification","valueRequired":true,"valueName":"search_term_string"}}],"inLanguage":"pl-PL"},{"@type":"Organization","@id":"https://www.ab2pro.com/pl/#organization","name":"AB2PRO","url":"https://www.ab2pro.com/pl/","logo":{"@type":"ImageObject","inLanguage":"pl-PL","@id":"https://www.ab2pro.com/pl/#/schema/logo/image/","url":"https://www.ab2pro.com/wp-content/uploads/2020/11/logo-profil.png","contentUrl":"https://www.ab2pro.com/wp-content/uploads/2020/11/logo-profil.png","width":230,"height":47,"caption":"AB2PRO"},"image":{"@id":"https://www.ab2pro.com/pl/#/schema/logo/image/"}}]}</script>
<!-- / Yoast SEO plugin. -->

Witamy w naszej agencji rekrutacyjnej dla pracy tymczasowej w Bordeaux, miejscu, gdzie talenty spotykają się z możliwościami w ciepłej i [&hellip;]

Agence d&#039;emploi spécialisée dans le recrutement de travailleurs européens
