
{"id":70256,"date":"2024-07-17T11:39:58","date_gmt":"2024-07-17T09:39:58","guid":{"rendered":"https:\/\/www.ab2pro.com\/zakonczono-rejestracje\/"},"modified":"2024-07-17T16:31:01","modified_gmt":"2024-07-17T14:31:01","slug":"zakonczono-rejestracje","status":"publish","type":"page","link":"https:\/\/www.ab2pro.com\/pl\/zakonczono-rejestracje\/","title":{"rendered":"Zako\u0144czono rejestracj\u0119"},"content":{"rendered":"<p>[vc_row el_id=&#8221;bandeau-page&#8221; css=&#8221;.vc_custom_1718705783025{background-image: url(https:\/\/www.ab2pro.com\/wp-content\/uploads\/2020\/11\/bandeau-offres.jpg?id=4442) !important;}&#8221; el_class=&#8221;bandeau-page-connexion&#8221;][vc_column][vc_column_text]<\/p>\n<h1>Rejestracja zosta\u0142a zako\u0144czona!<\/h1>\n<p>[\/vc_column_text][\/vc_column][\/vc_row][vc_row el_class=&#8221;wrap-merci&#8221;][vc_column][vc_column_text]<\/p>\n<h2>Dziekujemy !<\/h2>\n<p>Do naszych przysz\u0142ych pracownik\u00f3w,<\/p>\n<p>Po dokonaniu rejestracji w ci\u0105gu 48 godzin skontaktuje si\u0119 z Tob\u0105 koordynator, aby sfinalizowa\u0107 Twoj\u0105 kandydatur\u0119.<\/p>\n<p>W razie jakichkolwiek pyta\u0144 lub potrzeby uzyskania dodatkowych informacji prosimy o kontakt.<\/p>\n<p>Witamy w naszym zespole!<\/p>\n<p>ABPROTEAM[\/vc_column_text][vc_btn title=&#8221;Powr\u00f3t do ofert&#8221; link=&#8221;url:https%3A%2F%2Fwww.ab2pro.com%2Fpl%2Foferty-pracy-francja%2F|title:Oferty%20pracy|&#8221;][\/vc_column][\/vc_row]<\/p>\n","protected":false},"excerpt":{"rendered":"<p>[vc_row el_id=&#8221;bandeau-page&#8221; css=&#8221;.vc_custom_1718705783025{background-image: url(https:\/\/www.ab2pro.com\/wp-content\/uploads\/2020\/11\/bandeau-offres.jpg?id=4442) !important;}&#8221; el_class=&#8221;bandeau-page-connexion&#8221;][vc_column][vc_column_text] Rejestracja zosta\u0142a zako\u0144czona! [\/vc_column_text][\/vc_column][\/vc_row][vc_row el_class=&#8221;wrap-merci&#8221;][vc_column][vc_column_text] Dziekujemy ! Do naszych przysz\u0142ych pracownik\u00f3w, Po dokonaniu rejestracji [&hellip;]<\/p>\n","protected":false},"author":1,"featured_media":0,"parent":0,"menu_order":0,"comment_status":"closed","ping_status":"closed","template":"","meta":{"_acf_changed":false,"footnotes":""},"class_list":["post-70256","page","type-page","status-publish","hentry"],"acf":[],"yoast_head":"<!-- This site is optimized with the Yoast SEO plugin v26.8 - https:\/\/yoast.com\/product\/yoast-seo-wordpress\/ -->\n<title>Zako\u0144czono rejestracj\u0119 - AB2PRO<\/title>\n<meta name=\"description\" content=\"Zako\u0144czono rejestracj\u0119 - AB2PRO\" \/>\n<meta name=\"robots\" content=\"index, follow, max-snippet:-1, max-image-preview:large, max-video-preview:-1\" \/>\n<link rel=\"canonical\" href=\"https:\/\/www.ab2pro.com\/pl\/zakonczono-rejestracje\/\" \/>\n<meta property=\"og:locale\" content=\"pl_PL\" \/>\n<meta property=\"og:type\" content=\"article\" \/>\n<meta property=\"og:title\" content=\"Zako\u0144czono rejestracj\u0119 - AB2PRO\" \/>\n<meta property=\"og:description\" content=\"Zako\u0144czono rejestracj\u0119 - AB2PRO\" \/>\n<meta property=\"og:url\" content=\"https:\/\/www.ab2pro.com\/pl\/zakonczono-rejestracje\/\" \/>\n<meta property=\"og:site_name\" content=\"AB2PRO\" \/>\n<meta property=\"article:modified_time\" content=\"2024-07-17T14:31:01+00:00\" \/>\n<meta property=\"og:image\" content=\"https:\/\/www.ab2pro.com\/wp-content\/uploads\/2020\/11\/fond-home.jpg\" \/>\n\t<meta property=\"og:image:width\" content=\"1920\" \/>\n\t<meta property=\"og:image:height\" content=\"600\" \/>\n\t<meta property=\"og:image:type\" content=\"image\/jpeg\" \/>\n<meta name=\"twitter:card\" content=\"summary_large_image\" \/>\n<meta name=\"twitter:label1\" content=\"Szacowany czas czytania\" \/>\n\t<meta name=\"twitter:data1\" content=\"1 minuta\" \/>\n<script type=\"application\/ld+json\" class=\"yoast-schema-graph\">{\"@context\":\"https:\/\/schema.org\",\"@graph\":[{\"@type\":\"WebPage\",\"@id\":\"https:\/\/www.ab2pro.com\/pl\/zakonczono-rejestracje\/\",\"url\":\"https:\/\/www.ab2pro.com\/pl\/zakonczono-rejestracje\/\",\"name\":\"Zako\u0144czono rejestracj\u0119 - AB2PRO\",\"isPartOf\":{\"@id\":\"https:\/\/www.ab2pro.com\/pl\/#website\"},\"datePublished\":\"2024-07-17T09:39:58+00:00\",\"dateModified\":\"2024-07-17T14:31:01+00:00\",\"description\":\"Zako\u0144czono rejestracj\u0119 - AB2PRO\",\"breadcrumb\":{\"@id\":\"https:\/\/www.ab2pro.com\/pl\/zakonczono-rejestracje\/#breadcrumb\"},\"inLanguage\":\"pl-PL\",\"potentialAction\":[{\"@type\":\"ReadAction\",\"target\":[\"https:\/\/www.ab2pro.com\/pl\/zakonczono-rejestracje\/\"]}]},{\"@type\":\"BreadcrumbList\",\"@id\":\"https:\/\/www.ab2pro.com\/pl\/zakonczono-rejestracje\/#breadcrumb\",\"itemListElement\":[{\"@type\":\"ListItem\",\"position\":1,\"name\":\"Accueil\",\"item\":\"https:\/\/www.ab2pro.com\/pl\/\"},{\"@type\":\"ListItem\",\"position\":2,\"name\":\"Zako\u0144czono rejestracj\u0119\"}]},{\"@type\":\"WebSite\",\"@id\":\"https:\/\/www.ab2pro.com\/pl\/#website\",\"url\":\"https:\/\/www.ab2pro.com\/pl\/\",\"name\":\"AB2PRO\",\"description\":\"Agence d&#039;emploi sp\u00e9cialis\u00e9e dans le recrutement de travailleurs europ\u00e9ens\",\"publisher\":{\"@id\":\"https:\/\/www.ab2pro.com\/pl\/#organization\"},\"potentialAction\":[{\"@type\":\"SearchAction\",\"target\":{\"@type\":\"EntryPoint\",\"urlTemplate\":\"https:\/\/www.ab2pro.com\/pl\/?s={search_term_string}\"},\"query-input\":{\"@type\":\"PropertyValueSpecification\",\"valueRequired\":true,\"valueName\":\"search_term_string\"}}],\"inLanguage\":\"pl-PL\"},{\"@type\":\"Organization\",\"@id\":\"https:\/\/www.ab2pro.com\/pl\/#organization\",\"name\":\"AB2PRO\",\"url\":\"https:\/\/www.ab2pro.com\/pl\/\",\"logo\":{\"@type\":\"ImageObject\",\"inLanguage\":\"pl-PL\",\"@id\":\"https:\/\/www.ab2pro.com\/pl\/#\/schema\/logo\/image\/\",\"url\":\"https:\/\/www.ab2pro.com\/wp-content\/uploads\/2020\/11\/logo-profil.png\",\"contentUrl\":\"https:\/\/www.ab2pro.com\/wp-content\/uploads\/2020\/11\/logo-profil.png\",\"width\":230,\"height\":47,\"caption\":\"AB2PRO\"},\"image\":{\"@id\":\"https:\/\/www.ab2pro.com\/pl\/#\/schema\/logo\/image\/\"}}]}<\/script>\n<!-- \/ Yoast SEO plugin. -->","yoast_head_json":{"title":"Zako\u0144czono rejestracj\u0119 - AB2PRO","description":"Zako\u0144czono rejestracj\u0119 - AB2PRO","robots":{"index":"index","follow":"follow","max-snippet":"max-snippet:-1","max-image-preview":"max-image-preview:large","max-video-preview":"max-video-preview:-1"},"canonical":"https:\/\/www.ab2pro.com\/pl\/zakonczono-rejestracje\/","og_locale":"pl_PL","og_type":"article","og_title":"Zako\u0144czono rejestracj\u0119 - AB2PRO","og_description":"Zako\u0144czono rejestracj\u0119 - AB2PRO","og_url":"https:\/\/www.ab2pro.com\/pl\/zakonczono-rejestracje\/","og_site_name":"AB2PRO","article_modified_time":"2024-07-17T14:31:01+00:00","og_image":[{"width":1920,"height":600,"url":"https:\/\/www.ab2pro.com\/wp-content\/uploads\/2020\/11\/fond-home.jpg","type":"image\/jpeg"}],"twitter_card":"summary_large_image","twitter_misc":{"Szacowany czas czytania":"1 minuta"},"schema":{"@context":"https:\/\/schema.org","@graph":[{"@type":"WebPage","@id":"https:\/\/www.ab2pro.com\/pl\/zakonczono-rejestracje\/","url":"https:\/\/www.ab2pro.com\/pl\/zakonczono-rejestracje\/","name":"Zako\u0144czono rejestracj\u0119 - AB2PRO","isPartOf":{"@id":"https:\/\/www.ab2pro.com\/pl\/#website"},"datePublished":"2024-07-17T09:39:58+00:00","dateModified":"2024-07-17T14:31:01+00:00","description":"Zako\u0144czono rejestracj\u0119 - AB2PRO","breadcrumb":{"@id":"https:\/\/www.ab2pro.com\/pl\/zakonczono-rejestracje\/#breadcrumb"},"inLanguage":"pl-PL","potentialAction":[{"@type":"ReadAction","target":["https:\/\/www.ab2pro.com\/pl\/zakonczono-rejestracje\/"]}]},{"@type":"BreadcrumbList","@id":"https:\/\/www.ab2pro.com\/pl\/zakonczono-rejestracje\/#breadcrumb","itemListElement":[{"@type":"ListItem","position":1,"name":"Accueil","item":"https:\/\/www.ab2pro.com\/pl\/"},{"@type":"ListItem","position":2,"name":"Zako\u0144czono rejestracj\u0119"}]},{"@type":"WebSite","@id":"https:\/\/www.ab2pro.com\/pl\/#website","url":"https:\/\/www.ab2pro.com\/pl\/","name":"AB2PRO","description":"Agence d&#039;emploi sp\u00e9cialis\u00e9e dans le recrutement de travailleurs europ\u00e9ens","publisher":{"@id":"https:\/\/www.ab2pro.com\/pl\/#organization"},"potentialAction":[{"@type":"SearchAction","target":{"@type":"EntryPoint","urlTemplate":"https:\/\/www.ab2pro.com\/pl\/?s={search_term_string}"},"query-input":{"@type":"PropertyValueSpecification","valueRequired":true,"valueName":"search_term_string"}}],"inLanguage":"pl-PL"},{"@type":"Organization","@id":"https:\/\/www.ab2pro.com\/pl\/#organization","name":"AB2PRO","url":"https:\/\/www.ab2pro.com\/pl\/","logo":{"@type":"ImageObject","inLanguage":"pl-PL","@id":"https:\/\/www.ab2pro.com\/pl\/#\/schema\/logo\/image\/","url":"https:\/\/www.ab2pro.com\/wp-content\/uploads\/2020\/11\/logo-profil.png","contentUrl":"https:\/\/www.ab2pro.com\/wp-content\/uploads\/2020\/11\/logo-profil.png","width":230,"height":47,"caption":"AB2PRO"},"image":{"@id":"https:\/\/www.ab2pro.com\/pl\/#\/schema\/logo\/image\/"}}]}},"_links":{"self":[{"href":"https:\/\/www.ab2pro.com\/pl\/wp-json\/wp\/v2\/pages\/70256","targetHints":{"allow":["GET"]}}],"collection":[{"href":"https:\/\/www.ab2pro.com\/pl\/wp-json\/wp\/v2\/pages"}],"about":[{"href":"https:\/\/www.ab2pro.com\/pl\/wp-json\/wp\/v2\/types\/page"}],"author":[{"embeddable":true,"href":"https:\/\/www.ab2pro.com\/pl\/wp-json\/wp\/v2\/users\/1"}],"replies":[{"embeddable":true,"href":"https:\/\/www.ab2pro.com\/pl\/wp-json\/wp\/v2\/comments?post=70256"}],"version-history":[{"count":0,"href":"https:\/\/www.ab2pro.com\/pl\/wp-json\/wp\/v2\/pages\/70256\/revisions"}],"wp:attachment":[{"href":"https:\/\/www.ab2pro.com\/pl\/wp-json\/wp\/v2\/media?parent=70256"}],"curies":[{"name":"wp","href":"https:\/\/api.w.org\/{rel}","templated":true}]}}

Zakończono rejestrację

<p>[vc_row el_id=&#8221;bandeau-page&#8221; css=&#8221;.vc_custom_1718705783025{background-image: url(https://www.ab2pro.com/wp-content/uploads/2020/11/bandeau-offres.jpg?id=4442) !important;}&#8221; el_class=&#8221;bandeau-page-connexion&#8221;][vc_column][vc_column_text]</p>
<h1>Rejestracja została zakończona!</h1>
<p>[/vc_column_text][/vc_column][/vc_row][vc_row el_class=&#8221;wrap-merci&#8221;][vc_column][vc_column_text]</p>
<h2>Dziekujemy !</h2>
<p>Do naszych przyszłych pracowników,</p>
<p>Po dokonaniu rejestracji w ciągu 48 godzin skontaktuje się z Tobą koordynator, aby sfinalizować Twoją kandydaturę.</p>
<p>W razie jakichkolwiek pytań lub potrzeby uzyskania dodatkowych informacji prosimy o kontakt.</p>
<p>Witamy w naszym zespole!</p>
<p>ABPROTEAM[/vc_column_text][vc_btn title=&#8221;Powrót do ofert&#8221; link=&#8221;url:https%3A%2F%2Fwww.ab2pro.com%2Fpl%2Foferty-pracy-francja%2F|title:Oferty%20pracy|&#8221;][/vc_column][/vc_row]</p>

<p>[vc_row el_id=&#8221;bandeau-page&#8221; css=&#8221;.vc_custom_1718705783025{background-image: url(https://www.ab2pro.com/wp-content/uploads/2020/11/bandeau-offres.jpg?id=4442) !important;}&#8221; el_class=&#8221;bandeau-page-connexion&#8221;][vc_column][vc_column_text] Rejestracja została zakończona! [/vc_column_text][/vc_column][/vc_row][vc_row el_class=&#8221;wrap-merci&#8221;][vc_column][vc_column_text] Dziekujemy ! Do naszych przyszłych pracowników, Po dokonaniu rejestracji [&hellip;]</p>

<!-- This site is optimized with the Yoast SEO plugin v26.8 - https://yoast.com/product/yoast-seo-wordpress/ -->
<title>Zakończono rejestrację - AB2PRO</title>
<meta name="description" content="Zakończono rejestrację - AB2PRO" />
<meta name="robots" content="index, follow, max-snippet:-1, max-image-preview:large, max-video-preview:-1" />
<link rel="canonical" href="https://www.ab2pro.com/pl/zakonczono-rejestracje/" />
<meta property="og:locale" content="pl_PL" />
<meta property="og:type" content="article" />
<meta property="og:title" content="Zakończono rejestrację - AB2PRO" />
<meta property="og:description" content="Zakończono rejestrację - AB2PRO" />
<meta property="og:url" content="https://www.ab2pro.com/pl/zakonczono-rejestracje/" />
<meta property="og:site_name" content="AB2PRO" />
<meta property="article:modified_time" content="2024-07-17T14:31:01+00:00" />
<meta property="og:image" content="https://www.ab2pro.com/wp-content/uploads/2020/11/fond-home.jpg" />
	<meta property="og:image:width" content="1920" />
	<meta property="og:image:height" content="600" />
	<meta property="og:image:type" content="image/jpeg" />
<meta name="twitter:card" content="summary_large_image" />
<meta name="twitter:label1" content="Szacowany czas czytania" />
	<meta name="twitter:data1" content="1 minuta" />
<script type="application/ld+json" class="yoast-schema-graph">{"@context":"https://schema.org","@graph":[{"@type":"WebPage","@id":"https://www.ab2pro.com/pl/zakonczono-rejestracje/","url":"https://www.ab2pro.com/pl/zakonczono-rejestracje/","name":"Zakończono rejestrację - AB2PRO","isPartOf":{"@id":"https://www.ab2pro.com/pl/#website"},"datePublished":"2024-07-17T09:39:58+00:00","dateModified":"2024-07-17T14:31:01+00:00","description":"Zakończono rejestrację - AB2PRO","breadcrumb":{"@id":"https://www.ab2pro.com/pl/zakonczono-rejestracje/#breadcrumb"},"inLanguage":"pl-PL","potentialAction":[{"@type":"ReadAction","target":["https://www.ab2pro.com/pl/zakonczono-rejestracje/"]}]},{"@type":"BreadcrumbList","@id":"https://www.ab2pro.com/pl/zakonczono-rejestracje/#breadcrumb","itemListElement":[{"@type":"ListItem","position":1,"name":"Accueil","item":"https://www.ab2pro.com/pl/"},{"@type":"ListItem","position":2,"name":"Zakończono rejestrację"}]},{"@type":"WebSite","@id":"https://www.ab2pro.com/pl/#website","url":"https://www.ab2pro.com/pl/","name":"AB2PRO","description":"Agence d&#039;emploi spécialisée dans le recrutement de travailleurs européens","publisher":{"@id":"https://www.ab2pro.com/pl/#organization"},"potentialAction":[{"@type":"SearchAction","target":{"@type":"EntryPoint","urlTemplate":"https://www.ab2pro.com/pl/?s={search_term_string}"},"query-input":{"@type":"PropertyValueSpecification","valueRequired":true,"valueName":"search_term_string"}}],"inLanguage":"pl-PL"},{"@type":"Organization","@id":"https://www.ab2pro.com/pl/#organization","name":"AB2PRO","url":"https://www.ab2pro.com/pl/","logo":{"@type":"ImageObject","inLanguage":"pl-PL","@id":"https://www.ab2pro.com/pl/#/schema/logo/image/","url":"https://www.ab2pro.com/wp-content/uploads/2020/11/logo-profil.png","contentUrl":"https://www.ab2pro.com/wp-content/uploads/2020/11/logo-profil.png","width":230,"height":47,"caption":"AB2PRO"},"image":{"@id":"https://www.ab2pro.com/pl/#/schema/logo/image/"}}]}</script>
<!-- / Yoast SEO plugin. -->

Zakończono rejestrację - AB2PRO

Agence d&#039;emploi spécialisée dans le recrutement de travailleurs européens
