
{"id":48627,"date":"2023-11-07T11:12:53","date_gmt":"2023-11-07T10:12:53","guid":{"rendered":"https:\/\/www.ab2pro.com\/?post_type=agence&#038;p=48627"},"modified":"2025-04-22T11:54:46","modified_gmt":"2025-04-22T09:54:46","slug":"agence-ab2pro-targu-mures","status":"publish","type":"agence","link":"https:\/\/www.ab2pro.com\/pt-pt\/agences\/agence-ab2pro-targu-mures\/","title":{"rendered":"AB2PRO Ag\u00eancia de T\u00e2rgu Mure\u015f"},"content":{"rendered":"<p>O nosso escrit\u00f3rio em T\u00e2rgu Mure\u015f abriu na Transilv\u00e2nia na primavera de 2021. Est\u00e1 rodeado por uma paisagem natural maravilhosamente bela e variada. Aqui pode conhecer a nossa recrutadora T\u00fcnde, que \u00e9 apaixonada por ajudar os trabalhadores tempor\u00e1rios nas suas tarefas!<\/p>\n<p>T\u00fcnde \u00e9 um entusiasta formid\u00e1vel e o nosso diretor de recrutamento para a Hungria \u00e9 uma for\u00e7a da natureza. O seu entusiasmo em encontrar os melhores talentos h\u00fangaros faz com que cada recrutamento seja uma aventura alegre e bem sucedida.<\/p>\n<p>A cidade \u00e9 habitada desde o Neol\u00edtico e situa-se no centro da Transilv\u00e2nia, em ambas as margens do rio Maros. Historicamente, T\u00e2rgu Mure\u015f sofreu muito, tanto com a devasta\u00e7\u00e3o dos turcos como com a pilhagem do imperador Leopoldo. T\u00fcnde est un formidable enthousiaste et notre directeur du recrutement pour la Hongrie est une force de la nature. Sob a dire\u00e7\u00e3o do Presidente da C\u00e2mara, foi completamente reconstru\u00edda. Durante este per\u00edodo, as ruas antigas e novas da cidade foram adornadas com flores e \u00e1rvores. Desde ent\u00e3o, T\u00e2rgu Mure\u015f \u00e9 conhecida como a &#8220;cidade das flores&#8221;. Em primeiro lugar, pode passear pela Place des Roses e pelos seus numerosos edif\u00edcios barrocos e Art Nouveau. Em seguida, pode ser guiado at\u00e9 ao castelo com os seus quatro baluartes na parte sudoeste, onde se destaca a torre da igreja, que nos d\u00e1 um ambiente t\u00edpico do s\u00e9culo XVII. Entre os numerosos monumentos encontram-se os de proveni\u00eancia internacional, tais como igrejas, edif\u00edcios, museus, galerias, esculturas, monumentos p\u00fablicos e casas p\u00fablicas de estilo barroco, cl\u00e1ssico, neo-renascentista, ecl\u00e9tico e Arte Nova.<br \/>\nMas n\u00e3o esque\u00e7amos tamb\u00e9m os sub\u00farbios, que nos oferecem mais locais para visitar, como o ponto mais alto da cidade, Somostet\u0151, o jardim zool\u00f3gico local e um caminho de ferro muito popular entre as crian\u00e7as, a que os locais chamam &#8220;o caminho de ferro das crian\u00e7as&#8221;.<br \/>\nClaro que estamos na Transilv\u00e2nia e as nossas barrigas tamb\u00e9m merecem um pouco de mimo, com algumas especialidades. Por exemplo, h\u00e1 sopa de alm\u00f4ndegas, couve recheada, tok\u00e1ny da Transilv\u00e2nia, bolo de milho doce e bolo de chamin\u00e9 da Transilv\u00e2nia. Claro que, para complementar estes pratos fartos, tamb\u00e9m se pode desfrutar de um aperitivo, como uma boa palinka?<br \/>\nDepois do pequeno-almo\u00e7o ou do almo\u00e7o, gostaria de tomar uma boa x\u00edcara de caf\u00e9? Convidamo-lo a visitar o nosso escrit\u00f3rio recentemente pintado, situado perto dos monumentos hist\u00f3ricos, da pra\u00e7a principal e do quil\u00f3metro 0. Stefan ter\u00e1 todo o prazer em ajudar os candidatos interessados.<\/p>\n","protected":false},"excerpt":{"rendered":"<p>O nosso escrit\u00f3rio em T\u00e2rgu Mure\u015f abriu na Transilv\u00e2nia na primavera de 2021. Est\u00e1 rodeado por uma paisagem natural maravilhosamente [&hellip;]<\/p>\n","protected":false},"author":1,"featured_media":0,"template":"","meta":{"_acf_changed":false,"footnotes":""},"class_list":["post-48627","agence","type-agence","status-publish","hentry"],"acf":[],"yoast_head":"<!-- This site is optimized with the Yoast SEO plugin v26.8 - https:\/\/yoast.com\/product\/yoast-seo-wordpress\/ -->\n<title>AB2PRO Ag\u00eancia de T\u00e2rgu Mure\u015f - AB2PRO<\/title>\n<meta name=\"robots\" content=\"index, follow, max-snippet:-1, max-image-preview:large, max-video-preview:-1\" \/>\n<link rel=\"canonical\" href=\"https:\/\/www.ab2pro.com\/pt-pt\/agences\/agence-ab2pro-targu-mures\/\" \/>\n<meta property=\"og:locale\" content=\"pt_PT\" \/>\n<meta property=\"og:type\" content=\"article\" \/>\n<meta property=\"og:title\" content=\"AB2PRO Ag\u00eancia de T\u00e2rgu Mure\u015f - AB2PRO\" \/>\n<meta property=\"og:description\" content=\"O nosso escrit\u00f3rio em T\u00e2rgu Mure\u015f abriu na Transilv\u00e2nia na primavera de 2021. Est\u00e1 rodeado por uma paisagem natural maravilhosamente [&hellip;]\" \/>\n<meta property=\"og:url\" content=\"https:\/\/www.ab2pro.com\/pt-pt\/agences\/agence-ab2pro-targu-mures\/\" \/>\n<meta property=\"og:site_name\" content=\"AB2PRO\" \/>\n<meta property=\"article:modified_time\" content=\"2025-04-22T09:54:46+00:00\" \/>\n<meta property=\"og:image\" content=\"https:\/\/www.ab2pro.com\/wp-content\/uploads\/2020\/11\/fond-home.jpg\" \/>\n\t<meta property=\"og:image:width\" content=\"1920\" \/>\n\t<meta property=\"og:image:height\" content=\"600\" \/>\n\t<meta property=\"og:image:type\" content=\"image\/jpeg\" \/>\n<meta name=\"twitter:card\" content=\"summary_large_image\" \/>\n<script type=\"application\/ld+json\" class=\"yoast-schema-graph\">{\"@context\":\"https:\/\/schema.org\",\"@graph\":[{\"@type\":\"WebPage\",\"@id\":\"https:\/\/www.ab2pro.com\/pt-pt\/agences\/agence-ab2pro-targu-mures\/\",\"url\":\"https:\/\/www.ab2pro.com\/pt-pt\/agences\/agence-ab2pro-targu-mures\/\",\"name\":\"AB2PRO Ag\u00eancia de T\u00e2rgu Mure\u015f - AB2PRO\",\"isPartOf\":{\"@id\":\"https:\/\/www.ab2pro.com\/pt-pt\/#website\"},\"datePublished\":\"2023-11-07T10:12:53+00:00\",\"dateModified\":\"2025-04-22T09:54:46+00:00\",\"breadcrumb\":{\"@id\":\"https:\/\/www.ab2pro.com\/pt-pt\/agences\/agence-ab2pro-targu-mures\/#breadcrumb\"},\"inLanguage\":\"pt-PT\",\"potentialAction\":[{\"@type\":\"ReadAction\",\"target\":[\"https:\/\/www.ab2pro.com\/pt-pt\/agences\/agence-ab2pro-targu-mures\/\"]}]},{\"@type\":\"BreadcrumbList\",\"@id\":\"https:\/\/www.ab2pro.com\/pt-pt\/agences\/agence-ab2pro-targu-mures\/#breadcrumb\",\"itemListElement\":[{\"@type\":\"ListItem\",\"position\":1,\"name\":\"Accueil\",\"item\":\"https:\/\/www.ab2pro.com\/pt-pt\/\"},{\"@type\":\"ListItem\",\"position\":2,\"name\":\"Agences\",\"item\":\"https:\/\/www.ab2pro.com\/pt-pt\/agences\/\"},{\"@type\":\"ListItem\",\"position\":3,\"name\":\"AB2PRO Ag\u00eancia de T\u00e2rgu Mure\u015f\"}]},{\"@type\":\"WebSite\",\"@id\":\"https:\/\/www.ab2pro.com\/pt-pt\/#website\",\"url\":\"https:\/\/www.ab2pro.com\/pt-pt\/\",\"name\":\"AB2PRO\",\"description\":\"Agence d&#039;emploi sp\u00e9cialis\u00e9e dans le recrutement de travailleurs europ\u00e9ens\",\"publisher\":{\"@id\":\"https:\/\/www.ab2pro.com\/pt-pt\/#organization\"},\"potentialAction\":[{\"@type\":\"SearchAction\",\"target\":{\"@type\":\"EntryPoint\",\"urlTemplate\":\"https:\/\/www.ab2pro.com\/pt-pt\/?s={search_term_string}\"},\"query-input\":{\"@type\":\"PropertyValueSpecification\",\"valueRequired\":true,\"valueName\":\"search_term_string\"}}],\"inLanguage\":\"pt-PT\"},{\"@type\":\"Organization\",\"@id\":\"https:\/\/www.ab2pro.com\/pt-pt\/#organization\",\"name\":\"AB2PRO\",\"url\":\"https:\/\/www.ab2pro.com\/pt-pt\/\",\"logo\":{\"@type\":\"ImageObject\",\"inLanguage\":\"pt-PT\",\"@id\":\"https:\/\/www.ab2pro.com\/pt-pt\/#\/schema\/logo\/image\/\",\"url\":\"https:\/\/www.ab2pro.com\/wp-content\/uploads\/2020\/11\/logo-profil.png\",\"contentUrl\":\"https:\/\/www.ab2pro.com\/wp-content\/uploads\/2020\/11\/logo-profil.png\",\"width\":230,\"height\":47,\"caption\":\"AB2PRO\"},\"image\":{\"@id\":\"https:\/\/www.ab2pro.com\/pt-pt\/#\/schema\/logo\/image\/\"}}]}<\/script>\n<!-- \/ Yoast SEO plugin. -->","yoast_head_json":{"title":"AB2PRO Ag\u00eancia de T\u00e2rgu Mure\u015f - AB2PRO","robots":{"index":"index","follow":"follow","max-snippet":"max-snippet:-1","max-image-preview":"max-image-preview:large","max-video-preview":"max-video-preview:-1"},"canonical":"https:\/\/www.ab2pro.com\/pt-pt\/agences\/agence-ab2pro-targu-mures\/","og_locale":"pt_PT","og_type":"article","og_title":"AB2PRO Ag\u00eancia de T\u00e2rgu Mure\u015f - AB2PRO","og_description":"O nosso escrit\u00f3rio em T\u00e2rgu Mure\u015f abriu na Transilv\u00e2nia na primavera de 2021. Est\u00e1 rodeado por uma paisagem natural maravilhosamente [&hellip;]","og_url":"https:\/\/www.ab2pro.com\/pt-pt\/agences\/agence-ab2pro-targu-mures\/","og_site_name":"AB2PRO","article_modified_time":"2025-04-22T09:54:46+00:00","og_image":[{"width":1920,"height":600,"url":"https:\/\/www.ab2pro.com\/wp-content\/uploads\/2020\/11\/fond-home.jpg","type":"image\/jpeg"}],"twitter_card":"summary_large_image","schema":{"@context":"https:\/\/schema.org","@graph":[{"@type":"WebPage","@id":"https:\/\/www.ab2pro.com\/pt-pt\/agences\/agence-ab2pro-targu-mures\/","url":"https:\/\/www.ab2pro.com\/pt-pt\/agences\/agence-ab2pro-targu-mures\/","name":"AB2PRO Ag\u00eancia de T\u00e2rgu Mure\u015f - AB2PRO","isPartOf":{"@id":"https:\/\/www.ab2pro.com\/pt-pt\/#website"},"datePublished":"2023-11-07T10:12:53+00:00","dateModified":"2025-04-22T09:54:46+00:00","breadcrumb":{"@id":"https:\/\/www.ab2pro.com\/pt-pt\/agences\/agence-ab2pro-targu-mures\/#breadcrumb"},"inLanguage":"pt-PT","potentialAction":[{"@type":"ReadAction","target":["https:\/\/www.ab2pro.com\/pt-pt\/agences\/agence-ab2pro-targu-mures\/"]}]},{"@type":"BreadcrumbList","@id":"https:\/\/www.ab2pro.com\/pt-pt\/agences\/agence-ab2pro-targu-mures\/#breadcrumb","itemListElement":[{"@type":"ListItem","position":1,"name":"Accueil","item":"https:\/\/www.ab2pro.com\/pt-pt\/"},{"@type":"ListItem","position":2,"name":"Agences","item":"https:\/\/www.ab2pro.com\/pt-pt\/agences\/"},{"@type":"ListItem","position":3,"name":"AB2PRO Ag\u00eancia de T\u00e2rgu Mure\u015f"}]},{"@type":"WebSite","@id":"https:\/\/www.ab2pro.com\/pt-pt\/#website","url":"https:\/\/www.ab2pro.com\/pt-pt\/","name":"AB2PRO","description":"Agence d&#039;emploi sp\u00e9cialis\u00e9e dans le recrutement de travailleurs europ\u00e9ens","publisher":{"@id":"https:\/\/www.ab2pro.com\/pt-pt\/#organization"},"potentialAction":[{"@type":"SearchAction","target":{"@type":"EntryPoint","urlTemplate":"https:\/\/www.ab2pro.com\/pt-pt\/?s={search_term_string}"},"query-input":{"@type":"PropertyValueSpecification","valueRequired":true,"valueName":"search_term_string"}}],"inLanguage":"pt-PT"},{"@type":"Organization","@id":"https:\/\/www.ab2pro.com\/pt-pt\/#organization","name":"AB2PRO","url":"https:\/\/www.ab2pro.com\/pt-pt\/","logo":{"@type":"ImageObject","inLanguage":"pt-PT","@id":"https:\/\/www.ab2pro.com\/pt-pt\/#\/schema\/logo\/image\/","url":"https:\/\/www.ab2pro.com\/wp-content\/uploads\/2020\/11\/logo-profil.png","contentUrl":"https:\/\/www.ab2pro.com\/wp-content\/uploads\/2020\/11\/logo-profil.png","width":230,"height":47,"caption":"AB2PRO"},"image":{"@id":"https:\/\/www.ab2pro.com\/pt-pt\/#\/schema\/logo\/image\/"}}]}},"_links":{"self":[{"href":"https:\/\/www.ab2pro.com\/pt-pt\/wp-json\/wp\/v2\/agence\/48627","targetHints":{"allow":["GET"]}}],"collection":[{"href":"https:\/\/www.ab2pro.com\/pt-pt\/wp-json\/wp\/v2\/agence"}],"about":[{"href":"https:\/\/www.ab2pro.com\/pt-pt\/wp-json\/wp\/v2\/types\/agence"}],"author":[{"embeddable":true,"href":"https:\/\/www.ab2pro.com\/pt-pt\/wp-json\/wp\/v2\/users\/1"}],"version-history":[{"count":0,"href":"https:\/\/www.ab2pro.com\/pt-pt\/wp-json\/wp\/v2\/agence\/48627\/revisions"}],"wp:attachment":[{"href":"https:\/\/www.ab2pro.com\/pt-pt\/wp-json\/wp\/v2\/media?parent=48627"}],"curies":[{"name":"wp","href":"https:\/\/api.w.org\/{rel}","templated":true}]}}

AB2PRO Agência de Târgu Mureş

<p>O nosso escritório em Târgu Mureş abriu na Transilvânia na primavera de 2021. Está rodeado por uma paisagem natural maravilhosamente bela e variada. Aqui pode conhecer a nossa recrutadora Tünde, que é apaixonada por ajudar os trabalhadores temporários nas suas tarefas!</p>
<p>Tünde é um entusiasta formidável e o nosso diretor de recrutamento para a Hungria é uma força da natureza. O seu entusiasmo em encontrar os melhores talentos húngaros faz com que cada recrutamento seja uma aventura alegre e bem sucedida.</p>
<p>A cidade é habitada desde o Neolítico e situa-se no centro da Transilvânia, em ambas as margens do rio Maros. Historicamente, Târgu Mureş sofreu muito, tanto com a devastação dos turcos como com a pilhagem do imperador Leopoldo. Tünde est un formidable enthousiaste et notre directeur du recrutement pour la Hongrie est une force de la nature. Sob a direção do Presidente da Câmara, foi completamente reconstruída. Durante este período, as ruas antigas e novas da cidade foram adornadas com flores e árvores. Desde então, Târgu Mureş é conhecida como a &#8220;cidade das flores&#8221;. Em primeiro lugar, pode passear pela Place des Roses e pelos seus numerosos edifícios barrocos e Art Nouveau. Em seguida, pode ser guiado até ao castelo com os seus quatro baluartes na parte sudoeste, onde se destaca a torre da igreja, que nos dá um ambiente típico do século XVII. Entre os numerosos monumentos encontram-se os de proveniência internacional, tais como igrejas, edifícios, museus, galerias, esculturas, monumentos públicos e casas públicas de estilo barroco, clássico, neo-renascentista, eclético e Arte Nova.<br />
Mas não esqueçamos também os subúrbios, que nos oferecem mais locais para visitar, como o ponto mais alto da cidade, Somostető, o jardim zoológico local e um caminho de ferro muito popular entre as crianças, a que os locais chamam &#8220;o caminho de ferro das crianças&#8221;.<br />
Claro que estamos na Transilvânia e as nossas barrigas também merecem um pouco de mimo, com algumas especialidades. Por exemplo, há sopa de almôndegas, couve recheada, tokány da Transilvânia, bolo de milho doce e bolo de chaminé da Transilvânia. Claro que, para complementar estes pratos fartos, também se pode desfrutar de um aperitivo, como uma boa palinka?<br />
Depois do pequeno-almoço ou do almoço, gostaria de tomar uma boa xícara de café? Convidamo-lo a visitar o nosso escritório recentemente pintado, situado perto dos monumentos históricos, da praça principal e do quilómetro 0. Stefan terá todo o prazer em ajudar os candidatos interessados.</p>

<p>O nosso escritório em Târgu Mureş abriu na Transilvânia na primavera de 2021. Está rodeado por uma paisagem natural maravilhosamente [&hellip;]</p>

<!-- This site is optimized with the Yoast SEO plugin v26.8 - https://yoast.com/product/yoast-seo-wordpress/ -->
<title>AB2PRO Agência de Târgu Mureş - AB2PRO</title>
<meta name="robots" content="index, follow, max-snippet:-1, max-image-preview:large, max-video-preview:-1" />
<link rel="canonical" href="https://www.ab2pro.com/pt-pt/agences/agence-ab2pro-targu-mures/" />
<meta property="og:locale" content="pt_PT" />
<meta property="og:type" content="article" />
<meta property="og:title" content="AB2PRO Agência de Târgu Mureş - AB2PRO" />
<meta property="og:description" content="O nosso escritório em Târgu Mureş abriu na Transilvânia na primavera de 2021. Está rodeado por uma paisagem natural maravilhosamente [&hellip;]" />
<meta property="og:url" content="https://www.ab2pro.com/pt-pt/agences/agence-ab2pro-targu-mures/" />
<meta property="og:site_name" content="AB2PRO" />
<meta property="article:modified_time" content="2025-04-22T09:54:46+00:00" />
<meta property="og:image" content="https://www.ab2pro.com/wp-content/uploads/2020/11/fond-home.jpg" />
	<meta property="og:image:width" content="1920" />
	<meta property="og:image:height" content="600" />
	<meta property="og:image:type" content="image/jpeg" />
<meta name="twitter:card" content="summary_large_image" />
<script type="application/ld+json" class="yoast-schema-graph">{"@context":"https://schema.org","@graph":[{"@type":"WebPage","@id":"https://www.ab2pro.com/pt-pt/agences/agence-ab2pro-targu-mures/","url":"https://www.ab2pro.com/pt-pt/agences/agence-ab2pro-targu-mures/","name":"AB2PRO Agência de Târgu Mureş - AB2PRO","isPartOf":{"@id":"https://www.ab2pro.com/pt-pt/#website"},"datePublished":"2023-11-07T10:12:53+00:00","dateModified":"2025-04-22T09:54:46+00:00","breadcrumb":{"@id":"https://www.ab2pro.com/pt-pt/agences/agence-ab2pro-targu-mures/#breadcrumb"},"inLanguage":"pt-PT","potentialAction":[{"@type":"ReadAction","target":["https://www.ab2pro.com/pt-pt/agences/agence-ab2pro-targu-mures/"]}]},{"@type":"BreadcrumbList","@id":"https://www.ab2pro.com/pt-pt/agences/agence-ab2pro-targu-mures/#breadcrumb","itemListElement":[{"@type":"ListItem","position":1,"name":"Accueil","item":"https://www.ab2pro.com/pt-pt/"},{"@type":"ListItem","position":2,"name":"Agences","item":"https://www.ab2pro.com/pt-pt/agences/"},{"@type":"ListItem","position":3,"name":"AB2PRO Agência de Târgu Mureş"}]},{"@type":"WebSite","@id":"https://www.ab2pro.com/pt-pt/#website","url":"https://www.ab2pro.com/pt-pt/","name":"AB2PRO","description":"Agence d&#039;emploi spécialisée dans le recrutement de travailleurs européens","publisher":{"@id":"https://www.ab2pro.com/pt-pt/#organization"},"potentialAction":[{"@type":"SearchAction","target":{"@type":"EntryPoint","urlTemplate":"https://www.ab2pro.com/pt-pt/?s={search_term_string}"},"query-input":{"@type":"PropertyValueSpecification","valueRequired":true,"valueName":"search_term_string"}}],"inLanguage":"pt-PT"},{"@type":"Organization","@id":"https://www.ab2pro.com/pt-pt/#organization","name":"AB2PRO","url":"https://www.ab2pro.com/pt-pt/","logo":{"@type":"ImageObject","inLanguage":"pt-PT","@id":"https://www.ab2pro.com/pt-pt/#/schema/logo/image/","url":"https://www.ab2pro.com/wp-content/uploads/2020/11/logo-profil.png","contentUrl":"https://www.ab2pro.com/wp-content/uploads/2020/11/logo-profil.png","width":230,"height":47,"caption":"AB2PRO"},"image":{"@id":"https://www.ab2pro.com/pt-pt/#/schema/logo/image/"}}]}</script>
<!-- / Yoast SEO plugin. -->

AB2PRO Agência de Târgu Mureş - AB2PRO

O nosso escritório em Târgu Mureş abriu na Transilvânia na primavera de 2021. Está rodeado por uma paisagem natural maravilhosamente [&hellip;]

Agence d&#039;emploi spécialisée dans le recrutement de travailleurs européens
