
{"id":48660,"date":"2023-11-07T11:55:14","date_gmt":"2023-11-07T10:55:14","guid":{"rendered":"https:\/\/www.ab2pro.com\/?post_type=agence&#038;p=48660"},"modified":"2025-07-25T09:31:49","modified_gmt":"2025-07-25T07:31:49","slug":"ab2pro-agencia-de-rennes","status":"publish","type":"agence","link":"https:\/\/www.ab2pro.com\/pt-pt\/agences\/ab2pro-agencia-de-rennes\/","title":{"rendered":"AB2PRO Ag\u00eancia de Rennes"},"content":{"rendered":"<p data-pm-slice=\"0 0 []\"><strong>Na nossa ag\u00eancia de trabalho tempor\u00e1rio em Rennes<\/strong>, oferecemos muito mais do que um contrato de trabalho. Oferecemos uma experi\u00eancia profissional \u00fanica, personalizada e gratificante. Conhe\u00e7a <strong>Fabien<\/strong>, o nosso respons\u00e1vel pela ag\u00eancia, e a <strong>sua equipa apaixonada e empenhada<\/strong>, dedicada a acompanh\u00e1-lo com profissionalismo e simpatia.  <\/p>\n<p>Gra\u00e7as \u00e0 sua experi\u00eancia comercial, Fabien \u00e9 o seu parceiro ideal para compreender as suas necessidades espec\u00edficas e encontrar o talento perfeito para a sua empresa. O nosso conhecimento profundo do mercado de trabalho e o nosso empenho inabal\u00e1vel garantem-lhe solu\u00e7\u00f5es adaptadas \u00e0s suas necessidades profissionais.<\/p>\n<p>Juntamente com eles, <strong>a nossa equipa <\/strong>especializada em recrutamento internacional utiliza o seu conhecimento dos mercados e a sua rede de candidatos qualificados para identificar os melhores perfis. A sua experi\u00eancia abrange o recrutamento na Hungria, Bulg\u00e1ria e Rom\u00e9nia, contribuindo para a diversidade e o desempenho da oferta de talentos. <\/p>\n<p>Para al\u00e9m da nossa equipa de especialistas, estamos situados no cora\u00e7\u00e3o da magn\u00edfica regi\u00e3o da Bretanha. A Bretanha, a joia cultural de Fran\u00e7a, combina uma hist\u00f3ria rica, paisagens de cortar a respira\u00e7\u00e3o e uma cena culin\u00e1ria de renome. Descubra as belas praias de areia, os castelos impressionantes e a atmosfera calorosa que fazem da Bretanha um destino obrigat\u00f3rio.<\/p>\n<p>N\u00e3o perca a oportunidade de trabalhar com a nossa ag\u00eancia de recrutamento em Rennes e de tirar partido de tudo o que a Bretanha tem para oferecer. <strong>Conhe\u00e7a Fabien e a sua equipa <\/strong>hoje e deixe-nos gui\u00e1-lo para um futuro profissional pr\u00f3spero.<\/p>\n<p><strong>P\u00f3ngase en contacto con nosotros hoy<\/strong> mismo para hablar de sus necesidades de contrataci\u00f3n y d\u00e9jenos mostrarle c\u00f3mo podemos ayudarle a alcanzar el \u00e9xito.<\/p>","protected":false},"excerpt":{"rendered":"<p>Na nossa ag\u00eancia de trabalho tempor\u00e1rio em Rennes, oferecemos muito mais do que um contrato de trabalho. Oferecemos uma experi\u00eancia [&hellip;]<\/p>\n","protected":false},"author":1,"featured_media":0,"template":"","meta":{"_acf_changed":false,"footnotes":""},"class_list":["post-48660","agence","type-agence","status-publish","hentry"],"acf":[],"yoast_head":"<!-- This site is optimized with the Yoast SEO plugin v26.8 - https:\/\/yoast.com\/product\/yoast-seo-wordpress\/ -->\n<title>AB2PRO Ag\u00eancia de Rennes - AB2PRO<\/title>\n<meta name=\"robots\" content=\"index, follow, max-snippet:-1, max-image-preview:large, max-video-preview:-1\" \/>\n<link rel=\"canonical\" href=\"https:\/\/www.ab2pro.com\/pt-pt\/agences\/ab2pro-agencia-de-rennes\/\" \/>\n<meta property=\"og:locale\" content=\"pt_PT\" \/>\n<meta property=\"og:type\" content=\"article\" \/>\n<meta property=\"og:title\" content=\"AB2PRO Ag\u00eancia de Rennes - AB2PRO\" \/>\n<meta property=\"og:description\" content=\"Na nossa ag\u00eancia de trabalho tempor\u00e1rio em Rennes, oferecemos muito mais do que um contrato de trabalho. Oferecemos uma experi\u00eancia [&hellip;]\" \/>\n<meta property=\"og:url\" content=\"https:\/\/www.ab2pro.com\/pt-pt\/agences\/ab2pro-agencia-de-rennes\/\" \/>\n<meta property=\"og:site_name\" content=\"AB2PRO\" \/>\n<meta property=\"article:modified_time\" content=\"2025-07-25T07:31:49+00:00\" \/>\n<meta property=\"og:image\" content=\"https:\/\/www.ab2pro.com\/wp-content\/uploads\/2020\/11\/fond-home.jpg\" \/>\n\t<meta property=\"og:image:width\" content=\"1920\" \/>\n\t<meta property=\"og:image:height\" content=\"600\" \/>\n\t<meta property=\"og:image:type\" content=\"image\/jpeg\" \/>\n<meta name=\"twitter:card\" content=\"summary_large_image\" \/>\n<script type=\"application\/ld+json\" class=\"yoast-schema-graph\">{\"@context\":\"https:\/\/schema.org\",\"@graph\":[{\"@type\":\"WebPage\",\"@id\":\"https:\/\/www.ab2pro.com\/pt-pt\/agences\/ab2pro-agencia-de-rennes\/\",\"url\":\"https:\/\/www.ab2pro.com\/pt-pt\/agences\/ab2pro-agencia-de-rennes\/\",\"name\":\"AB2PRO Ag\u00eancia de Rennes - AB2PRO\",\"isPartOf\":{\"@id\":\"https:\/\/www.ab2pro.com\/pt-pt\/#website\"},\"datePublished\":\"2023-11-07T10:55:14+00:00\",\"dateModified\":\"2025-07-25T07:31:49+00:00\",\"breadcrumb\":{\"@id\":\"https:\/\/www.ab2pro.com\/pt-pt\/agences\/ab2pro-agencia-de-rennes\/#breadcrumb\"},\"inLanguage\":\"pt-PT\",\"potentialAction\":[{\"@type\":\"ReadAction\",\"target\":[\"https:\/\/www.ab2pro.com\/pt-pt\/agences\/ab2pro-agencia-de-rennes\/\"]}]},{\"@type\":\"BreadcrumbList\",\"@id\":\"https:\/\/www.ab2pro.com\/pt-pt\/agences\/ab2pro-agencia-de-rennes\/#breadcrumb\",\"itemListElement\":[{\"@type\":\"ListItem\",\"position\":1,\"name\":\"Accueil\",\"item\":\"https:\/\/www.ab2pro.com\/pt-pt\/\"},{\"@type\":\"ListItem\",\"position\":2,\"name\":\"Agences\",\"item\":\"https:\/\/www.ab2pro.com\/pt-pt\/agences\/\"},{\"@type\":\"ListItem\",\"position\":3,\"name\":\"AB2PRO Ag\u00eancia de Rennes\"}]},{\"@type\":\"WebSite\",\"@id\":\"https:\/\/www.ab2pro.com\/pt-pt\/#website\",\"url\":\"https:\/\/www.ab2pro.com\/pt-pt\/\",\"name\":\"AB2PRO\",\"description\":\"Agence d&#039;emploi sp\u00e9cialis\u00e9e dans le recrutement de travailleurs europ\u00e9ens\",\"publisher\":{\"@id\":\"https:\/\/www.ab2pro.com\/pt-pt\/#organization\"},\"potentialAction\":[{\"@type\":\"SearchAction\",\"target\":{\"@type\":\"EntryPoint\",\"urlTemplate\":\"https:\/\/www.ab2pro.com\/pt-pt\/?s={search_term_string}\"},\"query-input\":{\"@type\":\"PropertyValueSpecification\",\"valueRequired\":true,\"valueName\":\"search_term_string\"}}],\"inLanguage\":\"pt-PT\"},{\"@type\":\"Organization\",\"@id\":\"https:\/\/www.ab2pro.com\/pt-pt\/#organization\",\"name\":\"AB2PRO\",\"url\":\"https:\/\/www.ab2pro.com\/pt-pt\/\",\"logo\":{\"@type\":\"ImageObject\",\"inLanguage\":\"pt-PT\",\"@id\":\"https:\/\/www.ab2pro.com\/pt-pt\/#\/schema\/logo\/image\/\",\"url\":\"https:\/\/www.ab2pro.com\/wp-content\/uploads\/2020\/11\/logo-profil.png\",\"contentUrl\":\"https:\/\/www.ab2pro.com\/wp-content\/uploads\/2020\/11\/logo-profil.png\",\"width\":230,\"height\":47,\"caption\":\"AB2PRO\"},\"image\":{\"@id\":\"https:\/\/www.ab2pro.com\/pt-pt\/#\/schema\/logo\/image\/\"}}]}<\/script>\n<!-- \/ Yoast SEO plugin. -->","yoast_head_json":{"title":"AB2PRO Ag\u00eancia de Rennes - AB2PRO","robots":{"index":"index","follow":"follow","max-snippet":"max-snippet:-1","max-image-preview":"max-image-preview:large","max-video-preview":"max-video-preview:-1"},"canonical":"https:\/\/www.ab2pro.com\/pt-pt\/agences\/ab2pro-agencia-de-rennes\/","og_locale":"pt_PT","og_type":"article","og_title":"AB2PRO Ag\u00eancia de Rennes - AB2PRO","og_description":"Na nossa ag\u00eancia de trabalho tempor\u00e1rio em Rennes, oferecemos muito mais do que um contrato de trabalho. Oferecemos uma experi\u00eancia [&hellip;]","og_url":"https:\/\/www.ab2pro.com\/pt-pt\/agences\/ab2pro-agencia-de-rennes\/","og_site_name":"AB2PRO","article_modified_time":"2025-07-25T07:31:49+00:00","og_image":[{"width":1920,"height":600,"url":"https:\/\/www.ab2pro.com\/wp-content\/uploads\/2020\/11\/fond-home.jpg","type":"image\/jpeg"}],"twitter_card":"summary_large_image","schema":{"@context":"https:\/\/schema.org","@graph":[{"@type":"WebPage","@id":"https:\/\/www.ab2pro.com\/pt-pt\/agences\/ab2pro-agencia-de-rennes\/","url":"https:\/\/www.ab2pro.com\/pt-pt\/agences\/ab2pro-agencia-de-rennes\/","name":"AB2PRO Ag\u00eancia de Rennes - AB2PRO","isPartOf":{"@id":"https:\/\/www.ab2pro.com\/pt-pt\/#website"},"datePublished":"2023-11-07T10:55:14+00:00","dateModified":"2025-07-25T07:31:49+00:00","breadcrumb":{"@id":"https:\/\/www.ab2pro.com\/pt-pt\/agences\/ab2pro-agencia-de-rennes\/#breadcrumb"},"inLanguage":"pt-PT","potentialAction":[{"@type":"ReadAction","target":["https:\/\/www.ab2pro.com\/pt-pt\/agences\/ab2pro-agencia-de-rennes\/"]}]},{"@type":"BreadcrumbList","@id":"https:\/\/www.ab2pro.com\/pt-pt\/agences\/ab2pro-agencia-de-rennes\/#breadcrumb","itemListElement":[{"@type":"ListItem","position":1,"name":"Accueil","item":"https:\/\/www.ab2pro.com\/pt-pt\/"},{"@type":"ListItem","position":2,"name":"Agences","item":"https:\/\/www.ab2pro.com\/pt-pt\/agences\/"},{"@type":"ListItem","position":3,"name":"AB2PRO Ag\u00eancia de Rennes"}]},{"@type":"WebSite","@id":"https:\/\/www.ab2pro.com\/pt-pt\/#website","url":"https:\/\/www.ab2pro.com\/pt-pt\/","name":"AB2PRO","description":"Agence d&#039;emploi sp\u00e9cialis\u00e9e dans le recrutement de travailleurs europ\u00e9ens","publisher":{"@id":"https:\/\/www.ab2pro.com\/pt-pt\/#organization"},"potentialAction":[{"@type":"SearchAction","target":{"@type":"EntryPoint","urlTemplate":"https:\/\/www.ab2pro.com\/pt-pt\/?s={search_term_string}"},"query-input":{"@type":"PropertyValueSpecification","valueRequired":true,"valueName":"search_term_string"}}],"inLanguage":"pt-PT"},{"@type":"Organization","@id":"https:\/\/www.ab2pro.com\/pt-pt\/#organization","name":"AB2PRO","url":"https:\/\/www.ab2pro.com\/pt-pt\/","logo":{"@type":"ImageObject","inLanguage":"pt-PT","@id":"https:\/\/www.ab2pro.com\/pt-pt\/#\/schema\/logo\/image\/","url":"https:\/\/www.ab2pro.com\/wp-content\/uploads\/2020\/11\/logo-profil.png","contentUrl":"https:\/\/www.ab2pro.com\/wp-content\/uploads\/2020\/11\/logo-profil.png","width":230,"height":47,"caption":"AB2PRO"},"image":{"@id":"https:\/\/www.ab2pro.com\/pt-pt\/#\/schema\/logo\/image\/"}}]}},"_links":{"self":[{"href":"https:\/\/www.ab2pro.com\/pt-pt\/wp-json\/wp\/v2\/agence\/48660","targetHints":{"allow":["GET"]}}],"collection":[{"href":"https:\/\/www.ab2pro.com\/pt-pt\/wp-json\/wp\/v2\/agence"}],"about":[{"href":"https:\/\/www.ab2pro.com\/pt-pt\/wp-json\/wp\/v2\/types\/agence"}],"author":[{"embeddable":true,"href":"https:\/\/www.ab2pro.com\/pt-pt\/wp-json\/wp\/v2\/users\/1"}],"version-history":[{"count":0,"href":"https:\/\/www.ab2pro.com\/pt-pt\/wp-json\/wp\/v2\/agence\/48660\/revisions"}],"wp:attachment":[{"href":"https:\/\/www.ab2pro.com\/pt-pt\/wp-json\/wp\/v2\/media?parent=48660"}],"curies":[{"name":"wp","href":"https:\/\/api.w.org\/{rel}","templated":true}]}}

AB2PRO Agência de Rennes

<p data-pm-slice="0 0 []"><strong>Na nossa agência de trabalho temporário em Rennes</strong>, oferecemos muito mais do que um contrato de trabalho. Oferecemos uma experiência profissional única, personalizada e gratificante. Conheça <strong>Fabien</strong>, o nosso responsável pela agência, e a <strong>sua equipa apaixonada e empenhada</strong>, dedicada a acompanhá-lo com profissionalismo e simpatia.  </p>
<p>Graças à sua experiência comercial, Fabien é o seu parceiro ideal para compreender as suas necessidades específicas e encontrar o talento perfeito para a sua empresa. O nosso conhecimento profundo do mercado de trabalho e o nosso empenho inabalável garantem-lhe soluções adaptadas às suas necessidades profissionais.</p>
<p>Juntamente com eles, <strong>a nossa equipa </strong>especializada em recrutamento internacional utiliza o seu conhecimento dos mercados e a sua rede de candidatos qualificados para identificar os melhores perfis. A sua experiência abrange o recrutamento na Hungria, Bulgária e Roménia, contribuindo para a diversidade e o desempenho da oferta de talentos. </p>
<p>Para além da nossa equipa de especialistas, estamos situados no coração da magnífica região da Bretanha. A Bretanha, a joia cultural de França, combina uma história rica, paisagens de cortar a respiração e uma cena culinária de renome. Descubra as belas praias de areia, os castelos impressionantes e a atmosfera calorosa que fazem da Bretanha um destino obrigatório.</p>
<p>Não perca a oportunidade de trabalhar com a nossa agência de recrutamento em Rennes e de tirar partido de tudo o que a Bretanha tem para oferecer. <strong>Conheça Fabien e a sua equipa </strong>hoje e deixe-nos guiá-lo para um futuro profissional próspero.</p>
<p><strong>Póngase en contacto con nosotros hoy</strong> mismo para hablar de sus necesidades de contratación y déjenos mostrarle cómo podemos ayudarle a alcanzar el éxito.</p>

<p>Na nossa agência de trabalho temporário em Rennes, oferecemos muito mais do que um contrato de trabalho. Oferecemos uma experiência [&hellip;]</p>

<!-- This site is optimized with the Yoast SEO plugin v26.8 - https://yoast.com/product/yoast-seo-wordpress/ -->
<title>AB2PRO Agência de Rennes - AB2PRO</title>
<meta name="robots" content="index, follow, max-snippet:-1, max-image-preview:large, max-video-preview:-1" />
<link rel="canonical" href="https://www.ab2pro.com/pt-pt/agences/ab2pro-agencia-de-rennes/" />
<meta property="og:locale" content="pt_PT" />
<meta property="og:type" content="article" />
<meta property="og:title" content="AB2PRO Agência de Rennes - AB2PRO" />
<meta property="og:description" content="Na nossa agência de trabalho temporário em Rennes, oferecemos muito mais do que um contrato de trabalho. Oferecemos uma experiência [&hellip;]" />
<meta property="og:url" content="https://www.ab2pro.com/pt-pt/agences/ab2pro-agencia-de-rennes/" />
<meta property="og:site_name" content="AB2PRO" />
<meta property="article:modified_time" content="2025-07-25T07:31:49+00:00" />
<meta property="og:image" content="https://www.ab2pro.com/wp-content/uploads/2020/11/fond-home.jpg" />
	<meta property="og:image:width" content="1920" />
	<meta property="og:image:height" content="600" />
	<meta property="og:image:type" content="image/jpeg" />
<meta name="twitter:card" content="summary_large_image" />
<script type="application/ld+json" class="yoast-schema-graph">{"@context":"https://schema.org","@graph":[{"@type":"WebPage","@id":"https://www.ab2pro.com/pt-pt/agences/ab2pro-agencia-de-rennes/","url":"https://www.ab2pro.com/pt-pt/agences/ab2pro-agencia-de-rennes/","name":"AB2PRO Agência de Rennes - AB2PRO","isPartOf":{"@id":"https://www.ab2pro.com/pt-pt/#website"},"datePublished":"2023-11-07T10:55:14+00:00","dateModified":"2025-07-25T07:31:49+00:00","breadcrumb":{"@id":"https://www.ab2pro.com/pt-pt/agences/ab2pro-agencia-de-rennes/#breadcrumb"},"inLanguage":"pt-PT","potentialAction":[{"@type":"ReadAction","target":["https://www.ab2pro.com/pt-pt/agences/ab2pro-agencia-de-rennes/"]}]},{"@type":"BreadcrumbList","@id":"https://www.ab2pro.com/pt-pt/agences/ab2pro-agencia-de-rennes/#breadcrumb","itemListElement":[{"@type":"ListItem","position":1,"name":"Accueil","item":"https://www.ab2pro.com/pt-pt/"},{"@type":"ListItem","position":2,"name":"Agences","item":"https://www.ab2pro.com/pt-pt/agences/"},{"@type":"ListItem","position":3,"name":"AB2PRO Agência de Rennes"}]},{"@type":"WebSite","@id":"https://www.ab2pro.com/pt-pt/#website","url":"https://www.ab2pro.com/pt-pt/","name":"AB2PRO","description":"Agence d&#039;emploi spécialisée dans le recrutement de travailleurs européens","publisher":{"@id":"https://www.ab2pro.com/pt-pt/#organization"},"potentialAction":[{"@type":"SearchAction","target":{"@type":"EntryPoint","urlTemplate":"https://www.ab2pro.com/pt-pt/?s={search_term_string}"},"query-input":{"@type":"PropertyValueSpecification","valueRequired":true,"valueName":"search_term_string"}}],"inLanguage":"pt-PT"},{"@type":"Organization","@id":"https://www.ab2pro.com/pt-pt/#organization","name":"AB2PRO","url":"https://www.ab2pro.com/pt-pt/","logo":{"@type":"ImageObject","inLanguage":"pt-PT","@id":"https://www.ab2pro.com/pt-pt/#/schema/logo/image/","url":"https://www.ab2pro.com/wp-content/uploads/2020/11/logo-profil.png","contentUrl":"https://www.ab2pro.com/wp-content/uploads/2020/11/logo-profil.png","width":230,"height":47,"caption":"AB2PRO"},"image":{"@id":"https://www.ab2pro.com/pt-pt/#/schema/logo/image/"}}]}</script>
<!-- / Yoast SEO plugin. -->

AB2PRO Agência de Rennes - AB2PRO

Na nossa agência de trabalho temporário em Rennes, oferecemos muito mais do que um contrato de trabalho. Oferecemos uma experiência [&hellip;]

Agence d&#039;emploi spécialisée dans le recrutement de travailleurs européens
