
{"id":48679,"date":"2023-11-07T12:02:10","date_gmt":"2023-11-07T11:02:10","guid":{"rendered":"https:\/\/www.ab2pro.com\/?post_type=agence&#038;p=48679"},"modified":"2025-07-25T09:37:41","modified_gmt":"2025-07-25T07:37:41","slug":"ab2pro-agencia-de-paris","status":"publish","type":"agence","link":"https:\/\/www.ab2pro.com\/pt-pt\/agences\/ab2pro-agencia-de-paris\/","title":{"rendered":"AB2PRO Ag\u00eancia de Paris"},"content":{"rendered":"<p data-pm-slice=\"0 0 []\"><strong>Bienvenido a nuestra agencia de contrataci\u00f3n de Par\u00eds<\/strong>, donde ponemos nuestra experiencia y compromiso al servicio del talento y de las empresas. En el coraz\u00f3n de la capital, nuestro equipo le proporcionar\u00e1 apoyo profesional para satisfacer sus necesidades de contrataci\u00f3n y ofrecerle las oportunidades adecuadas. <\/p>\n<p>Al frente de la sucursal, <strong>Ioana<\/strong>, Directora de Sucursal, vela por el buen funcionamiento de todas las operaciones. Gracias a su experiencia y rigor, garantiza una gesti\u00f3n eficaz y un seguimiento de calidad para asegurar la satisfacci\u00f3n de nuestros socios y candidatos. <\/p>\n<p><strong>Junto a ellos, nuestro equipo<\/strong> garantiza la coordinaci\u00f3n y el buen funcionamiento de los procesos internos, facilitando la gesti\u00f3n de las misiones y el seguimiento de los empleados. Tambi\u00e9n desempe\u00f1an un papel clave en la selecci\u00f3n de talentos: gracias a su experiencia y capacidad de escucha, identifican los perfiles que mejor se adaptan a las necesidades de las empresas y acompa\u00f1an a los candidatos a lo largo de su carrera. <\/p>\n<p>Situada en Par\u00eds, nuestra agencia goza de una ubicaci\u00f3n estrat\u00e9gica en el centro de una oferta de empleo din\u00e1mica y diversificada. La Ciudad de la Luz, con su atractiva econom\u00eda y su floreciente red de empresas, ofrece innumerables oportunidades a las personas con talento que buscan nuevas experiencias profesionales. <\/p>\n<p>Tanto si es una empresa que busca perfiles cualificados como si es un candidato en busca de un puesto, <strong>Ioana y su equipo<\/strong> est\u00e1n aqu\u00ed para apoyarle con seriedad y compromiso.<\/p>\n<p><strong>Junte-se a n\u00f3s hoje <\/strong>e construa o seu futuro profissional com a AB2PRO Paris!<\/p>","protected":false},"excerpt":{"rendered":"<p>Bienvenido a nuestra agencia de contrataci\u00f3n de Par\u00eds, donde ponemos nuestra experiencia y compromiso al servicio del talento y de [&hellip;]<\/p>\n","protected":false},"author":1,"featured_media":0,"template":"","meta":{"_acf_changed":false,"footnotes":""},"class_list":["post-48679","agence","type-agence","status-publish","hentry"],"acf":[],"yoast_head":"<!-- This site is optimized with the Yoast SEO plugin v26.8 - https:\/\/yoast.com\/product\/yoast-seo-wordpress\/ -->\n<title>AB2PRO Ag\u00eancia de Paris - AB2PRO<\/title>\n<meta name=\"robots\" content=\"index, follow, max-snippet:-1, max-image-preview:large, max-video-preview:-1\" \/>\n<link rel=\"canonical\" href=\"https:\/\/www.ab2pro.com\/pt-pt\/agences\/ab2pro-agencia-de-paris\/\" \/>\n<meta property=\"og:locale\" content=\"pt_PT\" \/>\n<meta property=\"og:type\" content=\"article\" \/>\n<meta property=\"og:title\" content=\"AB2PRO Ag\u00eancia de Paris - AB2PRO\" \/>\n<meta property=\"og:description\" content=\"Bienvenido a nuestra agencia de contrataci\u00f3n de Par\u00eds, donde ponemos nuestra experiencia y compromiso al servicio del talento y de [&hellip;]\" \/>\n<meta property=\"og:url\" content=\"https:\/\/www.ab2pro.com\/pt-pt\/agences\/ab2pro-agencia-de-paris\/\" \/>\n<meta property=\"og:site_name\" content=\"AB2PRO\" \/>\n<meta property=\"article:modified_time\" content=\"2025-07-25T07:37:41+00:00\" \/>\n<meta property=\"og:image\" content=\"https:\/\/www.ab2pro.com\/wp-content\/uploads\/2020\/11\/fond-home.jpg\" \/>\n\t<meta property=\"og:image:width\" content=\"1920\" \/>\n\t<meta property=\"og:image:height\" content=\"600\" \/>\n\t<meta property=\"og:image:type\" content=\"image\/jpeg\" \/>\n<meta name=\"twitter:card\" content=\"summary_large_image\" \/>\n<meta name=\"twitter:label1\" content=\"Tempo estimado de leitura\" \/>\n\t<meta name=\"twitter:data1\" content=\"3 minutos\" \/>\n<script type=\"application\/ld+json\" class=\"yoast-schema-graph\">{\"@context\":\"https:\/\/schema.org\",\"@graph\":[{\"@type\":\"WebPage\",\"@id\":\"https:\/\/www.ab2pro.com\/pt-pt\/agences\/ab2pro-agencia-de-paris\/\",\"url\":\"https:\/\/www.ab2pro.com\/pt-pt\/agences\/ab2pro-agencia-de-paris\/\",\"name\":\"AB2PRO Ag\u00eancia de Paris - AB2PRO\",\"isPartOf\":{\"@id\":\"https:\/\/www.ab2pro.com\/pt-pt\/#website\"},\"datePublished\":\"2023-11-07T11:02:10+00:00\",\"dateModified\":\"2025-07-25T07:37:41+00:00\",\"breadcrumb\":{\"@id\":\"https:\/\/www.ab2pro.com\/pt-pt\/agences\/ab2pro-agencia-de-paris\/#breadcrumb\"},\"inLanguage\":\"pt-PT\",\"potentialAction\":[{\"@type\":\"ReadAction\",\"target\":[\"https:\/\/www.ab2pro.com\/pt-pt\/agences\/ab2pro-agencia-de-paris\/\"]}]},{\"@type\":\"BreadcrumbList\",\"@id\":\"https:\/\/www.ab2pro.com\/pt-pt\/agences\/ab2pro-agencia-de-paris\/#breadcrumb\",\"itemListElement\":[{\"@type\":\"ListItem\",\"position\":1,\"name\":\"Accueil\",\"item\":\"https:\/\/www.ab2pro.com\/pt-pt\/\"},{\"@type\":\"ListItem\",\"position\":2,\"name\":\"Agences\",\"item\":\"https:\/\/www.ab2pro.com\/pt-pt\/agences\/\"},{\"@type\":\"ListItem\",\"position\":3,\"name\":\"AB2PRO Ag\u00eancia de Paris\"}]},{\"@type\":\"WebSite\",\"@id\":\"https:\/\/www.ab2pro.com\/pt-pt\/#website\",\"url\":\"https:\/\/www.ab2pro.com\/pt-pt\/\",\"name\":\"AB2PRO\",\"description\":\"Agence d&#039;emploi sp\u00e9cialis\u00e9e dans le recrutement de travailleurs europ\u00e9ens\",\"publisher\":{\"@id\":\"https:\/\/www.ab2pro.com\/pt-pt\/#organization\"},\"potentialAction\":[{\"@type\":\"SearchAction\",\"target\":{\"@type\":\"EntryPoint\",\"urlTemplate\":\"https:\/\/www.ab2pro.com\/pt-pt\/?s={search_term_string}\"},\"query-input\":{\"@type\":\"PropertyValueSpecification\",\"valueRequired\":true,\"valueName\":\"search_term_string\"}}],\"inLanguage\":\"pt-PT\"},{\"@type\":\"Organization\",\"@id\":\"https:\/\/www.ab2pro.com\/pt-pt\/#organization\",\"name\":\"AB2PRO\",\"url\":\"https:\/\/www.ab2pro.com\/pt-pt\/\",\"logo\":{\"@type\":\"ImageObject\",\"inLanguage\":\"pt-PT\",\"@id\":\"https:\/\/www.ab2pro.com\/pt-pt\/#\/schema\/logo\/image\/\",\"url\":\"https:\/\/www.ab2pro.com\/wp-content\/uploads\/2020\/11\/logo-profil.png\",\"contentUrl\":\"https:\/\/www.ab2pro.com\/wp-content\/uploads\/2020\/11\/logo-profil.png\",\"width\":230,\"height\":47,\"caption\":\"AB2PRO\"},\"image\":{\"@id\":\"https:\/\/www.ab2pro.com\/pt-pt\/#\/schema\/logo\/image\/\"}}]}<\/script>\n<!-- \/ Yoast SEO plugin. -->","yoast_head_json":{"title":"AB2PRO Ag\u00eancia de Paris - AB2PRO","robots":{"index":"index","follow":"follow","max-snippet":"max-snippet:-1","max-image-preview":"max-image-preview:large","max-video-preview":"max-video-preview:-1"},"canonical":"https:\/\/www.ab2pro.com\/pt-pt\/agences\/ab2pro-agencia-de-paris\/","og_locale":"pt_PT","og_type":"article","og_title":"AB2PRO Ag\u00eancia de Paris - AB2PRO","og_description":"Bienvenido a nuestra agencia de contrataci\u00f3n de Par\u00eds, donde ponemos nuestra experiencia y compromiso al servicio del talento y de [&hellip;]","og_url":"https:\/\/www.ab2pro.com\/pt-pt\/agences\/ab2pro-agencia-de-paris\/","og_site_name":"AB2PRO","article_modified_time":"2025-07-25T07:37:41+00:00","og_image":[{"width":1920,"height":600,"url":"https:\/\/www.ab2pro.com\/wp-content\/uploads\/2020\/11\/fond-home.jpg","type":"image\/jpeg"}],"twitter_card":"summary_large_image","twitter_misc":{"Tempo estimado de leitura":"3 minutos"},"schema":{"@context":"https:\/\/schema.org","@graph":[{"@type":"WebPage","@id":"https:\/\/www.ab2pro.com\/pt-pt\/agences\/ab2pro-agencia-de-paris\/","url":"https:\/\/www.ab2pro.com\/pt-pt\/agences\/ab2pro-agencia-de-paris\/","name":"AB2PRO Ag\u00eancia de Paris - AB2PRO","isPartOf":{"@id":"https:\/\/www.ab2pro.com\/pt-pt\/#website"},"datePublished":"2023-11-07T11:02:10+00:00","dateModified":"2025-07-25T07:37:41+00:00","breadcrumb":{"@id":"https:\/\/www.ab2pro.com\/pt-pt\/agences\/ab2pro-agencia-de-paris\/#breadcrumb"},"inLanguage":"pt-PT","potentialAction":[{"@type":"ReadAction","target":["https:\/\/www.ab2pro.com\/pt-pt\/agences\/ab2pro-agencia-de-paris\/"]}]},{"@type":"BreadcrumbList","@id":"https:\/\/www.ab2pro.com\/pt-pt\/agences\/ab2pro-agencia-de-paris\/#breadcrumb","itemListElement":[{"@type":"ListItem","position":1,"name":"Accueil","item":"https:\/\/www.ab2pro.com\/pt-pt\/"},{"@type":"ListItem","position":2,"name":"Agences","item":"https:\/\/www.ab2pro.com\/pt-pt\/agences\/"},{"@type":"ListItem","position":3,"name":"AB2PRO Ag\u00eancia de Paris"}]},{"@type":"WebSite","@id":"https:\/\/www.ab2pro.com\/pt-pt\/#website","url":"https:\/\/www.ab2pro.com\/pt-pt\/","name":"AB2PRO","description":"Agence d&#039;emploi sp\u00e9cialis\u00e9e dans le recrutement de travailleurs europ\u00e9ens","publisher":{"@id":"https:\/\/www.ab2pro.com\/pt-pt\/#organization"},"potentialAction":[{"@type":"SearchAction","target":{"@type":"EntryPoint","urlTemplate":"https:\/\/www.ab2pro.com\/pt-pt\/?s={search_term_string}"},"query-input":{"@type":"PropertyValueSpecification","valueRequired":true,"valueName":"search_term_string"}}],"inLanguage":"pt-PT"},{"@type":"Organization","@id":"https:\/\/www.ab2pro.com\/pt-pt\/#organization","name":"AB2PRO","url":"https:\/\/www.ab2pro.com\/pt-pt\/","logo":{"@type":"ImageObject","inLanguage":"pt-PT","@id":"https:\/\/www.ab2pro.com\/pt-pt\/#\/schema\/logo\/image\/","url":"https:\/\/www.ab2pro.com\/wp-content\/uploads\/2020\/11\/logo-profil.png","contentUrl":"https:\/\/www.ab2pro.com\/wp-content\/uploads\/2020\/11\/logo-profil.png","width":230,"height":47,"caption":"AB2PRO"},"image":{"@id":"https:\/\/www.ab2pro.com\/pt-pt\/#\/schema\/logo\/image\/"}}]}},"_links":{"self":[{"href":"https:\/\/www.ab2pro.com\/pt-pt\/wp-json\/wp\/v2\/agence\/48679","targetHints":{"allow":["GET"]}}],"collection":[{"href":"https:\/\/www.ab2pro.com\/pt-pt\/wp-json\/wp\/v2\/agence"}],"about":[{"href":"https:\/\/www.ab2pro.com\/pt-pt\/wp-json\/wp\/v2\/types\/agence"}],"author":[{"embeddable":true,"href":"https:\/\/www.ab2pro.com\/pt-pt\/wp-json\/wp\/v2\/users\/1"}],"version-history":[{"count":0,"href":"https:\/\/www.ab2pro.com\/pt-pt\/wp-json\/wp\/v2\/agence\/48679\/revisions"}],"wp:attachment":[{"href":"https:\/\/www.ab2pro.com\/pt-pt\/wp-json\/wp\/v2\/media?parent=48679"}],"curies":[{"name":"wp","href":"https:\/\/api.w.org\/{rel}","templated":true}]}}

AB2PRO Agência de Paris

<p data-pm-slice="0 0 []"><strong>Bienvenido a nuestra agencia de contratación de París</strong>, donde ponemos nuestra experiencia y compromiso al servicio del talento y de las empresas. En el corazón de la capital, nuestro equipo le proporcionará apoyo profesional para satisfacer sus necesidades de contratación y ofrecerle las oportunidades adecuadas. </p>
<p>Al frente de la sucursal, <strong>Ioana</strong>, Directora de Sucursal, vela por el buen funcionamiento de todas las operaciones. Gracias a su experiencia y rigor, garantiza una gestión eficaz y un seguimiento de calidad para asegurar la satisfacción de nuestros socios y candidatos. </p>
<p><strong>Junto a ellos, nuestro equipo</strong> garantiza la coordinación y el buen funcionamiento de los procesos internos, facilitando la gestión de las misiones y el seguimiento de los empleados. También desempeñan un papel clave en la selección de talentos: gracias a su experiencia y capacidad de escucha, identifican los perfiles que mejor se adaptan a las necesidades de las empresas y acompañan a los candidatos a lo largo de su carrera. </p>
<p>Situada en París, nuestra agencia goza de una ubicación estratégica en el centro de una oferta de empleo dinámica y diversificada. La Ciudad de la Luz, con su atractiva economía y su floreciente red de empresas, ofrece innumerables oportunidades a las personas con talento que buscan nuevas experiencias profesionales. </p>
<p>Tanto si es una empresa que busca perfiles cualificados como si es un candidato en busca de un puesto, <strong>Ioana y su equipo</strong> están aquí para apoyarle con seriedad y compromiso.</p>
<p><strong>Junte-se a nós hoje </strong>e construa o seu futuro profissional com a AB2PRO Paris!</p>

<p>Bienvenido a nuestra agencia de contratación de París, donde ponemos nuestra experiencia y compromiso al servicio del talento y de [&hellip;]</p>

<!-- This site is optimized with the Yoast SEO plugin v26.8 - https://yoast.com/product/yoast-seo-wordpress/ -->
<title>AB2PRO Agência de Paris - AB2PRO</title>
<meta name="robots" content="index, follow, max-snippet:-1, max-image-preview:large, max-video-preview:-1" />
<link rel="canonical" href="https://www.ab2pro.com/pt-pt/agences/ab2pro-agencia-de-paris/" />
<meta property="og:locale" content="pt_PT" />
<meta property="og:type" content="article" />
<meta property="og:title" content="AB2PRO Agência de Paris - AB2PRO" />
<meta property="og:description" content="Bienvenido a nuestra agencia de contratación de París, donde ponemos nuestra experiencia y compromiso al servicio del talento y de [&hellip;]" />
<meta property="og:url" content="https://www.ab2pro.com/pt-pt/agences/ab2pro-agencia-de-paris/" />
<meta property="og:site_name" content="AB2PRO" />
<meta property="article:modified_time" content="2025-07-25T07:37:41+00:00" />
<meta property="og:image" content="https://www.ab2pro.com/wp-content/uploads/2020/11/fond-home.jpg" />
	<meta property="og:image:width" content="1920" />
	<meta property="og:image:height" content="600" />
	<meta property="og:image:type" content="image/jpeg" />
<meta name="twitter:card" content="summary_large_image" />
<meta name="twitter:label1" content="Tempo estimado de leitura" />
	<meta name="twitter:data1" content="3 minutos" />
<script type="application/ld+json" class="yoast-schema-graph">{"@context":"https://schema.org","@graph":[{"@type":"WebPage","@id":"https://www.ab2pro.com/pt-pt/agences/ab2pro-agencia-de-paris/","url":"https://www.ab2pro.com/pt-pt/agences/ab2pro-agencia-de-paris/","name":"AB2PRO Agência de Paris - AB2PRO","isPartOf":{"@id":"https://www.ab2pro.com/pt-pt/#website"},"datePublished":"2023-11-07T11:02:10+00:00","dateModified":"2025-07-25T07:37:41+00:00","breadcrumb":{"@id":"https://www.ab2pro.com/pt-pt/agences/ab2pro-agencia-de-paris/#breadcrumb"},"inLanguage":"pt-PT","potentialAction":[{"@type":"ReadAction","target":["https://www.ab2pro.com/pt-pt/agences/ab2pro-agencia-de-paris/"]}]},{"@type":"BreadcrumbList","@id":"https://www.ab2pro.com/pt-pt/agences/ab2pro-agencia-de-paris/#breadcrumb","itemListElement":[{"@type":"ListItem","position":1,"name":"Accueil","item":"https://www.ab2pro.com/pt-pt/"},{"@type":"ListItem","position":2,"name":"Agences","item":"https://www.ab2pro.com/pt-pt/agences/"},{"@type":"ListItem","position":3,"name":"AB2PRO Agência de Paris"}]},{"@type":"WebSite","@id":"https://www.ab2pro.com/pt-pt/#website","url":"https://www.ab2pro.com/pt-pt/","name":"AB2PRO","description":"Agence d&#039;emploi spécialisée dans le recrutement de travailleurs européens","publisher":{"@id":"https://www.ab2pro.com/pt-pt/#organization"},"potentialAction":[{"@type":"SearchAction","target":{"@type":"EntryPoint","urlTemplate":"https://www.ab2pro.com/pt-pt/?s={search_term_string}"},"query-input":{"@type":"PropertyValueSpecification","valueRequired":true,"valueName":"search_term_string"}}],"inLanguage":"pt-PT"},{"@type":"Organization","@id":"https://www.ab2pro.com/pt-pt/#organization","name":"AB2PRO","url":"https://www.ab2pro.com/pt-pt/","logo":{"@type":"ImageObject","inLanguage":"pt-PT","@id":"https://www.ab2pro.com/pt-pt/#/schema/logo/image/","url":"https://www.ab2pro.com/wp-content/uploads/2020/11/logo-profil.png","contentUrl":"https://www.ab2pro.com/wp-content/uploads/2020/11/logo-profil.png","width":230,"height":47,"caption":"AB2PRO"},"image":{"@id":"https://www.ab2pro.com/pt-pt/#/schema/logo/image/"}}]}</script>
<!-- / Yoast SEO plugin. -->

AB2PRO Agência de Paris - AB2PRO

Bienvenido a nuestra agencia de contratación de París, donde ponemos nuestra experiencia y compromiso al servicio del talento y de [&hellip;]

Agence d&#039;emploi spécialisée dans le recrutement de travailleurs européens
