
{"id":48694,"date":"2023-11-07T12:12:21","date_gmt":"2023-11-07T11:12:21","guid":{"rendered":"https:\/\/www.ab2pro.com\/?post_type=agence&#038;p=48694"},"modified":"2025-07-25T09:42:00","modified_gmt":"2025-07-25T07:42:00","slug":"ab2pro-agencia-nantes","status":"publish","type":"agence","link":"https:\/\/www.ab2pro.com\/pt-pt\/agences\/ab2pro-agencia-nantes\/","title":{"rendered":"AB2PRO Ag\u00eancia Nantes"},"content":{"rendered":"<p data-pm-slice=\"0 0 []\"><strong>Situada en el coraz\u00f3n de la regi\u00f3n de Pays de la Loire<\/strong>, nuestra sucursal de Nantes es un punto de anclaje para el talento y las empresas que buscan oportunidades de trabajo temporal. Con su diversidad paisaj\u00edstica, que incluye la costa atl\u00e1ntica, los castillos del Loira y una econom\u00eda din\u00e1mica, la regi\u00f3n ofrece un entorno de vida y trabajo excepcional. <\/p>\n<p>Al frente de la agencia, <strong>J\u00e9r\u00f4me<\/strong>, Western Operations Manager, dirige la actividad con pericia y compromiso. <strong>Junto a \u00e9l, nuestro equipo<\/strong> se encarga de desarrollar las relaciones con nuestros socios, responder r\u00e1pidamente a las necesidades de las empresas, coordinar las misiones sobre el terreno y garantizar un seguimiento riguroso.<\/p>\n<p><strong>Nuestro equipo de responsables de contrataci\u00f3n<\/strong> desempe\u00f1a un papel clave en la selecci\u00f3n de talentos y el acompa\u00f1amiento de los candidatos a lo largo de su misi\u00f3n. Gracias a su capacidad de escucha, su profesionalidad y su profundo conocimiento del mercado, son capaces de ofrecer las mejores oportunidades en consonancia con las expectativas de las empresas. <\/p>\n<p>Situada en Bouaye, cerca de Nantes y en el coraz\u00f3n de los vi\u00f1edos nanteses, la sucursal de AB2PRO en Nantes goza de una ubicaci\u00f3n estrat\u00e9gica, cerca de las principales carreteras y centros econ\u00f3micos regionales. Su historia est\u00e1 marcada por una fuerte implicaci\u00f3n local y un deseo constante de innovar para ofrecer un mejor apoyo a los empleados y las empresas. <\/p>\n<p>Tanto si busca un encargo como un talento, <strong>J\u00e9r\u00f4me y su equipo <\/strong>le recibir\u00e1n con entusiasmo y profesionalidad.<\/p>\n<p><strong>Venha conhecer-nos, a aventura come\u00e7a aqui com a TEAM AB2PRO Nantes!<\/strong><\/p>","protected":false},"excerpt":{"rendered":"<p>Situada en el coraz\u00f3n de la regi\u00f3n de Pays de la Loire, nuestra sucursal de Nantes es un punto de [&hellip;]<\/p>\n","protected":false},"author":1,"featured_media":0,"template":"","meta":{"_acf_changed":false,"footnotes":""},"class_list":["post-48694","agence","type-agence","status-publish","hentry"],"acf":[],"yoast_head":"<!-- This site is optimized with the Yoast SEO plugin v26.8 - https:\/\/yoast.com\/product\/yoast-seo-wordpress\/ -->\n<title>AB2PRO Ag\u00eancia Nantes - AB2PRO<\/title>\n<meta name=\"robots\" content=\"index, follow, max-snippet:-1, max-image-preview:large, max-video-preview:-1\" \/>\n<link rel=\"canonical\" href=\"https:\/\/www.ab2pro.com\/pt-pt\/agences\/ab2pro-agencia-nantes\/\" \/>\n<meta property=\"og:locale\" content=\"pt_PT\" \/>\n<meta property=\"og:type\" content=\"article\" \/>\n<meta property=\"og:title\" content=\"AB2PRO Ag\u00eancia Nantes - AB2PRO\" \/>\n<meta property=\"og:description\" content=\"Situada en el coraz\u00f3n de la regi\u00f3n de Pays de la Loire, nuestra sucursal de Nantes es un punto de [&hellip;]\" \/>\n<meta property=\"og:url\" content=\"https:\/\/www.ab2pro.com\/pt-pt\/agences\/ab2pro-agencia-nantes\/\" \/>\n<meta property=\"og:site_name\" content=\"AB2PRO\" \/>\n<meta property=\"article:modified_time\" content=\"2025-07-25T07:42:00+00:00\" \/>\n<meta property=\"og:image\" content=\"https:\/\/www.ab2pro.com\/wp-content\/uploads\/2020\/11\/fond-home.jpg\" \/>\n\t<meta property=\"og:image:width\" content=\"1920\" \/>\n\t<meta property=\"og:image:height\" content=\"600\" \/>\n\t<meta property=\"og:image:type\" content=\"image\/jpeg\" \/>\n<meta name=\"twitter:card\" content=\"summary_large_image\" \/>\n<meta name=\"twitter:label1\" content=\"Tempo estimado de leitura\" \/>\n\t<meta name=\"twitter:data1\" content=\"3 minutos\" \/>\n<script type=\"application\/ld+json\" class=\"yoast-schema-graph\">{\"@context\":\"https:\/\/schema.org\",\"@graph\":[{\"@type\":\"WebPage\",\"@id\":\"https:\/\/www.ab2pro.com\/pt-pt\/agences\/ab2pro-agencia-nantes\/\",\"url\":\"https:\/\/www.ab2pro.com\/pt-pt\/agences\/ab2pro-agencia-nantes\/\",\"name\":\"AB2PRO Ag\u00eancia Nantes - AB2PRO\",\"isPartOf\":{\"@id\":\"https:\/\/www.ab2pro.com\/pt-pt\/#website\"},\"datePublished\":\"2023-11-07T11:12:21+00:00\",\"dateModified\":\"2025-07-25T07:42:00+00:00\",\"breadcrumb\":{\"@id\":\"https:\/\/www.ab2pro.com\/pt-pt\/agences\/ab2pro-agencia-nantes\/#breadcrumb\"},\"inLanguage\":\"pt-PT\",\"potentialAction\":[{\"@type\":\"ReadAction\",\"target\":[\"https:\/\/www.ab2pro.com\/pt-pt\/agences\/ab2pro-agencia-nantes\/\"]}]},{\"@type\":\"BreadcrumbList\",\"@id\":\"https:\/\/www.ab2pro.com\/pt-pt\/agences\/ab2pro-agencia-nantes\/#breadcrumb\",\"itemListElement\":[{\"@type\":\"ListItem\",\"position\":1,\"name\":\"Accueil\",\"item\":\"https:\/\/www.ab2pro.com\/pt-pt\/\"},{\"@type\":\"ListItem\",\"position\":2,\"name\":\"Agences\",\"item\":\"https:\/\/www.ab2pro.com\/pt-pt\/agences\/\"},{\"@type\":\"ListItem\",\"position\":3,\"name\":\"AB2PRO Ag\u00eancia Nantes\"}]},{\"@type\":\"WebSite\",\"@id\":\"https:\/\/www.ab2pro.com\/pt-pt\/#website\",\"url\":\"https:\/\/www.ab2pro.com\/pt-pt\/\",\"name\":\"AB2PRO\",\"description\":\"Agence d&#039;emploi sp\u00e9cialis\u00e9e dans le recrutement de travailleurs europ\u00e9ens\",\"publisher\":{\"@id\":\"https:\/\/www.ab2pro.com\/pt-pt\/#organization\"},\"potentialAction\":[{\"@type\":\"SearchAction\",\"target\":{\"@type\":\"EntryPoint\",\"urlTemplate\":\"https:\/\/www.ab2pro.com\/pt-pt\/?s={search_term_string}\"},\"query-input\":{\"@type\":\"PropertyValueSpecification\",\"valueRequired\":true,\"valueName\":\"search_term_string\"}}],\"inLanguage\":\"pt-PT\"},{\"@type\":\"Organization\",\"@id\":\"https:\/\/www.ab2pro.com\/pt-pt\/#organization\",\"name\":\"AB2PRO\",\"url\":\"https:\/\/www.ab2pro.com\/pt-pt\/\",\"logo\":{\"@type\":\"ImageObject\",\"inLanguage\":\"pt-PT\",\"@id\":\"https:\/\/www.ab2pro.com\/pt-pt\/#\/schema\/logo\/image\/\",\"url\":\"https:\/\/www.ab2pro.com\/wp-content\/uploads\/2020\/11\/logo-profil.png\",\"contentUrl\":\"https:\/\/www.ab2pro.com\/wp-content\/uploads\/2020\/11\/logo-profil.png\",\"width\":230,\"height\":47,\"caption\":\"AB2PRO\"},\"image\":{\"@id\":\"https:\/\/www.ab2pro.com\/pt-pt\/#\/schema\/logo\/image\/\"}}]}<\/script>\n<!-- \/ Yoast SEO plugin. -->","yoast_head_json":{"title":"AB2PRO Ag\u00eancia Nantes - AB2PRO","robots":{"index":"index","follow":"follow","max-snippet":"max-snippet:-1","max-image-preview":"max-image-preview:large","max-video-preview":"max-video-preview:-1"},"canonical":"https:\/\/www.ab2pro.com\/pt-pt\/agences\/ab2pro-agencia-nantes\/","og_locale":"pt_PT","og_type":"article","og_title":"AB2PRO Ag\u00eancia Nantes - AB2PRO","og_description":"Situada en el coraz\u00f3n de la regi\u00f3n de Pays de la Loire, nuestra sucursal de Nantes es un punto de [&hellip;]","og_url":"https:\/\/www.ab2pro.com\/pt-pt\/agences\/ab2pro-agencia-nantes\/","og_site_name":"AB2PRO","article_modified_time":"2025-07-25T07:42:00+00:00","og_image":[{"width":1920,"height":600,"url":"https:\/\/www.ab2pro.com\/wp-content\/uploads\/2020\/11\/fond-home.jpg","type":"image\/jpeg"}],"twitter_card":"summary_large_image","twitter_misc":{"Tempo estimado de leitura":"3 minutos"},"schema":{"@context":"https:\/\/schema.org","@graph":[{"@type":"WebPage","@id":"https:\/\/www.ab2pro.com\/pt-pt\/agences\/ab2pro-agencia-nantes\/","url":"https:\/\/www.ab2pro.com\/pt-pt\/agences\/ab2pro-agencia-nantes\/","name":"AB2PRO Ag\u00eancia Nantes - AB2PRO","isPartOf":{"@id":"https:\/\/www.ab2pro.com\/pt-pt\/#website"},"datePublished":"2023-11-07T11:12:21+00:00","dateModified":"2025-07-25T07:42:00+00:00","breadcrumb":{"@id":"https:\/\/www.ab2pro.com\/pt-pt\/agences\/ab2pro-agencia-nantes\/#breadcrumb"},"inLanguage":"pt-PT","potentialAction":[{"@type":"ReadAction","target":["https:\/\/www.ab2pro.com\/pt-pt\/agences\/ab2pro-agencia-nantes\/"]}]},{"@type":"BreadcrumbList","@id":"https:\/\/www.ab2pro.com\/pt-pt\/agences\/ab2pro-agencia-nantes\/#breadcrumb","itemListElement":[{"@type":"ListItem","position":1,"name":"Accueil","item":"https:\/\/www.ab2pro.com\/pt-pt\/"},{"@type":"ListItem","position":2,"name":"Agences","item":"https:\/\/www.ab2pro.com\/pt-pt\/agences\/"},{"@type":"ListItem","position":3,"name":"AB2PRO Ag\u00eancia Nantes"}]},{"@type":"WebSite","@id":"https:\/\/www.ab2pro.com\/pt-pt\/#website","url":"https:\/\/www.ab2pro.com\/pt-pt\/","name":"AB2PRO","description":"Agence d&#039;emploi sp\u00e9cialis\u00e9e dans le recrutement de travailleurs europ\u00e9ens","publisher":{"@id":"https:\/\/www.ab2pro.com\/pt-pt\/#organization"},"potentialAction":[{"@type":"SearchAction","target":{"@type":"EntryPoint","urlTemplate":"https:\/\/www.ab2pro.com\/pt-pt\/?s={search_term_string}"},"query-input":{"@type":"PropertyValueSpecification","valueRequired":true,"valueName":"search_term_string"}}],"inLanguage":"pt-PT"},{"@type":"Organization","@id":"https:\/\/www.ab2pro.com\/pt-pt\/#organization","name":"AB2PRO","url":"https:\/\/www.ab2pro.com\/pt-pt\/","logo":{"@type":"ImageObject","inLanguage":"pt-PT","@id":"https:\/\/www.ab2pro.com\/pt-pt\/#\/schema\/logo\/image\/","url":"https:\/\/www.ab2pro.com\/wp-content\/uploads\/2020\/11\/logo-profil.png","contentUrl":"https:\/\/www.ab2pro.com\/wp-content\/uploads\/2020\/11\/logo-profil.png","width":230,"height":47,"caption":"AB2PRO"},"image":{"@id":"https:\/\/www.ab2pro.com\/pt-pt\/#\/schema\/logo\/image\/"}}]}},"_links":{"self":[{"href":"https:\/\/www.ab2pro.com\/pt-pt\/wp-json\/wp\/v2\/agence\/48694","targetHints":{"allow":["GET"]}}],"collection":[{"href":"https:\/\/www.ab2pro.com\/pt-pt\/wp-json\/wp\/v2\/agence"}],"about":[{"href":"https:\/\/www.ab2pro.com\/pt-pt\/wp-json\/wp\/v2\/types\/agence"}],"author":[{"embeddable":true,"href":"https:\/\/www.ab2pro.com\/pt-pt\/wp-json\/wp\/v2\/users\/1"}],"version-history":[{"count":0,"href":"https:\/\/www.ab2pro.com\/pt-pt\/wp-json\/wp\/v2\/agence\/48694\/revisions"}],"wp:attachment":[{"href":"https:\/\/www.ab2pro.com\/pt-pt\/wp-json\/wp\/v2\/media?parent=48694"}],"curies":[{"name":"wp","href":"https:\/\/api.w.org\/{rel}","templated":true}]}}

AB2PRO Agência Nantes

<p data-pm-slice="0 0 []"><strong>Situada en el corazón de la región de Pays de la Loire</strong>, nuestra sucursal de Nantes es un punto de anclaje para el talento y las empresas que buscan oportunidades de trabajo temporal. Con su diversidad paisajística, que incluye la costa atlántica, los castillos del Loira y una economía dinámica, la región ofrece un entorno de vida y trabajo excepcional. </p>
<p>Al frente de la agencia, <strong>Jérôme</strong>, Western Operations Manager, dirige la actividad con pericia y compromiso. <strong>Junto a él, nuestro equipo</strong> se encarga de desarrollar las relaciones con nuestros socios, responder rápidamente a las necesidades de las empresas, coordinar las misiones sobre el terreno y garantizar un seguimiento riguroso.</p>
<p><strong>Nuestro equipo de responsables de contratación</strong> desempeña un papel clave en la selección de talentos y el acompañamiento de los candidatos a lo largo de su misión. Gracias a su capacidad de escucha, su profesionalidad y su profundo conocimiento del mercado, son capaces de ofrecer las mejores oportunidades en consonancia con las expectativas de las empresas. </p>
<p>Situada en Bouaye, cerca de Nantes y en el corazón de los viñedos nanteses, la sucursal de AB2PRO en Nantes goza de una ubicación estratégica, cerca de las principales carreteras y centros económicos regionales. Su historia está marcada por una fuerte implicación local y un deseo constante de innovar para ofrecer un mejor apoyo a los empleados y las empresas. </p>
<p>Tanto si busca un encargo como un talento, <strong>Jérôme y su equipo </strong>le recibirán con entusiasmo y profesionalidad.</p>
<p><strong>Venha conhecer-nos, a aventura começa aqui com a TEAM AB2PRO Nantes!</strong></p>

<p>Situada en el corazón de la región de Pays de la Loire, nuestra sucursal de Nantes es un punto de [&hellip;]</p>

<!-- This site is optimized with the Yoast SEO plugin v26.8 - https://yoast.com/product/yoast-seo-wordpress/ -->
<title>AB2PRO Agência Nantes - AB2PRO</title>
<meta name="robots" content="index, follow, max-snippet:-1, max-image-preview:large, max-video-preview:-1" />
<link rel="canonical" href="https://www.ab2pro.com/pt-pt/agences/ab2pro-agencia-nantes/" />
<meta property="og:locale" content="pt_PT" />
<meta property="og:type" content="article" />
<meta property="og:title" content="AB2PRO Agência Nantes - AB2PRO" />
<meta property="og:description" content="Situada en el corazón de la región de Pays de la Loire, nuestra sucursal de Nantes es un punto de [&hellip;]" />
<meta property="og:url" content="https://www.ab2pro.com/pt-pt/agences/ab2pro-agencia-nantes/" />
<meta property="og:site_name" content="AB2PRO" />
<meta property="article:modified_time" content="2025-07-25T07:42:00+00:00" />
<meta property="og:image" content="https://www.ab2pro.com/wp-content/uploads/2020/11/fond-home.jpg" />
	<meta property="og:image:width" content="1920" />
	<meta property="og:image:height" content="600" />
	<meta property="og:image:type" content="image/jpeg" />
<meta name="twitter:card" content="summary_large_image" />
<meta name="twitter:label1" content="Tempo estimado de leitura" />
	<meta name="twitter:data1" content="3 minutos" />
<script type="application/ld+json" class="yoast-schema-graph">{"@context":"https://schema.org","@graph":[{"@type":"WebPage","@id":"https://www.ab2pro.com/pt-pt/agences/ab2pro-agencia-nantes/","url":"https://www.ab2pro.com/pt-pt/agences/ab2pro-agencia-nantes/","name":"AB2PRO Agência Nantes - AB2PRO","isPartOf":{"@id":"https://www.ab2pro.com/pt-pt/#website"},"datePublished":"2023-11-07T11:12:21+00:00","dateModified":"2025-07-25T07:42:00+00:00","breadcrumb":{"@id":"https://www.ab2pro.com/pt-pt/agences/ab2pro-agencia-nantes/#breadcrumb"},"inLanguage":"pt-PT","potentialAction":[{"@type":"ReadAction","target":["https://www.ab2pro.com/pt-pt/agences/ab2pro-agencia-nantes/"]}]},{"@type":"BreadcrumbList","@id":"https://www.ab2pro.com/pt-pt/agences/ab2pro-agencia-nantes/#breadcrumb","itemListElement":[{"@type":"ListItem","position":1,"name":"Accueil","item":"https://www.ab2pro.com/pt-pt/"},{"@type":"ListItem","position":2,"name":"Agences","item":"https://www.ab2pro.com/pt-pt/agences/"},{"@type":"ListItem","position":3,"name":"AB2PRO Agência Nantes"}]},{"@type":"WebSite","@id":"https://www.ab2pro.com/pt-pt/#website","url":"https://www.ab2pro.com/pt-pt/","name":"AB2PRO","description":"Agence d&#039;emploi spécialisée dans le recrutement de travailleurs européens","publisher":{"@id":"https://www.ab2pro.com/pt-pt/#organization"},"potentialAction":[{"@type":"SearchAction","target":{"@type":"EntryPoint","urlTemplate":"https://www.ab2pro.com/pt-pt/?s={search_term_string}"},"query-input":{"@type":"PropertyValueSpecification","valueRequired":true,"valueName":"search_term_string"}}],"inLanguage":"pt-PT"},{"@type":"Organization","@id":"https://www.ab2pro.com/pt-pt/#organization","name":"AB2PRO","url":"https://www.ab2pro.com/pt-pt/","logo":{"@type":"ImageObject","inLanguage":"pt-PT","@id":"https://www.ab2pro.com/pt-pt/#/schema/logo/image/","url":"https://www.ab2pro.com/wp-content/uploads/2020/11/logo-profil.png","contentUrl":"https://www.ab2pro.com/wp-content/uploads/2020/11/logo-profil.png","width":230,"height":47,"caption":"AB2PRO"},"image":{"@id":"https://www.ab2pro.com/pt-pt/#/schema/logo/image/"}}]}</script>
<!-- / Yoast SEO plugin. -->

AB2PRO Agência Nantes - AB2PRO

Situada en el corazón de la región de Pays de la Loire, nuestra sucursal de Nantes es un punto de [&hellip;]

Agence d&#039;emploi spécialisée dans le recrutement de travailleurs européens
