
{"id":48721,"date":"2023-11-07T12:26:15","date_gmt":"2023-11-07T11:26:15","guid":{"rendered":"https:\/\/www.ab2pro.com\/?post_type=agence&#038;p=48721"},"modified":"2025-07-25T09:44:54","modified_gmt":"2025-07-25T07:44:54","slug":"ab2pro-agencia-de-lyon","status":"publish","type":"agence","link":"https:\/\/www.ab2pro.com\/pt-pt\/agences\/ab2pro-agencia-de-lyon\/","title":{"rendered":"Ag\u00eancia AB2PRO Lyon"},"content":{"rendered":"<p data-pm-slice=\"0 0 []\"><strong>T\u00fcnde \u00e9 um grande entusiasta e o nosso Diretor de Recrutamento h\u00fangaro \u00e9 uma for\u00e7a da natureza.<\/strong><\/p>\n<p>AB2PRO Lyon es un actor clave de la contrataci\u00f3n en la regi\u00f3n. Bajo la direcci\u00f3n de <strong>Dominique<\/strong>, director de la sucursal, ponemos toda nuestra experiencia al servicio de las empresas y los candidatos para garantizar una contrataci\u00f3n eficaz y adaptada a sus necesidades. <strong>Junto a \u00e9l, nuestro equipo<\/strong> act\u00faa como enlace entre las empresas y el talento, identificando las mejores oportunidades y garantizando un acompa\u00f1amiento a medida. Tambi\u00e9n vela por el buen funcionamiento de la agencia y facilita el seguimiento administrativo para que las misiones se desarrollen sin contratiempos.  <\/p>\n<p><strong>Nuestro equipo de gestores de contrataci\u00f3n <\/strong>desempe\u00f1a un papel esencial en la selecci\u00f3n de talentos. Gracias a su profesionalidad y a su capacidad para comprender las necesidades espec\u00edficas de cada cliente, garantizan un reclutamiento de calidad. Son atentos, reactivos y se comprometen a ofrecer a cada empresa un servicio personalizado y a cada candidato una experiencia gratificante.  <\/p>\n<p>Situada em Cailloux-sur-Fontaines, nos arredores de Lyon, a nossa ag\u00eancia beneficia de uma localiza\u00e7\u00e3o estrat\u00e9gica, perto dos grandes eixos econ\u00f3micos e de transportes. Lyon, capital gastron\u00f3mica e cidade com um patrim\u00f3nio \u00fanico, oferece um ambiente de vida din\u00e2mico e atraente. <\/p>\n<p>Tanto si eres una empresa en busca de talento como si eres un candidato en busca de un puesto, <strong>Dominique y su equipo <\/strong>te apoyar\u00e1n con profesionalidad y compromiso. <strong>P\u00f3ngase en contacto con nosotros hoy<\/strong> mismo y \u00a1construyamos juntos su futuro profesional!<\/p>","protected":false},"excerpt":{"rendered":"<p>T\u00fcnde \u00e9 um grande entusiasta e o nosso Diretor de Recrutamento h\u00fangaro \u00e9 uma for\u00e7a da natureza. AB2PRO Lyon es [&hellip;]<\/p>\n","protected":false},"author":1,"featured_media":0,"template":"","meta":{"_acf_changed":false,"footnotes":""},"class_list":["post-48721","agence","type-agence","status-publish","hentry"],"acf":[],"yoast_head":"<!-- This site is optimized with the Yoast SEO plugin v26.8 - https:\/\/yoast.com\/product\/yoast-seo-wordpress\/ -->\n<title>Ag\u00eancia AB2PRO Lyon - AB2PRO<\/title>\n<meta name=\"robots\" content=\"index, follow, max-snippet:-1, max-image-preview:large, max-video-preview:-1\" \/>\n<link rel=\"canonical\" href=\"https:\/\/www.ab2pro.com\/pt-pt\/agences\/ab2pro-agencia-de-lyon\/\" \/>\n<meta property=\"og:locale\" content=\"pt_PT\" \/>\n<meta property=\"og:type\" content=\"article\" \/>\n<meta property=\"og:title\" content=\"Ag\u00eancia AB2PRO Lyon - AB2PRO\" \/>\n<meta property=\"og:description\" content=\"T\u00fcnde \u00e9 um grande entusiasta e o nosso Diretor de Recrutamento h\u00fangaro \u00e9 uma for\u00e7a da natureza. AB2PRO Lyon es [&hellip;]\" \/>\n<meta property=\"og:url\" content=\"https:\/\/www.ab2pro.com\/pt-pt\/agences\/ab2pro-agencia-de-lyon\/\" \/>\n<meta property=\"og:site_name\" content=\"AB2PRO\" \/>\n<meta property=\"article:modified_time\" content=\"2025-07-25T07:44:54+00:00\" \/>\n<meta property=\"og:image\" content=\"https:\/\/www.ab2pro.com\/wp-content\/uploads\/2020\/11\/fond-home.jpg\" \/>\n\t<meta property=\"og:image:width\" content=\"1920\" \/>\n\t<meta property=\"og:image:height\" content=\"600\" \/>\n\t<meta property=\"og:image:type\" content=\"image\/jpeg\" \/>\n<meta name=\"twitter:card\" content=\"summary_large_image\" \/>\n<meta name=\"twitter:label1\" content=\"Tempo estimado de leitura\" \/>\n\t<meta name=\"twitter:data1\" content=\"2 minutos\" \/>\n<script type=\"application\/ld+json\" class=\"yoast-schema-graph\">{\"@context\":\"https:\/\/schema.org\",\"@graph\":[{\"@type\":\"WebPage\",\"@id\":\"https:\/\/www.ab2pro.com\/pt-pt\/agences\/ab2pro-agencia-de-lyon\/\",\"url\":\"https:\/\/www.ab2pro.com\/pt-pt\/agences\/ab2pro-agencia-de-lyon\/\",\"name\":\"Ag\u00eancia AB2PRO Lyon - AB2PRO\",\"isPartOf\":{\"@id\":\"https:\/\/www.ab2pro.com\/pt-pt\/#website\"},\"datePublished\":\"2023-11-07T11:26:15+00:00\",\"dateModified\":\"2025-07-25T07:44:54+00:00\",\"breadcrumb\":{\"@id\":\"https:\/\/www.ab2pro.com\/pt-pt\/agences\/ab2pro-agencia-de-lyon\/#breadcrumb\"},\"inLanguage\":\"pt-PT\",\"potentialAction\":[{\"@type\":\"ReadAction\",\"target\":[\"https:\/\/www.ab2pro.com\/pt-pt\/agences\/ab2pro-agencia-de-lyon\/\"]}]},{\"@type\":\"BreadcrumbList\",\"@id\":\"https:\/\/www.ab2pro.com\/pt-pt\/agences\/ab2pro-agencia-de-lyon\/#breadcrumb\",\"itemListElement\":[{\"@type\":\"ListItem\",\"position\":1,\"name\":\"Accueil\",\"item\":\"https:\/\/www.ab2pro.com\/pt-pt\/\"},{\"@type\":\"ListItem\",\"position\":2,\"name\":\"Agences\",\"item\":\"https:\/\/www.ab2pro.com\/pt-pt\/agences\/\"},{\"@type\":\"ListItem\",\"position\":3,\"name\":\"Ag\u00eancia AB2PRO Lyon\"}]},{\"@type\":\"WebSite\",\"@id\":\"https:\/\/www.ab2pro.com\/pt-pt\/#website\",\"url\":\"https:\/\/www.ab2pro.com\/pt-pt\/\",\"name\":\"AB2PRO\",\"description\":\"Agence d&#039;emploi sp\u00e9cialis\u00e9e dans le recrutement de travailleurs europ\u00e9ens\",\"publisher\":{\"@id\":\"https:\/\/www.ab2pro.com\/pt-pt\/#organization\"},\"potentialAction\":[{\"@type\":\"SearchAction\",\"target\":{\"@type\":\"EntryPoint\",\"urlTemplate\":\"https:\/\/www.ab2pro.com\/pt-pt\/?s={search_term_string}\"},\"query-input\":{\"@type\":\"PropertyValueSpecification\",\"valueRequired\":true,\"valueName\":\"search_term_string\"}}],\"inLanguage\":\"pt-PT\"},{\"@type\":\"Organization\",\"@id\":\"https:\/\/www.ab2pro.com\/pt-pt\/#organization\",\"name\":\"AB2PRO\",\"url\":\"https:\/\/www.ab2pro.com\/pt-pt\/\",\"logo\":{\"@type\":\"ImageObject\",\"inLanguage\":\"pt-PT\",\"@id\":\"https:\/\/www.ab2pro.com\/pt-pt\/#\/schema\/logo\/image\/\",\"url\":\"https:\/\/www.ab2pro.com\/wp-content\/uploads\/2020\/11\/logo-profil.png\",\"contentUrl\":\"https:\/\/www.ab2pro.com\/wp-content\/uploads\/2020\/11\/logo-profil.png\",\"width\":230,\"height\":47,\"caption\":\"AB2PRO\"},\"image\":{\"@id\":\"https:\/\/www.ab2pro.com\/pt-pt\/#\/schema\/logo\/image\/\"}}]}<\/script>\n<!-- \/ Yoast SEO plugin. -->","yoast_head_json":{"title":"Ag\u00eancia AB2PRO Lyon - AB2PRO","robots":{"index":"index","follow":"follow","max-snippet":"max-snippet:-1","max-image-preview":"max-image-preview:large","max-video-preview":"max-video-preview:-1"},"canonical":"https:\/\/www.ab2pro.com\/pt-pt\/agences\/ab2pro-agencia-de-lyon\/","og_locale":"pt_PT","og_type":"article","og_title":"Ag\u00eancia AB2PRO Lyon - AB2PRO","og_description":"T\u00fcnde \u00e9 um grande entusiasta e o nosso Diretor de Recrutamento h\u00fangaro \u00e9 uma for\u00e7a da natureza. AB2PRO Lyon es [&hellip;]","og_url":"https:\/\/www.ab2pro.com\/pt-pt\/agences\/ab2pro-agencia-de-lyon\/","og_site_name":"AB2PRO","article_modified_time":"2025-07-25T07:44:54+00:00","og_image":[{"width":1920,"height":600,"url":"https:\/\/www.ab2pro.com\/wp-content\/uploads\/2020\/11\/fond-home.jpg","type":"image\/jpeg"}],"twitter_card":"summary_large_image","twitter_misc":{"Tempo estimado de leitura":"2 minutos"},"schema":{"@context":"https:\/\/schema.org","@graph":[{"@type":"WebPage","@id":"https:\/\/www.ab2pro.com\/pt-pt\/agences\/ab2pro-agencia-de-lyon\/","url":"https:\/\/www.ab2pro.com\/pt-pt\/agences\/ab2pro-agencia-de-lyon\/","name":"Ag\u00eancia AB2PRO Lyon - AB2PRO","isPartOf":{"@id":"https:\/\/www.ab2pro.com\/pt-pt\/#website"},"datePublished":"2023-11-07T11:26:15+00:00","dateModified":"2025-07-25T07:44:54+00:00","breadcrumb":{"@id":"https:\/\/www.ab2pro.com\/pt-pt\/agences\/ab2pro-agencia-de-lyon\/#breadcrumb"},"inLanguage":"pt-PT","potentialAction":[{"@type":"ReadAction","target":["https:\/\/www.ab2pro.com\/pt-pt\/agences\/ab2pro-agencia-de-lyon\/"]}]},{"@type":"BreadcrumbList","@id":"https:\/\/www.ab2pro.com\/pt-pt\/agences\/ab2pro-agencia-de-lyon\/#breadcrumb","itemListElement":[{"@type":"ListItem","position":1,"name":"Accueil","item":"https:\/\/www.ab2pro.com\/pt-pt\/"},{"@type":"ListItem","position":2,"name":"Agences","item":"https:\/\/www.ab2pro.com\/pt-pt\/agences\/"},{"@type":"ListItem","position":3,"name":"Ag\u00eancia AB2PRO Lyon"}]},{"@type":"WebSite","@id":"https:\/\/www.ab2pro.com\/pt-pt\/#website","url":"https:\/\/www.ab2pro.com\/pt-pt\/","name":"AB2PRO","description":"Agence d&#039;emploi sp\u00e9cialis\u00e9e dans le recrutement de travailleurs europ\u00e9ens","publisher":{"@id":"https:\/\/www.ab2pro.com\/pt-pt\/#organization"},"potentialAction":[{"@type":"SearchAction","target":{"@type":"EntryPoint","urlTemplate":"https:\/\/www.ab2pro.com\/pt-pt\/?s={search_term_string}"},"query-input":{"@type":"PropertyValueSpecification","valueRequired":true,"valueName":"search_term_string"}}],"inLanguage":"pt-PT"},{"@type":"Organization","@id":"https:\/\/www.ab2pro.com\/pt-pt\/#organization","name":"AB2PRO","url":"https:\/\/www.ab2pro.com\/pt-pt\/","logo":{"@type":"ImageObject","inLanguage":"pt-PT","@id":"https:\/\/www.ab2pro.com\/pt-pt\/#\/schema\/logo\/image\/","url":"https:\/\/www.ab2pro.com\/wp-content\/uploads\/2020\/11\/logo-profil.png","contentUrl":"https:\/\/www.ab2pro.com\/wp-content\/uploads\/2020\/11\/logo-profil.png","width":230,"height":47,"caption":"AB2PRO"},"image":{"@id":"https:\/\/www.ab2pro.com\/pt-pt\/#\/schema\/logo\/image\/"}}]}},"_links":{"self":[{"href":"https:\/\/www.ab2pro.com\/pt-pt\/wp-json\/wp\/v2\/agence\/48721","targetHints":{"allow":["GET"]}}],"collection":[{"href":"https:\/\/www.ab2pro.com\/pt-pt\/wp-json\/wp\/v2\/agence"}],"about":[{"href":"https:\/\/www.ab2pro.com\/pt-pt\/wp-json\/wp\/v2\/types\/agence"}],"author":[{"embeddable":true,"href":"https:\/\/www.ab2pro.com\/pt-pt\/wp-json\/wp\/v2\/users\/1"}],"version-history":[{"count":0,"href":"https:\/\/www.ab2pro.com\/pt-pt\/wp-json\/wp\/v2\/agence\/48721\/revisions"}],"wp:attachment":[{"href":"https:\/\/www.ab2pro.com\/pt-pt\/wp-json\/wp\/v2\/media?parent=48721"}],"curies":[{"name":"wp","href":"https:\/\/api.w.org\/{rel}","templated":true}]}}

Agência AB2PRO Lyon

<p data-pm-slice="0 0 []"><strong>Tünde é um grande entusiasta e o nosso Diretor de Recrutamento húngaro é uma força da natureza.</strong></p>
<p>AB2PRO Lyon es un actor clave de la contratación en la región. Bajo la dirección de <strong>Dominique</strong>, director de la sucursal, ponemos toda nuestra experiencia al servicio de las empresas y los candidatos para garantizar una contratación eficaz y adaptada a sus necesidades. <strong>Junto a él, nuestro equipo</strong> actúa como enlace entre las empresas y el talento, identificando las mejores oportunidades y garantizando un acompañamiento a medida. También vela por el buen funcionamiento de la agencia y facilita el seguimiento administrativo para que las misiones se desarrollen sin contratiempos.  </p>
<p><strong>Nuestro equipo de gestores de contratación </strong>desempeña un papel esencial en la selección de talentos. Gracias a su profesionalidad y a su capacidad para comprender las necesidades específicas de cada cliente, garantizan un reclutamiento de calidad. Son atentos, reactivos y se comprometen a ofrecer a cada empresa un servicio personalizado y a cada candidato una experiencia gratificante.  </p>
<p>Situada em Cailloux-sur-Fontaines, nos arredores de Lyon, a nossa agência beneficia de uma localização estratégica, perto dos grandes eixos económicos e de transportes. Lyon, capital gastronómica e cidade com um património único, oferece um ambiente de vida dinâmico e atraente. </p>
<p>Tanto si eres una empresa en busca de talento como si eres un candidato en busca de un puesto, <strong>Dominique y su equipo </strong>te apoyarán con profesionalidad y compromiso. <strong>Póngase en contacto con nosotros hoy</strong> mismo y ¡construyamos juntos su futuro profesional!</p>

<p>Tünde é um grande entusiasta e o nosso Diretor de Recrutamento húngaro é uma força da natureza. AB2PRO Lyon es [&hellip;]</p>

<!-- This site is optimized with the Yoast SEO plugin v26.8 - https://yoast.com/product/yoast-seo-wordpress/ -->
<title>Agência AB2PRO Lyon - AB2PRO</title>
<meta name="robots" content="index, follow, max-snippet:-1, max-image-preview:large, max-video-preview:-1" />
<link rel="canonical" href="https://www.ab2pro.com/pt-pt/agences/ab2pro-agencia-de-lyon/" />
<meta property="og:locale" content="pt_PT" />
<meta property="og:type" content="article" />
<meta property="og:title" content="Agência AB2PRO Lyon - AB2PRO" />
<meta property="og:description" content="Tünde é um grande entusiasta e o nosso Diretor de Recrutamento húngaro é uma força da natureza. AB2PRO Lyon es [&hellip;]" />
<meta property="og:url" content="https://www.ab2pro.com/pt-pt/agences/ab2pro-agencia-de-lyon/" />
<meta property="og:site_name" content="AB2PRO" />
<meta property="article:modified_time" content="2025-07-25T07:44:54+00:00" />
<meta property="og:image" content="https://www.ab2pro.com/wp-content/uploads/2020/11/fond-home.jpg" />
	<meta property="og:image:width" content="1920" />
	<meta property="og:image:height" content="600" />
	<meta property="og:image:type" content="image/jpeg" />
<meta name="twitter:card" content="summary_large_image" />
<meta name="twitter:label1" content="Tempo estimado de leitura" />
	<meta name="twitter:data1" content="2 minutos" />
<script type="application/ld+json" class="yoast-schema-graph">{"@context":"https://schema.org","@graph":[{"@type":"WebPage","@id":"https://www.ab2pro.com/pt-pt/agences/ab2pro-agencia-de-lyon/","url":"https://www.ab2pro.com/pt-pt/agences/ab2pro-agencia-de-lyon/","name":"Agência AB2PRO Lyon - AB2PRO","isPartOf":{"@id":"https://www.ab2pro.com/pt-pt/#website"},"datePublished":"2023-11-07T11:26:15+00:00","dateModified":"2025-07-25T07:44:54+00:00","breadcrumb":{"@id":"https://www.ab2pro.com/pt-pt/agences/ab2pro-agencia-de-lyon/#breadcrumb"},"inLanguage":"pt-PT","potentialAction":[{"@type":"ReadAction","target":["https://www.ab2pro.com/pt-pt/agences/ab2pro-agencia-de-lyon/"]}]},{"@type":"BreadcrumbList","@id":"https://www.ab2pro.com/pt-pt/agences/ab2pro-agencia-de-lyon/#breadcrumb","itemListElement":[{"@type":"ListItem","position":1,"name":"Accueil","item":"https://www.ab2pro.com/pt-pt/"},{"@type":"ListItem","position":2,"name":"Agences","item":"https://www.ab2pro.com/pt-pt/agences/"},{"@type":"ListItem","position":3,"name":"Agência AB2PRO Lyon"}]},{"@type":"WebSite","@id":"https://www.ab2pro.com/pt-pt/#website","url":"https://www.ab2pro.com/pt-pt/","name":"AB2PRO","description":"Agence d&#039;emploi spécialisée dans le recrutement de travailleurs européens","publisher":{"@id":"https://www.ab2pro.com/pt-pt/#organization"},"potentialAction":[{"@type":"SearchAction","target":{"@type":"EntryPoint","urlTemplate":"https://www.ab2pro.com/pt-pt/?s={search_term_string}"},"query-input":{"@type":"PropertyValueSpecification","valueRequired":true,"valueName":"search_term_string"}}],"inLanguage":"pt-PT"},{"@type":"Organization","@id":"https://www.ab2pro.com/pt-pt/#organization","name":"AB2PRO","url":"https://www.ab2pro.com/pt-pt/","logo":{"@type":"ImageObject","inLanguage":"pt-PT","@id":"https://www.ab2pro.com/pt-pt/#/schema/logo/image/","url":"https://www.ab2pro.com/wp-content/uploads/2020/11/logo-profil.png","contentUrl":"https://www.ab2pro.com/wp-content/uploads/2020/11/logo-profil.png","width":230,"height":47,"caption":"AB2PRO"},"image":{"@id":"https://www.ab2pro.com/pt-pt/#/schema/logo/image/"}}]}</script>
<!-- / Yoast SEO plugin. -->

Agência AB2PRO Lyon - AB2PRO

Tünde é um grande entusiasta e o nosso Diretor de Recrutamento húngaro é uma força da natureza. AB2PRO Lyon es [&hellip;]

Agence d&#039;emploi spécialisée dans le recrutement de travailleurs européens
