
{"id":48751,"date":"2023-11-07T12:53:45","date_gmt":"2023-11-07T11:53:45","guid":{"rendered":"https:\/\/www.ab2pro.com\/?post_type=agence&#038;p=48751"},"modified":"2025-07-25T09:56:47","modified_gmt":"2025-07-25T07:56:47","slug":"agence-ab2pro-csikszereda","status":"publish","type":"agence","link":"https:\/\/www.ab2pro.com\/pt-pt\/agences\/agence-ab2pro-csikszereda\/","title":{"rendered":"Agence AB2PRO Cs\u00edkszereda"},"content":{"rendered":"<p data-pm-slice=\"0 0 []\"><strong>Devido ao crescente interesse na Transilv\u00e2nia, o nosso escrit\u00f3rio abriu em Cs\u00edkszereda em 2019<\/strong>. Desde ent\u00e3o, a <strong>nossa equipa local tem<\/strong> acolhido candidatos com um bom dom\u00ednio da l\u00edngua h\u00fangara de uma forma profissional e amig\u00e1vel. Gra\u00e7as \u00e0 experi\u00eancia que adquiriram nas nossas instala\u00e7\u00f5es, a <strong>nossa equipa local<\/strong> pode fornecer um verdadeiro apoio para ajudar os novos funcion\u00e1rios a iniciarem-se na AB2PRO. <\/p>\n<p><strong>Cs\u00edkszereda <\/strong>\u00e9 o lar de in\u00fameros monumentos hist\u00f3ricos, maravilhas naturais e carater\u00edsticas etnogr\u00e1ficas. Uma prefeitura do condado de Harghita, a cidade &#8211; anteriormente conhecida como Csiksz\u00e9k &#8211; manteve durante muito tempo o seu car\u00e1cter de cidade pequena. Hoje, recebe os visitantes com uma infraestrutura moderna e uma s\u00e9rie de atrac\u00e7\u00f5es.  <\/p>\n<p>Situada na bacia entre as montanhas Harghita, Cs\u00edkszereda forma, desde o s\u00e9culo XX, um alinhamento com Cs\u00edksomly\u00f3, Cs\u00edktapolca e Cs\u00edkzs\u00f6g\u00f6d. As infra-estruturas da cidade foram desenvolvidas durante o &#8220;grande urbanismo&#8221;. No passado, devido \u00e0 sua estreiteza, a cidade era constitu\u00edda apenas por duas ruas em forma de T, delimitadas por uma encosta e uma zona pantanosa.<\/p>\n<p>Para os amantes da natureza, <strong>Cs\u00edkszereda <\/strong>e toda a Transilv\u00e2nia s\u00e3o um destino ideal. Rodeada de campos verdes, a cidade \u00e9 atravessada pelo rio Olt, perfeito para caminhadas (devido \u00e0 prolifera\u00e7\u00e3o de ursos, recomenda-se vivamente a realiza\u00e7\u00e3o de caminhadas em grupo previamente planeadas). <\/p>\n<p>Para al\u00e9m da sua beleza arquitet\u00f3nica, a cidade alberga uma cidadela cat\u00f3lica e um local de peregrina\u00e7\u00e3o. A igreja de Cs\u00edksomly\u00f3, situada a leste, atrai muitos visitantes todos os anos. <\/p>\n<p>Para um passeio ou uma excurs\u00e3o, recomendamos que visite: o Lago de Santa Ana, o Lago Killer, o Desfiladeiro de B\u00e9k\u00e1si, o centro da cidade, a Feira de Arte Popular, bem como as aldeias circundantes, como Korond, Parajd (com as suas minas de sal), Szov\u00e1ta, Beszterce ou o Parque Nacional Kelemen-havasok.<\/p>\n<p>E, claro, se j\u00e1 estiver em Cs\u00edkszereda, <strong>n\u00e3o se esque\u00e7a de vir conhecer a nossa equipa no nosso escrit\u00f3rio local<\/strong>. Sempre prontos a apoi\u00e1-lo, eles ajud\u00e1-lo-\u00e3o a encontrar a oportunidade de emprego mais adequada ao seu perfil e orient\u00e1-lo-\u00e3o na sua integra\u00e7\u00e3o na <strong>#AB2PROTEAM<\/strong>. Com uma vasta experi\u00eancia no terreno, a <strong>nossa equipa de recrutamento<\/strong> ir\u00e1 acompanh\u00e1-lo com simpatia e efic\u00e1cia desde o in\u00edcio.  <\/p>","protected":false},"excerpt":{"rendered":"<p>Devido ao crescente interesse na Transilv\u00e2nia, o nosso escrit\u00f3rio abriu em Cs\u00edkszereda em 2019. Desde ent\u00e3o, a nossa equipa local [&hellip;]<\/p>\n","protected":false},"author":1,"featured_media":0,"template":"","meta":{"_acf_changed":false,"footnotes":""},"class_list":["post-48751","agence","type-agence","status-publish","hentry"],"acf":[],"yoast_head":"<!-- This site is optimized with the Yoast SEO plugin v26.8 - https:\/\/yoast.com\/product\/yoast-seo-wordpress\/ -->\n<title>Agence AB2PRO Cs\u00edkszereda - AB2PRO<\/title>\n<meta name=\"robots\" content=\"index, follow, max-snippet:-1, max-image-preview:large, max-video-preview:-1\" \/>\n<link rel=\"canonical\" href=\"https:\/\/www.ab2pro.com\/pt-pt\/agences\/agence-ab2pro-csikszereda\/\" \/>\n<meta property=\"og:locale\" content=\"pt_PT\" \/>\n<meta property=\"og:type\" content=\"article\" \/>\n<meta property=\"og:title\" content=\"Agence AB2PRO Cs\u00edkszereda - AB2PRO\" \/>\n<meta property=\"og:description\" content=\"Devido ao crescente interesse na Transilv\u00e2nia, o nosso escrit\u00f3rio abriu em Cs\u00edkszereda em 2019. Desde ent\u00e3o, a nossa equipa local [&hellip;]\" \/>\n<meta property=\"og:url\" content=\"https:\/\/www.ab2pro.com\/pt-pt\/agences\/agence-ab2pro-csikszereda\/\" \/>\n<meta property=\"og:site_name\" content=\"AB2PRO\" \/>\n<meta property=\"article:modified_time\" content=\"2025-07-25T07:56:47+00:00\" \/>\n<meta property=\"og:image\" content=\"https:\/\/www.ab2pro.com\/wp-content\/uploads\/2020\/11\/fond-home.jpg\" \/>\n\t<meta property=\"og:image:width\" content=\"1920\" \/>\n\t<meta property=\"og:image:height\" content=\"600\" \/>\n\t<meta property=\"og:image:type\" content=\"image\/jpeg\" \/>\n<meta name=\"twitter:card\" content=\"summary_large_image\" \/>\n<script type=\"application\/ld+json\" class=\"yoast-schema-graph\">{\"@context\":\"https:\/\/schema.org\",\"@graph\":[{\"@type\":\"WebPage\",\"@id\":\"https:\/\/www.ab2pro.com\/pt-pt\/agences\/agence-ab2pro-csikszereda\/\",\"url\":\"https:\/\/www.ab2pro.com\/pt-pt\/agences\/agence-ab2pro-csikszereda\/\",\"name\":\"Agence AB2PRO Cs\u00edkszereda - AB2PRO\",\"isPartOf\":{\"@id\":\"https:\/\/www.ab2pro.com\/pt-pt\/#website\"},\"datePublished\":\"2023-11-07T11:53:45+00:00\",\"dateModified\":\"2025-07-25T07:56:47+00:00\",\"breadcrumb\":{\"@id\":\"https:\/\/www.ab2pro.com\/pt-pt\/agences\/agence-ab2pro-csikszereda\/#breadcrumb\"},\"inLanguage\":\"pt-PT\",\"potentialAction\":[{\"@type\":\"ReadAction\",\"target\":[\"https:\/\/www.ab2pro.com\/pt-pt\/agences\/agence-ab2pro-csikszereda\/\"]}]},{\"@type\":\"BreadcrumbList\",\"@id\":\"https:\/\/www.ab2pro.com\/pt-pt\/agences\/agence-ab2pro-csikszereda\/#breadcrumb\",\"itemListElement\":[{\"@type\":\"ListItem\",\"position\":1,\"name\":\"Accueil\",\"item\":\"https:\/\/www.ab2pro.com\/pt-pt\/\"},{\"@type\":\"ListItem\",\"position\":2,\"name\":\"Agences\",\"item\":\"https:\/\/www.ab2pro.com\/pt-pt\/agences\/\"},{\"@type\":\"ListItem\",\"position\":3,\"name\":\"Agence AB2PRO Cs\u00edkszereda\"}]},{\"@type\":\"WebSite\",\"@id\":\"https:\/\/www.ab2pro.com\/pt-pt\/#website\",\"url\":\"https:\/\/www.ab2pro.com\/pt-pt\/\",\"name\":\"AB2PRO\",\"description\":\"Agence d&#039;emploi sp\u00e9cialis\u00e9e dans le recrutement de travailleurs europ\u00e9ens\",\"publisher\":{\"@id\":\"https:\/\/www.ab2pro.com\/pt-pt\/#organization\"},\"potentialAction\":[{\"@type\":\"SearchAction\",\"target\":{\"@type\":\"EntryPoint\",\"urlTemplate\":\"https:\/\/www.ab2pro.com\/pt-pt\/?s={search_term_string}\"},\"query-input\":{\"@type\":\"PropertyValueSpecification\",\"valueRequired\":true,\"valueName\":\"search_term_string\"}}],\"inLanguage\":\"pt-PT\"},{\"@type\":\"Organization\",\"@id\":\"https:\/\/www.ab2pro.com\/pt-pt\/#organization\",\"name\":\"AB2PRO\",\"url\":\"https:\/\/www.ab2pro.com\/pt-pt\/\",\"logo\":{\"@type\":\"ImageObject\",\"inLanguage\":\"pt-PT\",\"@id\":\"https:\/\/www.ab2pro.com\/pt-pt\/#\/schema\/logo\/image\/\",\"url\":\"https:\/\/www.ab2pro.com\/wp-content\/uploads\/2020\/11\/logo-profil.png\",\"contentUrl\":\"https:\/\/www.ab2pro.com\/wp-content\/uploads\/2020\/11\/logo-profil.png\",\"width\":230,\"height\":47,\"caption\":\"AB2PRO\"},\"image\":{\"@id\":\"https:\/\/www.ab2pro.com\/pt-pt\/#\/schema\/logo\/image\/\"}}]}<\/script>\n<!-- \/ Yoast SEO plugin. -->","yoast_head_json":{"title":"Agence AB2PRO Cs\u00edkszereda - AB2PRO","robots":{"index":"index","follow":"follow","max-snippet":"max-snippet:-1","max-image-preview":"max-image-preview:large","max-video-preview":"max-video-preview:-1"},"canonical":"https:\/\/www.ab2pro.com\/pt-pt\/agences\/agence-ab2pro-csikszereda\/","og_locale":"pt_PT","og_type":"article","og_title":"Agence AB2PRO Cs\u00edkszereda - AB2PRO","og_description":"Devido ao crescente interesse na Transilv\u00e2nia, o nosso escrit\u00f3rio abriu em Cs\u00edkszereda em 2019. Desde ent\u00e3o, a nossa equipa local [&hellip;]","og_url":"https:\/\/www.ab2pro.com\/pt-pt\/agences\/agence-ab2pro-csikszereda\/","og_site_name":"AB2PRO","article_modified_time":"2025-07-25T07:56:47+00:00","og_image":[{"width":1920,"height":600,"url":"https:\/\/www.ab2pro.com\/wp-content\/uploads\/2020\/11\/fond-home.jpg","type":"image\/jpeg"}],"twitter_card":"summary_large_image","schema":{"@context":"https:\/\/schema.org","@graph":[{"@type":"WebPage","@id":"https:\/\/www.ab2pro.com\/pt-pt\/agences\/agence-ab2pro-csikszereda\/","url":"https:\/\/www.ab2pro.com\/pt-pt\/agences\/agence-ab2pro-csikszereda\/","name":"Agence AB2PRO Cs\u00edkszereda - AB2PRO","isPartOf":{"@id":"https:\/\/www.ab2pro.com\/pt-pt\/#website"},"datePublished":"2023-11-07T11:53:45+00:00","dateModified":"2025-07-25T07:56:47+00:00","breadcrumb":{"@id":"https:\/\/www.ab2pro.com\/pt-pt\/agences\/agence-ab2pro-csikszereda\/#breadcrumb"},"inLanguage":"pt-PT","potentialAction":[{"@type":"ReadAction","target":["https:\/\/www.ab2pro.com\/pt-pt\/agences\/agence-ab2pro-csikszereda\/"]}]},{"@type":"BreadcrumbList","@id":"https:\/\/www.ab2pro.com\/pt-pt\/agences\/agence-ab2pro-csikszereda\/#breadcrumb","itemListElement":[{"@type":"ListItem","position":1,"name":"Accueil","item":"https:\/\/www.ab2pro.com\/pt-pt\/"},{"@type":"ListItem","position":2,"name":"Agences","item":"https:\/\/www.ab2pro.com\/pt-pt\/agences\/"},{"@type":"ListItem","position":3,"name":"Agence AB2PRO Cs\u00edkszereda"}]},{"@type":"WebSite","@id":"https:\/\/www.ab2pro.com\/pt-pt\/#website","url":"https:\/\/www.ab2pro.com\/pt-pt\/","name":"AB2PRO","description":"Agence d&#039;emploi sp\u00e9cialis\u00e9e dans le recrutement de travailleurs europ\u00e9ens","publisher":{"@id":"https:\/\/www.ab2pro.com\/pt-pt\/#organization"},"potentialAction":[{"@type":"SearchAction","target":{"@type":"EntryPoint","urlTemplate":"https:\/\/www.ab2pro.com\/pt-pt\/?s={search_term_string}"},"query-input":{"@type":"PropertyValueSpecification","valueRequired":true,"valueName":"search_term_string"}}],"inLanguage":"pt-PT"},{"@type":"Organization","@id":"https:\/\/www.ab2pro.com\/pt-pt\/#organization","name":"AB2PRO","url":"https:\/\/www.ab2pro.com\/pt-pt\/","logo":{"@type":"ImageObject","inLanguage":"pt-PT","@id":"https:\/\/www.ab2pro.com\/pt-pt\/#\/schema\/logo\/image\/","url":"https:\/\/www.ab2pro.com\/wp-content\/uploads\/2020\/11\/logo-profil.png","contentUrl":"https:\/\/www.ab2pro.com\/wp-content\/uploads\/2020\/11\/logo-profil.png","width":230,"height":47,"caption":"AB2PRO"},"image":{"@id":"https:\/\/www.ab2pro.com\/pt-pt\/#\/schema\/logo\/image\/"}}]}},"_links":{"self":[{"href":"https:\/\/www.ab2pro.com\/pt-pt\/wp-json\/wp\/v2\/agence\/48751","targetHints":{"allow":["GET"]}}],"collection":[{"href":"https:\/\/www.ab2pro.com\/pt-pt\/wp-json\/wp\/v2\/agence"}],"about":[{"href":"https:\/\/www.ab2pro.com\/pt-pt\/wp-json\/wp\/v2\/types\/agence"}],"author":[{"embeddable":true,"href":"https:\/\/www.ab2pro.com\/pt-pt\/wp-json\/wp\/v2\/users\/1"}],"version-history":[{"count":0,"href":"https:\/\/www.ab2pro.com\/pt-pt\/wp-json\/wp\/v2\/agence\/48751\/revisions"}],"wp:attachment":[{"href":"https:\/\/www.ab2pro.com\/pt-pt\/wp-json\/wp\/v2\/media?parent=48751"}],"curies":[{"name":"wp","href":"https:\/\/api.w.org\/{rel}","templated":true}]}}

Agence AB2PRO Csíkszereda

<p data-pm-slice="0 0 []"><strong>Devido ao crescente interesse na Transilvânia, o nosso escritório abriu em Csíkszereda em 2019</strong>. Desde então, a <strong>nossa equipa local tem</strong> acolhido candidatos com um bom domínio da língua húngara de uma forma profissional e amigável. Graças à experiência que adquiriram nas nossas instalações, a <strong>nossa equipa local</strong> pode fornecer um verdadeiro apoio para ajudar os novos funcionários a iniciarem-se na AB2PRO. </p>
<p><strong>Csíkszereda </strong>é o lar de inúmeros monumentos históricos, maravilhas naturais e caraterísticas etnográficas. Uma prefeitura do condado de Harghita, a cidade &#8211; anteriormente conhecida como Csikszék &#8211; manteve durante muito tempo o seu carácter de cidade pequena. Hoje, recebe os visitantes com uma infraestrutura moderna e uma série de atracções.  </p>
<p>Situada na bacia entre as montanhas Harghita, Csíkszereda forma, desde o século XX, um alinhamento com Csíksomlyó, Csíktapolca e Csíkzsögöd. As infra-estruturas da cidade foram desenvolvidas durante o &#8220;grande urbanismo&#8221;. No passado, devido à sua estreiteza, a cidade era constituída apenas por duas ruas em forma de T, delimitadas por uma encosta e uma zona pantanosa.</p>
<p>Para os amantes da natureza, <strong>Csíkszereda </strong>e toda a Transilvânia são um destino ideal. Rodeada de campos verdes, a cidade é atravessada pelo rio Olt, perfeito para caminhadas (devido à proliferação de ursos, recomenda-se vivamente a realização de caminhadas em grupo previamente planeadas). </p>
<p>Para além da sua beleza arquitetónica, a cidade alberga uma cidadela católica e um local de peregrinação. A igreja de Csíksomlyó, situada a leste, atrai muitos visitantes todos os anos. </p>
<p>Para um passeio ou uma excursão, recomendamos que visite: o Lago de Santa Ana, o Lago Killer, o Desfiladeiro de Békási, o centro da cidade, a Feira de Arte Popular, bem como as aldeias circundantes, como Korond, Parajd (com as suas minas de sal), Szováta, Beszterce ou o Parque Nacional Kelemen-havasok.</p>
<p>E, claro, se já estiver em Csíkszereda, <strong>não se esqueça de vir conhecer a nossa equipa no nosso escritório local</strong>. Sempre prontos a apoiá-lo, eles ajudá-lo-ão a encontrar a oportunidade de emprego mais adequada ao seu perfil e orientá-lo-ão na sua integração na <strong>#AB2PROTEAM</strong>. Com uma vasta experiência no terreno, a <strong>nossa equipa de recrutamento</strong> irá acompanhá-lo com simpatia e eficácia desde o início.  </p>

<p>Devido ao crescente interesse na Transilvânia, o nosso escritório abriu em Csíkszereda em 2019. Desde então, a nossa equipa local [&hellip;]</p>

<!-- This site is optimized with the Yoast SEO plugin v26.8 - https://yoast.com/product/yoast-seo-wordpress/ -->
<title>Agence AB2PRO Csíkszereda - AB2PRO</title>
<meta name="robots" content="index, follow, max-snippet:-1, max-image-preview:large, max-video-preview:-1" />
<link rel="canonical" href="https://www.ab2pro.com/pt-pt/agences/agence-ab2pro-csikszereda/" />
<meta property="og:locale" content="pt_PT" />
<meta property="og:type" content="article" />
<meta property="og:title" content="Agence AB2PRO Csíkszereda - AB2PRO" />
<meta property="og:description" content="Devido ao crescente interesse na Transilvânia, o nosso escritório abriu em Csíkszereda em 2019. Desde então, a nossa equipa local [&hellip;]" />
<meta property="og:url" content="https://www.ab2pro.com/pt-pt/agences/agence-ab2pro-csikszereda/" />
<meta property="og:site_name" content="AB2PRO" />
<meta property="article:modified_time" content="2025-07-25T07:56:47+00:00" />
<meta property="og:image" content="https://www.ab2pro.com/wp-content/uploads/2020/11/fond-home.jpg" />
	<meta property="og:image:width" content="1920" />
	<meta property="og:image:height" content="600" />
	<meta property="og:image:type" content="image/jpeg" />
<meta name="twitter:card" content="summary_large_image" />
<script type="application/ld+json" class="yoast-schema-graph">{"@context":"https://schema.org","@graph":[{"@type":"WebPage","@id":"https://www.ab2pro.com/pt-pt/agences/agence-ab2pro-csikszereda/","url":"https://www.ab2pro.com/pt-pt/agences/agence-ab2pro-csikszereda/","name":"Agence AB2PRO Csíkszereda - AB2PRO","isPartOf":{"@id":"https://www.ab2pro.com/pt-pt/#website"},"datePublished":"2023-11-07T11:53:45+00:00","dateModified":"2025-07-25T07:56:47+00:00","breadcrumb":{"@id":"https://www.ab2pro.com/pt-pt/agences/agence-ab2pro-csikszereda/#breadcrumb"},"inLanguage":"pt-PT","potentialAction":[{"@type":"ReadAction","target":["https://www.ab2pro.com/pt-pt/agences/agence-ab2pro-csikszereda/"]}]},{"@type":"BreadcrumbList","@id":"https://www.ab2pro.com/pt-pt/agences/agence-ab2pro-csikszereda/#breadcrumb","itemListElement":[{"@type":"ListItem","position":1,"name":"Accueil","item":"https://www.ab2pro.com/pt-pt/"},{"@type":"ListItem","position":2,"name":"Agences","item":"https://www.ab2pro.com/pt-pt/agences/"},{"@type":"ListItem","position":3,"name":"Agence AB2PRO Csíkszereda"}]},{"@type":"WebSite","@id":"https://www.ab2pro.com/pt-pt/#website","url":"https://www.ab2pro.com/pt-pt/","name":"AB2PRO","description":"Agence d&#039;emploi spécialisée dans le recrutement de travailleurs européens","publisher":{"@id":"https://www.ab2pro.com/pt-pt/#organization"},"potentialAction":[{"@type":"SearchAction","target":{"@type":"EntryPoint","urlTemplate":"https://www.ab2pro.com/pt-pt/?s={search_term_string}"},"query-input":{"@type":"PropertyValueSpecification","valueRequired":true,"valueName":"search_term_string"}}],"inLanguage":"pt-PT"},{"@type":"Organization","@id":"https://www.ab2pro.com/pt-pt/#organization","name":"AB2PRO","url":"https://www.ab2pro.com/pt-pt/","logo":{"@type":"ImageObject","inLanguage":"pt-PT","@id":"https://www.ab2pro.com/pt-pt/#/schema/logo/image/","url":"https://www.ab2pro.com/wp-content/uploads/2020/11/logo-profil.png","contentUrl":"https://www.ab2pro.com/wp-content/uploads/2020/11/logo-profil.png","width":230,"height":47,"caption":"AB2PRO"},"image":{"@id":"https://www.ab2pro.com/pt-pt/#/schema/logo/image/"}}]}</script>
<!-- / Yoast SEO plugin. -->

Agence AB2PRO Csíkszereda - AB2PRO

Devido ao crescente interesse na Transilvânia, o nosso escritório abriu em Csíkszereda em 2019. Desde então, a nossa equipa local [&hellip;]

Agence d&#039;emploi spécialisée dans le recrutement de travailleurs européens
