
{"id":48914,"date":"2023-11-07T15:19:58","date_gmt":"2023-11-07T14:19:58","guid":{"rendered":"https:\/\/www.ab2pro.com\/?post_type=agence&#038;p=48914"},"modified":"2025-07-25T10:20:26","modified_gmt":"2025-07-25T08:20:26","slug":"ab2pro-agencia-de-bordeaux","status":"publish","type":"agence","link":"https:\/\/www.ab2pro.com\/pt-pt\/agences\/ab2pro-agencia-de-bordeaux\/","title":{"rendered":"AB2PRO Ag\u00eancia de Bordeaux"},"content":{"rendered":"<p data-pm-slice=\"0 0 []\"><strong>Bem-vindo \u00e0 nossa ag\u00eancia de trabalho tempor\u00e1rio em Bord\u00e9us<\/strong>, um lugar onde o talento encontra a oportunidade numa atmosfera calorosa e din\u00e2mica!<\/p>\n<p>\u00c0 frente da ag\u00eancia, <strong>Quentin<\/strong>O nosso Diretor de Filial faz tudo o que est\u00e1 ao seu alcance para acompanhar as empresas na sua procura de talentos e assegurar um recrutamento eficaz e personalizado. Apoiado na sua experi\u00eancia e no seu empenhamento, garante a cada cliente e candidato um servi\u00e7o de qualidade. <\/p>\n<p><strong>Juntamente com eles, a nossa equipa <\/strong>desempenha um papel essencial na identifica\u00e7\u00e3o dos melhores perfis. Gra\u00e7as ao seu conhecimento profundo do mercado, \u00e0s suas compet\u00eancias interpessoais e \u00e0 sua experi\u00eancia em recrutamento, asseguram uma correspond\u00eancia perfeita entre as necessidades das empresas e as compet\u00eancias dos candidatos. <\/p>\n<p><strong>Bord\u00e9us<\/strong>, uma cidade de charme e de hist\u00f3ria, oferece um ambiente de trabalho ideal onde a tradi\u00e7\u00e3o e a modernidade se encontram. Com as suas ruas calcetadas, a sua arquitetura elegante e o seu cais animado, \u00e9 o ambiente ideal para o desenvolvimento profissional e pessoal. <\/p>\n<p>N\u00e3o perca a oportunidade de trabalhar com a nossa ag\u00eancia de recrutamento em Bord\u00e9us. <strong>Quentin e a sua equipa<\/strong> est\u00e3o \u00e0 sua disposi\u00e7\u00e3o para discutir as suas necessidades e ajud\u00e1-lo a encontrar o talento que far\u00e1 a sua empresa brilhar. <strong>Contacte-nos agora<\/strong> e deixe-nos gui\u00e1-lo para o sucesso.<\/p>\n<p><strong>Juntos<\/strong>, criaremos uma equipa din\u00e2mica e de alto desempenho, pronta a enfrentar qualquer desafio. <strong>Toda a nossa equipa espera<\/strong> poder oferecer-lhe uma experi\u00eancia de recrutamento \u00fanica, combinando profissionalismo, empenho e conv\u00edvio.<\/p>","protected":false},"excerpt":{"rendered":"<p>Bem-vindo \u00e0 nossa ag\u00eancia de trabalho tempor\u00e1rio em Bord\u00e9us, um lugar onde o talento encontra a oportunidade numa atmosfera calorosa [&hellip;]<\/p>\n","protected":false},"author":1,"featured_media":72064,"template":"","meta":{"_acf_changed":false,"footnotes":""},"class_list":["post-48914","agence","type-agence","status-publish","has-post-thumbnail","hentry"],"acf":[],"yoast_head":"<!-- This site is optimized with the Yoast SEO plugin v26.8 - https:\/\/yoast.com\/product\/yoast-seo-wordpress\/ -->\n<title>AB2PRO Ag\u00eancia de Bordeaux - AB2PRO<\/title>\n<meta name=\"robots\" content=\"index, follow, max-snippet:-1, max-image-preview:large, max-video-preview:-1\" \/>\n<link rel=\"canonical\" href=\"https:\/\/www.ab2pro.com\/pt-pt\/agences\/ab2pro-agencia-de-bordeaux\/\" \/>\n<meta property=\"og:locale\" content=\"pt_PT\" \/>\n<meta property=\"og:type\" content=\"article\" \/>\n<meta property=\"og:title\" content=\"AB2PRO Ag\u00eancia de Bordeaux - AB2PRO\" \/>\n<meta property=\"og:description\" content=\"Bem-vindo \u00e0 nossa ag\u00eancia de trabalho tempor\u00e1rio em Bord\u00e9us, um lugar onde o talento encontra a oportunidade numa atmosfera calorosa [&hellip;]\" \/>\n<meta property=\"og:url\" content=\"https:\/\/www.ab2pro.com\/pt-pt\/agences\/ab2pro-agencia-de-bordeaux\/\" \/>\n<meta property=\"og:site_name\" content=\"AB2PRO\" \/>\n<meta property=\"article:modified_time\" content=\"2025-07-25T08:20:26+00:00\" \/>\n<meta property=\"og:image\" content=\"https:\/\/www.ab2pro.com\/wp-content\/uploads\/2020\/11\/bordeaux-1024x681.png\" \/>\n\t<meta property=\"og:image:width\" content=\"1024\" \/>\n\t<meta property=\"og:image:height\" content=\"681\" \/>\n\t<meta property=\"og:image:type\" content=\"image\/png\" \/>\n<meta name=\"twitter:card\" content=\"summary_large_image\" \/>\n<script type=\"application\/ld+json\" class=\"yoast-schema-graph\">{\"@context\":\"https:\/\/schema.org\",\"@graph\":[{\"@type\":\"WebPage\",\"@id\":\"https:\/\/www.ab2pro.com\/pt-pt\/agences\/ab2pro-agencia-de-bordeaux\/\",\"url\":\"https:\/\/www.ab2pro.com\/pt-pt\/agences\/ab2pro-agencia-de-bordeaux\/\",\"name\":\"AB2PRO Ag\u00eancia de Bordeaux - AB2PRO\",\"isPartOf\":{\"@id\":\"https:\/\/www.ab2pro.com\/pt-pt\/#website\"},\"primaryImageOfPage\":{\"@id\":\"https:\/\/www.ab2pro.com\/pt-pt\/agences\/ab2pro-agencia-de-bordeaux\/#primaryimage\"},\"image\":{\"@id\":\"https:\/\/www.ab2pro.com\/pt-pt\/agences\/ab2pro-agencia-de-bordeaux\/#primaryimage\"},\"thumbnailUrl\":\"https:\/\/www.ab2pro.com\/wp-content\/uploads\/2020\/11\/bordeaux.png\",\"datePublished\":\"2023-11-07T14:19:58+00:00\",\"dateModified\":\"2025-07-25T08:20:26+00:00\",\"breadcrumb\":{\"@id\":\"https:\/\/www.ab2pro.com\/pt-pt\/agences\/ab2pro-agencia-de-bordeaux\/#breadcrumb\"},\"inLanguage\":\"pt-PT\",\"potentialAction\":[{\"@type\":\"ReadAction\",\"target\":[\"https:\/\/www.ab2pro.com\/pt-pt\/agences\/ab2pro-agencia-de-bordeaux\/\"]}]},{\"@type\":\"ImageObject\",\"inLanguage\":\"pt-PT\",\"@id\":\"https:\/\/www.ab2pro.com\/pt-pt\/agences\/ab2pro-agencia-de-bordeaux\/#primaryimage\",\"url\":\"https:\/\/www.ab2pro.com\/wp-content\/uploads\/2020\/11\/bordeaux.png\",\"contentUrl\":\"https:\/\/www.ab2pro.com\/wp-content\/uploads\/2020\/11\/bordeaux.png\",\"width\":1920,\"height\":1277},{\"@type\":\"BreadcrumbList\",\"@id\":\"https:\/\/www.ab2pro.com\/pt-pt\/agences\/ab2pro-agencia-de-bordeaux\/#breadcrumb\",\"itemListElement\":[{\"@type\":\"ListItem\",\"position\":1,\"name\":\"Accueil\",\"item\":\"https:\/\/www.ab2pro.com\/pt-pt\/\"},{\"@type\":\"ListItem\",\"position\":2,\"name\":\"Agences\",\"item\":\"https:\/\/www.ab2pro.com\/pt-pt\/agences\/\"},{\"@type\":\"ListItem\",\"position\":3,\"name\":\"AB2PRO Ag\u00eancia de Bordeaux\"}]},{\"@type\":\"WebSite\",\"@id\":\"https:\/\/www.ab2pro.com\/pt-pt\/#website\",\"url\":\"https:\/\/www.ab2pro.com\/pt-pt\/\",\"name\":\"AB2PRO\",\"description\":\"Agence d&#039;emploi sp\u00e9cialis\u00e9e dans le recrutement de travailleurs europ\u00e9ens\",\"publisher\":{\"@id\":\"https:\/\/www.ab2pro.com\/pt-pt\/#organization\"},\"potentialAction\":[{\"@type\":\"SearchAction\",\"target\":{\"@type\":\"EntryPoint\",\"urlTemplate\":\"https:\/\/www.ab2pro.com\/pt-pt\/?s={search_term_string}\"},\"query-input\":{\"@type\":\"PropertyValueSpecification\",\"valueRequired\":true,\"valueName\":\"search_term_string\"}}],\"inLanguage\":\"pt-PT\"},{\"@type\":\"Organization\",\"@id\":\"https:\/\/www.ab2pro.com\/pt-pt\/#organization\",\"name\":\"AB2PRO\",\"url\":\"https:\/\/www.ab2pro.com\/pt-pt\/\",\"logo\":{\"@type\":\"ImageObject\",\"inLanguage\":\"pt-PT\",\"@id\":\"https:\/\/www.ab2pro.com\/pt-pt\/#\/schema\/logo\/image\/\",\"url\":\"https:\/\/www.ab2pro.com\/wp-content\/uploads\/2020\/11\/logo-profil.png\",\"contentUrl\":\"https:\/\/www.ab2pro.com\/wp-content\/uploads\/2020\/11\/logo-profil.png\",\"width\":230,\"height\":47,\"caption\":\"AB2PRO\"},\"image\":{\"@id\":\"https:\/\/www.ab2pro.com\/pt-pt\/#\/schema\/logo\/image\/\"}}]}<\/script>\n<!-- \/ Yoast SEO plugin. -->","yoast_head_json":{"title":"AB2PRO Ag\u00eancia de Bordeaux - AB2PRO","robots":{"index":"index","follow":"follow","max-snippet":"max-snippet:-1","max-image-preview":"max-image-preview:large","max-video-preview":"max-video-preview:-1"},"canonical":"https:\/\/www.ab2pro.com\/pt-pt\/agences\/ab2pro-agencia-de-bordeaux\/","og_locale":"pt_PT","og_type":"article","og_title":"AB2PRO Ag\u00eancia de Bordeaux - AB2PRO","og_description":"Bem-vindo \u00e0 nossa ag\u00eancia de trabalho tempor\u00e1rio em Bord\u00e9us, um lugar onde o talento encontra a oportunidade numa atmosfera calorosa [&hellip;]","og_url":"https:\/\/www.ab2pro.com\/pt-pt\/agences\/ab2pro-agencia-de-bordeaux\/","og_site_name":"AB2PRO","article_modified_time":"2025-07-25T08:20:26+00:00","og_image":[{"width":1024,"height":681,"url":"https:\/\/www.ab2pro.com\/wp-content\/uploads\/2020\/11\/bordeaux-1024x681.png","type":"image\/png"}],"twitter_card":"summary_large_image","schema":{"@context":"https:\/\/schema.org","@graph":[{"@type":"WebPage","@id":"https:\/\/www.ab2pro.com\/pt-pt\/agences\/ab2pro-agencia-de-bordeaux\/","url":"https:\/\/www.ab2pro.com\/pt-pt\/agences\/ab2pro-agencia-de-bordeaux\/","name":"AB2PRO Ag\u00eancia de Bordeaux - AB2PRO","isPartOf":{"@id":"https:\/\/www.ab2pro.com\/pt-pt\/#website"},"primaryImageOfPage":{"@id":"https:\/\/www.ab2pro.com\/pt-pt\/agences\/ab2pro-agencia-de-bordeaux\/#primaryimage"},"image":{"@id":"https:\/\/www.ab2pro.com\/pt-pt\/agences\/ab2pro-agencia-de-bordeaux\/#primaryimage"},"thumbnailUrl":"https:\/\/www.ab2pro.com\/wp-content\/uploads\/2020\/11\/bordeaux.png","datePublished":"2023-11-07T14:19:58+00:00","dateModified":"2025-07-25T08:20:26+00:00","breadcrumb":{"@id":"https:\/\/www.ab2pro.com\/pt-pt\/agences\/ab2pro-agencia-de-bordeaux\/#breadcrumb"},"inLanguage":"pt-PT","potentialAction":[{"@type":"ReadAction","target":["https:\/\/www.ab2pro.com\/pt-pt\/agences\/ab2pro-agencia-de-bordeaux\/"]}]},{"@type":"ImageObject","inLanguage":"pt-PT","@id":"https:\/\/www.ab2pro.com\/pt-pt\/agences\/ab2pro-agencia-de-bordeaux\/#primaryimage","url":"https:\/\/www.ab2pro.com\/wp-content\/uploads\/2020\/11\/bordeaux.png","contentUrl":"https:\/\/www.ab2pro.com\/wp-content\/uploads\/2020\/11\/bordeaux.png","width":1920,"height":1277},{"@type":"BreadcrumbList","@id":"https:\/\/www.ab2pro.com\/pt-pt\/agences\/ab2pro-agencia-de-bordeaux\/#breadcrumb","itemListElement":[{"@type":"ListItem","position":1,"name":"Accueil","item":"https:\/\/www.ab2pro.com\/pt-pt\/"},{"@type":"ListItem","position":2,"name":"Agences","item":"https:\/\/www.ab2pro.com\/pt-pt\/agences\/"},{"@type":"ListItem","position":3,"name":"AB2PRO Ag\u00eancia de Bordeaux"}]},{"@type":"WebSite","@id":"https:\/\/www.ab2pro.com\/pt-pt\/#website","url":"https:\/\/www.ab2pro.com\/pt-pt\/","name":"AB2PRO","description":"Agence d&#039;emploi sp\u00e9cialis\u00e9e dans le recrutement de travailleurs europ\u00e9ens","publisher":{"@id":"https:\/\/www.ab2pro.com\/pt-pt\/#organization"},"potentialAction":[{"@type":"SearchAction","target":{"@type":"EntryPoint","urlTemplate":"https:\/\/www.ab2pro.com\/pt-pt\/?s={search_term_string}"},"query-input":{"@type":"PropertyValueSpecification","valueRequired":true,"valueName":"search_term_string"}}],"inLanguage":"pt-PT"},{"@type":"Organization","@id":"https:\/\/www.ab2pro.com\/pt-pt\/#organization","name":"AB2PRO","url":"https:\/\/www.ab2pro.com\/pt-pt\/","logo":{"@type":"ImageObject","inLanguage":"pt-PT","@id":"https:\/\/www.ab2pro.com\/pt-pt\/#\/schema\/logo\/image\/","url":"https:\/\/www.ab2pro.com\/wp-content\/uploads\/2020\/11\/logo-profil.png","contentUrl":"https:\/\/www.ab2pro.com\/wp-content\/uploads\/2020\/11\/logo-profil.png","width":230,"height":47,"caption":"AB2PRO"},"image":{"@id":"https:\/\/www.ab2pro.com\/pt-pt\/#\/schema\/logo\/image\/"}}]}},"_links":{"self":[{"href":"https:\/\/www.ab2pro.com\/pt-pt\/wp-json\/wp\/v2\/agence\/48914","targetHints":{"allow":["GET"]}}],"collection":[{"href":"https:\/\/www.ab2pro.com\/pt-pt\/wp-json\/wp\/v2\/agence"}],"about":[{"href":"https:\/\/www.ab2pro.com\/pt-pt\/wp-json\/wp\/v2\/types\/agence"}],"author":[{"embeddable":true,"href":"https:\/\/www.ab2pro.com\/pt-pt\/wp-json\/wp\/v2\/users\/1"}],"version-history":[{"count":0,"href":"https:\/\/www.ab2pro.com\/pt-pt\/wp-json\/wp\/v2\/agence\/48914\/revisions"}],"wp:featuredmedia":[{"embeddable":true,"href":"https:\/\/www.ab2pro.com\/pt-pt\/wp-json\/wp\/v2\/media\/72064"}],"wp:attachment":[{"href":"https:\/\/www.ab2pro.com\/pt-pt\/wp-json\/wp\/v2\/media?parent=48914"}],"curies":[{"name":"wp","href":"https:\/\/api.w.org\/{rel}","templated":true}]}}

AB2PRO Agência de Bordeaux

<p data-pm-slice="0 0 []"><strong>Bem-vindo à nossa agência de trabalho temporário em Bordéus</strong>, um lugar onde o talento encontra a oportunidade numa atmosfera calorosa e dinâmica!</p>
<p>À frente da agência, <strong>Quentin</strong>O nosso Diretor de Filial faz tudo o que está ao seu alcance para acompanhar as empresas na sua procura de talentos e assegurar um recrutamento eficaz e personalizado. Apoiado na sua experiência e no seu empenhamento, garante a cada cliente e candidato um serviço de qualidade. </p>
<p><strong>Juntamente com eles, a nossa equipa </strong>desempenha um papel essencial na identificação dos melhores perfis. Graças ao seu conhecimento profundo do mercado, às suas competências interpessoais e à sua experiência em recrutamento, asseguram uma correspondência perfeita entre as necessidades das empresas e as competências dos candidatos. </p>
<p><strong>Bordéus</strong>, uma cidade de charme e de história, oferece um ambiente de trabalho ideal onde a tradição e a modernidade se encontram. Com as suas ruas calcetadas, a sua arquitetura elegante e o seu cais animado, é o ambiente ideal para o desenvolvimento profissional e pessoal. </p>
<p>Não perca a oportunidade de trabalhar com a nossa agência de recrutamento em Bordéus. <strong>Quentin e a sua equipa</strong> estão à sua disposição para discutir as suas necessidades e ajudá-lo a encontrar o talento que fará a sua empresa brilhar. <strong>Contacte-nos agora</strong> e deixe-nos guiá-lo para o sucesso.</p>
<p><strong>Juntos</strong>, criaremos uma equipa dinâmica e de alto desempenho, pronta a enfrentar qualquer desafio. <strong>Toda a nossa equipa espera</strong> poder oferecer-lhe uma experiência de recrutamento única, combinando profissionalismo, empenho e convívio.</p>

<p>Bem-vindo à nossa agência de trabalho temporário em Bordéus, um lugar onde o talento encontra a oportunidade numa atmosfera calorosa [&hellip;]</p>

<!-- This site is optimized with the Yoast SEO plugin v26.8 - https://yoast.com/product/yoast-seo-wordpress/ -->
<title>AB2PRO Agência de Bordeaux - AB2PRO</title>
<meta name="robots" content="index, follow, max-snippet:-1, max-image-preview:large, max-video-preview:-1" />
<link rel="canonical" href="https://www.ab2pro.com/pt-pt/agences/ab2pro-agencia-de-bordeaux/" />
<meta property="og:locale" content="pt_PT" />
<meta property="og:type" content="article" />
<meta property="og:title" content="AB2PRO Agência de Bordeaux - AB2PRO" />
<meta property="og:description" content="Bem-vindo à nossa agência de trabalho temporário em Bordéus, um lugar onde o talento encontra a oportunidade numa atmosfera calorosa [&hellip;]" />
<meta property="og:url" content="https://www.ab2pro.com/pt-pt/agences/ab2pro-agencia-de-bordeaux/" />
<meta property="og:site_name" content="AB2PRO" />
<meta property="article:modified_time" content="2025-07-25T08:20:26+00:00" />
<meta property="og:image" content="https://www.ab2pro.com/wp-content/uploads/2020/11/bordeaux-1024x681.png" />
	<meta property="og:image:width" content="1024" />
	<meta property="og:image:height" content="681" />
	<meta property="og:image:type" content="image/png" />
<meta name="twitter:card" content="summary_large_image" />
<script type="application/ld+json" class="yoast-schema-graph">{"@context":"https://schema.org","@graph":[{"@type":"WebPage","@id":"https://www.ab2pro.com/pt-pt/agences/ab2pro-agencia-de-bordeaux/","url":"https://www.ab2pro.com/pt-pt/agences/ab2pro-agencia-de-bordeaux/","name":"AB2PRO Agência de Bordeaux - AB2PRO","isPartOf":{"@id":"https://www.ab2pro.com/pt-pt/#website"},"primaryImageOfPage":{"@id":"https://www.ab2pro.com/pt-pt/agences/ab2pro-agencia-de-bordeaux/#primaryimage"},"image":{"@id":"https://www.ab2pro.com/pt-pt/agences/ab2pro-agencia-de-bordeaux/#primaryimage"},"thumbnailUrl":"https://www.ab2pro.com/wp-content/uploads/2020/11/bordeaux.png","datePublished":"2023-11-07T14:19:58+00:00","dateModified":"2025-07-25T08:20:26+00:00","breadcrumb":{"@id":"https://www.ab2pro.com/pt-pt/agences/ab2pro-agencia-de-bordeaux/#breadcrumb"},"inLanguage":"pt-PT","potentialAction":[{"@type":"ReadAction","target":["https://www.ab2pro.com/pt-pt/agences/ab2pro-agencia-de-bordeaux/"]}]},{"@type":"ImageObject","inLanguage":"pt-PT","@id":"https://www.ab2pro.com/pt-pt/agences/ab2pro-agencia-de-bordeaux/#primaryimage","url":"https://www.ab2pro.com/wp-content/uploads/2020/11/bordeaux.png","contentUrl":"https://www.ab2pro.com/wp-content/uploads/2020/11/bordeaux.png","width":1920,"height":1277},{"@type":"BreadcrumbList","@id":"https://www.ab2pro.com/pt-pt/agences/ab2pro-agencia-de-bordeaux/#breadcrumb","itemListElement":[{"@type":"ListItem","position":1,"name":"Accueil","item":"https://www.ab2pro.com/pt-pt/"},{"@type":"ListItem","position":2,"name":"Agences","item":"https://www.ab2pro.com/pt-pt/agences/"},{"@type":"ListItem","position":3,"name":"AB2PRO Agência de Bordeaux"}]},{"@type":"WebSite","@id":"https://www.ab2pro.com/pt-pt/#website","url":"https://www.ab2pro.com/pt-pt/","name":"AB2PRO","description":"Agence d&#039;emploi spécialisée dans le recrutement de travailleurs européens","publisher":{"@id":"https://www.ab2pro.com/pt-pt/#organization"},"potentialAction":[{"@type":"SearchAction","target":{"@type":"EntryPoint","urlTemplate":"https://www.ab2pro.com/pt-pt/?s={search_term_string}"},"query-input":{"@type":"PropertyValueSpecification","valueRequired":true,"valueName":"search_term_string"}}],"inLanguage":"pt-PT"},{"@type":"Organization","@id":"https://www.ab2pro.com/pt-pt/#organization","name":"AB2PRO","url":"https://www.ab2pro.com/pt-pt/","logo":{"@type":"ImageObject","inLanguage":"pt-PT","@id":"https://www.ab2pro.com/pt-pt/#/schema/logo/image/","url":"https://www.ab2pro.com/wp-content/uploads/2020/11/logo-profil.png","contentUrl":"https://www.ab2pro.com/wp-content/uploads/2020/11/logo-profil.png","width":230,"height":47,"caption":"AB2PRO"},"image":{"@id":"https://www.ab2pro.com/pt-pt/#/schema/logo/image/"}}]}</script>
<!-- / Yoast SEO plugin. -->

AB2PRO Agência de Bordeaux - AB2PRO

Bem-vindo à nossa agência de trabalho temporário em Bordéus, um lugar onde o talento encontra a oportunidade numa atmosfera calorosa [&hellip;]

Agence d&#039;emploi spécialisée dans le recrutement de travailleurs européens
