
{"id":48919,"date":"2023-11-07T15:24:23","date_gmt":"2023-11-07T14:24:23","guid":{"rendered":"https:\/\/www.ab2pro.com\/?post_type=agence&#038;p=48919"},"modified":"2025-07-25T10:23:16","modified_gmt":"2025-07-25T08:23:16","slug":"ab2pro-agencia-de-angers","status":"publish","type":"agence","link":"https:\/\/www.ab2pro.com\/pt-pt\/agences\/ab2pro-agencia-de-angers\/","title":{"rendered":"AB2PRO Ag\u00eancia de Angers"},"content":{"rendered":"<p data-pm-slice=\"0 0 []\"><strong>Bem-vindo \u00e0 nossa ag\u00eancia de trabalho tempor\u00e1rio em Angers,<\/strong> um lugar onde as oportunidades de carreira ganham vida e onde cada talento tem o seu lugar!<\/p>\n<p>\u00c0 frente da ag\u00eancia, <strong>Martin<\/strong>O nosso diretor de filial coloca a sua experi\u00eancia ao servi\u00e7o das empresas e dos candidatos para garantir um recrutamento de qualidade. Com base na sua vasta experi\u00eancia, assegura a adapta\u00e7\u00e3o das solu\u00e7\u00f5es \u00e0s necessidades espec\u00edficas de cada cliente e presta um acompanhamento eficaz e personalizado. <\/p>\n<p><strong>Juntamente com o Martin, a nossa equipa empenhada de agentes de recrutamento<\/strong> trabalha diariamente para identificar os melhores perfis e assegurar um acompanhamento rigoroso. Gra\u00e7as \u00e0 sua capacidade de an\u00e1lise, \u00e0 sua reatividade e \u00e0 sua preocupa\u00e7\u00e3o constante de acompanhamento personalizado, asseguram que cada candidato \u00e9 orientado para as melhores oportunidades de carreira e que responde eficazmente \u00e0s necessidades do mercado. <\/p>\n<p><strong>Angers <\/strong>\u00e9 uma cidade din\u00e2mica e rica em oportunidades, que oferece um ambiente de trabalho agrad\u00e1vel e prop\u00edcio \u00e0 realiza\u00e7\u00e3o profissional. O seu patrim\u00f3nio, os seus espa\u00e7os verdes e a sua vida cultural animada fazem dela um local ideal para desenvolver a sua carreira, desfrutando de um ambiente atraente. <\/p>\n<p>N\u00e3o perca a oportunidade de trabalhar com a nossa ag\u00eancia. O <strong>Martin e a sua equipa<\/strong> est\u00e3o \u00e0 disposi\u00e7\u00e3o para discutir as suas necessidades de recrutamento e apoi\u00e1-lo na sua procura de talentos. <strong>Contacte-nos hoje<\/strong> e deixe-nos ajud\u00e1-lo a atingir os seus objectivos profissionais.<\/p>\n<p><strong>Juntos<\/strong>, construiremos uma equipa de alto desempenho pronta para enfrentar qualquer desafio. <strong>Toda a nossa equipa est\u00e1 ansiosa por conhec\u00ea-lo e ajud\u00e1-lo a ter sucesso!<\/strong><\/p>","protected":false},"excerpt":{"rendered":"<p>Bem-vindo \u00e0 nossa ag\u00eancia de trabalho tempor\u00e1rio em Angers, um lugar onde as oportunidades de carreira ganham vida e onde [&hellip;]<\/p>\n","protected":false},"author":1,"featured_media":0,"template":"","meta":{"_acf_changed":false,"footnotes":""},"class_list":["post-48919","agence","type-agence","status-publish","hentry"],"acf":[],"yoast_head":"<!-- This site is optimized with the Yoast SEO plugin v26.8 - https:\/\/yoast.com\/product\/yoast-seo-wordpress\/ -->\n<title>AB2PRO Ag\u00eancia de Angers - AB2PRO<\/title>\n<meta name=\"robots\" content=\"index, follow, max-snippet:-1, max-image-preview:large, max-video-preview:-1\" \/>\n<link rel=\"canonical\" href=\"https:\/\/www.ab2pro.com\/pt-pt\/agences\/ab2pro-agencia-de-angers\/\" \/>\n<meta property=\"og:locale\" content=\"pt_PT\" \/>\n<meta property=\"og:type\" content=\"article\" \/>\n<meta property=\"og:title\" content=\"AB2PRO Ag\u00eancia de Angers - AB2PRO\" \/>\n<meta property=\"og:description\" content=\"Bem-vindo \u00e0 nossa ag\u00eancia de trabalho tempor\u00e1rio em Angers, um lugar onde as oportunidades de carreira ganham vida e onde [&hellip;]\" \/>\n<meta property=\"og:url\" content=\"https:\/\/www.ab2pro.com\/pt-pt\/agences\/ab2pro-agencia-de-angers\/\" \/>\n<meta property=\"og:site_name\" content=\"AB2PRO\" \/>\n<meta property=\"article:modified_time\" content=\"2025-07-25T08:23:16+00:00\" \/>\n<meta property=\"og:image\" content=\"https:\/\/www.ab2pro.com\/wp-content\/uploads\/2020\/11\/fond-home.jpg\" \/>\n\t<meta property=\"og:image:width\" content=\"1920\" \/>\n\t<meta property=\"og:image:height\" content=\"600\" \/>\n\t<meta property=\"og:image:type\" content=\"image\/jpeg\" \/>\n<meta name=\"twitter:card\" content=\"summary_large_image\" \/>\n<script type=\"application\/ld+json\" class=\"yoast-schema-graph\">{\"@context\":\"https:\/\/schema.org\",\"@graph\":[{\"@type\":\"WebPage\",\"@id\":\"https:\/\/www.ab2pro.com\/pt-pt\/agences\/ab2pro-agencia-de-angers\/\",\"url\":\"https:\/\/www.ab2pro.com\/pt-pt\/agences\/ab2pro-agencia-de-angers\/\",\"name\":\"AB2PRO Ag\u00eancia de Angers - AB2PRO\",\"isPartOf\":{\"@id\":\"https:\/\/www.ab2pro.com\/pt-pt\/#website\"},\"datePublished\":\"2023-11-07T14:24:23+00:00\",\"dateModified\":\"2025-07-25T08:23:16+00:00\",\"breadcrumb\":{\"@id\":\"https:\/\/www.ab2pro.com\/pt-pt\/agences\/ab2pro-agencia-de-angers\/#breadcrumb\"},\"inLanguage\":\"pt-PT\",\"potentialAction\":[{\"@type\":\"ReadAction\",\"target\":[\"https:\/\/www.ab2pro.com\/pt-pt\/agences\/ab2pro-agencia-de-angers\/\"]}]},{\"@type\":\"BreadcrumbList\",\"@id\":\"https:\/\/www.ab2pro.com\/pt-pt\/agences\/ab2pro-agencia-de-angers\/#breadcrumb\",\"itemListElement\":[{\"@type\":\"ListItem\",\"position\":1,\"name\":\"Accueil\",\"item\":\"https:\/\/www.ab2pro.com\/pt-pt\/\"},{\"@type\":\"ListItem\",\"position\":2,\"name\":\"Agences\",\"item\":\"https:\/\/www.ab2pro.com\/pt-pt\/agences\/\"},{\"@type\":\"ListItem\",\"position\":3,\"name\":\"AB2PRO Ag\u00eancia de Angers\"}]},{\"@type\":\"WebSite\",\"@id\":\"https:\/\/www.ab2pro.com\/pt-pt\/#website\",\"url\":\"https:\/\/www.ab2pro.com\/pt-pt\/\",\"name\":\"AB2PRO\",\"description\":\"Agence d&#039;emploi sp\u00e9cialis\u00e9e dans le recrutement de travailleurs europ\u00e9ens\",\"publisher\":{\"@id\":\"https:\/\/www.ab2pro.com\/pt-pt\/#organization\"},\"potentialAction\":[{\"@type\":\"SearchAction\",\"target\":{\"@type\":\"EntryPoint\",\"urlTemplate\":\"https:\/\/www.ab2pro.com\/pt-pt\/?s={search_term_string}\"},\"query-input\":{\"@type\":\"PropertyValueSpecification\",\"valueRequired\":true,\"valueName\":\"search_term_string\"}}],\"inLanguage\":\"pt-PT\"},{\"@type\":\"Organization\",\"@id\":\"https:\/\/www.ab2pro.com\/pt-pt\/#organization\",\"name\":\"AB2PRO\",\"url\":\"https:\/\/www.ab2pro.com\/pt-pt\/\",\"logo\":{\"@type\":\"ImageObject\",\"inLanguage\":\"pt-PT\",\"@id\":\"https:\/\/www.ab2pro.com\/pt-pt\/#\/schema\/logo\/image\/\",\"url\":\"https:\/\/www.ab2pro.com\/wp-content\/uploads\/2020\/11\/logo-profil.png\",\"contentUrl\":\"https:\/\/www.ab2pro.com\/wp-content\/uploads\/2020\/11\/logo-profil.png\",\"width\":230,\"height\":47,\"caption\":\"AB2PRO\"},\"image\":{\"@id\":\"https:\/\/www.ab2pro.com\/pt-pt\/#\/schema\/logo\/image\/\"}}]}<\/script>\n<!-- \/ Yoast SEO plugin. -->","yoast_head_json":{"title":"AB2PRO Ag\u00eancia de Angers - AB2PRO","robots":{"index":"index","follow":"follow","max-snippet":"max-snippet:-1","max-image-preview":"max-image-preview:large","max-video-preview":"max-video-preview:-1"},"canonical":"https:\/\/www.ab2pro.com\/pt-pt\/agences\/ab2pro-agencia-de-angers\/","og_locale":"pt_PT","og_type":"article","og_title":"AB2PRO Ag\u00eancia de Angers - AB2PRO","og_description":"Bem-vindo \u00e0 nossa ag\u00eancia de trabalho tempor\u00e1rio em Angers, um lugar onde as oportunidades de carreira ganham vida e onde [&hellip;]","og_url":"https:\/\/www.ab2pro.com\/pt-pt\/agences\/ab2pro-agencia-de-angers\/","og_site_name":"AB2PRO","article_modified_time":"2025-07-25T08:23:16+00:00","og_image":[{"width":1920,"height":600,"url":"https:\/\/www.ab2pro.com\/wp-content\/uploads\/2020\/11\/fond-home.jpg","type":"image\/jpeg"}],"twitter_card":"summary_large_image","schema":{"@context":"https:\/\/schema.org","@graph":[{"@type":"WebPage","@id":"https:\/\/www.ab2pro.com\/pt-pt\/agences\/ab2pro-agencia-de-angers\/","url":"https:\/\/www.ab2pro.com\/pt-pt\/agences\/ab2pro-agencia-de-angers\/","name":"AB2PRO Ag\u00eancia de Angers - AB2PRO","isPartOf":{"@id":"https:\/\/www.ab2pro.com\/pt-pt\/#website"},"datePublished":"2023-11-07T14:24:23+00:00","dateModified":"2025-07-25T08:23:16+00:00","breadcrumb":{"@id":"https:\/\/www.ab2pro.com\/pt-pt\/agences\/ab2pro-agencia-de-angers\/#breadcrumb"},"inLanguage":"pt-PT","potentialAction":[{"@type":"ReadAction","target":["https:\/\/www.ab2pro.com\/pt-pt\/agences\/ab2pro-agencia-de-angers\/"]}]},{"@type":"BreadcrumbList","@id":"https:\/\/www.ab2pro.com\/pt-pt\/agences\/ab2pro-agencia-de-angers\/#breadcrumb","itemListElement":[{"@type":"ListItem","position":1,"name":"Accueil","item":"https:\/\/www.ab2pro.com\/pt-pt\/"},{"@type":"ListItem","position":2,"name":"Agences","item":"https:\/\/www.ab2pro.com\/pt-pt\/agences\/"},{"@type":"ListItem","position":3,"name":"AB2PRO Ag\u00eancia de Angers"}]},{"@type":"WebSite","@id":"https:\/\/www.ab2pro.com\/pt-pt\/#website","url":"https:\/\/www.ab2pro.com\/pt-pt\/","name":"AB2PRO","description":"Agence d&#039;emploi sp\u00e9cialis\u00e9e dans le recrutement de travailleurs europ\u00e9ens","publisher":{"@id":"https:\/\/www.ab2pro.com\/pt-pt\/#organization"},"potentialAction":[{"@type":"SearchAction","target":{"@type":"EntryPoint","urlTemplate":"https:\/\/www.ab2pro.com\/pt-pt\/?s={search_term_string}"},"query-input":{"@type":"PropertyValueSpecification","valueRequired":true,"valueName":"search_term_string"}}],"inLanguage":"pt-PT"},{"@type":"Organization","@id":"https:\/\/www.ab2pro.com\/pt-pt\/#organization","name":"AB2PRO","url":"https:\/\/www.ab2pro.com\/pt-pt\/","logo":{"@type":"ImageObject","inLanguage":"pt-PT","@id":"https:\/\/www.ab2pro.com\/pt-pt\/#\/schema\/logo\/image\/","url":"https:\/\/www.ab2pro.com\/wp-content\/uploads\/2020\/11\/logo-profil.png","contentUrl":"https:\/\/www.ab2pro.com\/wp-content\/uploads\/2020\/11\/logo-profil.png","width":230,"height":47,"caption":"AB2PRO"},"image":{"@id":"https:\/\/www.ab2pro.com\/pt-pt\/#\/schema\/logo\/image\/"}}]}},"_links":{"self":[{"href":"https:\/\/www.ab2pro.com\/pt-pt\/wp-json\/wp\/v2\/agence\/48919","targetHints":{"allow":["GET"]}}],"collection":[{"href":"https:\/\/www.ab2pro.com\/pt-pt\/wp-json\/wp\/v2\/agence"}],"about":[{"href":"https:\/\/www.ab2pro.com\/pt-pt\/wp-json\/wp\/v2\/types\/agence"}],"author":[{"embeddable":true,"href":"https:\/\/www.ab2pro.com\/pt-pt\/wp-json\/wp\/v2\/users\/1"}],"version-history":[{"count":0,"href":"https:\/\/www.ab2pro.com\/pt-pt\/wp-json\/wp\/v2\/agence\/48919\/revisions"}],"wp:attachment":[{"href":"https:\/\/www.ab2pro.com\/pt-pt\/wp-json\/wp\/v2\/media?parent=48919"}],"curies":[{"name":"wp","href":"https:\/\/api.w.org\/{rel}","templated":true}]}}

AB2PRO Agência de Angers

<p data-pm-slice="0 0 []"><strong>Bem-vindo à nossa agência de trabalho temporário em Angers,</strong> um lugar onde as oportunidades de carreira ganham vida e onde cada talento tem o seu lugar!</p>
<p>À frente da agência, <strong>Martin</strong>O nosso diretor de filial coloca a sua experiência ao serviço das empresas e dos candidatos para garantir um recrutamento de qualidade. Com base na sua vasta experiência, assegura a adaptação das soluções às necessidades específicas de cada cliente e presta um acompanhamento eficaz e personalizado. </p>
<p><strong>Juntamente com o Martin, a nossa equipa empenhada de agentes de recrutamento</strong> trabalha diariamente para identificar os melhores perfis e assegurar um acompanhamento rigoroso. Graças à sua capacidade de análise, à sua reatividade e à sua preocupação constante de acompanhamento personalizado, asseguram que cada candidato é orientado para as melhores oportunidades de carreira e que responde eficazmente às necessidades do mercado. </p>
<p><strong>Angers </strong>é uma cidade dinâmica e rica em oportunidades, que oferece um ambiente de trabalho agradável e propício à realização profissional. O seu património, os seus espaços verdes e a sua vida cultural animada fazem dela um local ideal para desenvolver a sua carreira, desfrutando de um ambiente atraente. </p>
<p>Não perca a oportunidade de trabalhar com a nossa agência. O <strong>Martin e a sua equipa</strong> estão à disposição para discutir as suas necessidades de recrutamento e apoiá-lo na sua procura de talentos. <strong>Contacte-nos hoje</strong> e deixe-nos ajudá-lo a atingir os seus objectivos profissionais.</p>
<p><strong>Juntos</strong>, construiremos uma equipa de alto desempenho pronta para enfrentar qualquer desafio. <strong>Toda a nossa equipa está ansiosa por conhecê-lo e ajudá-lo a ter sucesso!</strong></p>

<p>Bem-vindo à nossa agência de trabalho temporário em Angers, um lugar onde as oportunidades de carreira ganham vida e onde [&hellip;]</p>

<!-- This site is optimized with the Yoast SEO plugin v26.8 - https://yoast.com/product/yoast-seo-wordpress/ -->
<title>AB2PRO Agência de Angers - AB2PRO</title>
<meta name="robots" content="index, follow, max-snippet:-1, max-image-preview:large, max-video-preview:-1" />
<link rel="canonical" href="https://www.ab2pro.com/pt-pt/agences/ab2pro-agencia-de-angers/" />
<meta property="og:locale" content="pt_PT" />
<meta property="og:type" content="article" />
<meta property="og:title" content="AB2PRO Agência de Angers - AB2PRO" />
<meta property="og:description" content="Bem-vindo à nossa agência de trabalho temporário em Angers, um lugar onde as oportunidades de carreira ganham vida e onde [&hellip;]" />
<meta property="og:url" content="https://www.ab2pro.com/pt-pt/agences/ab2pro-agencia-de-angers/" />
<meta property="og:site_name" content="AB2PRO" />
<meta property="article:modified_time" content="2025-07-25T08:23:16+00:00" />
<meta property="og:image" content="https://www.ab2pro.com/wp-content/uploads/2020/11/fond-home.jpg" />
	<meta property="og:image:width" content="1920" />
	<meta property="og:image:height" content="600" />
	<meta property="og:image:type" content="image/jpeg" />
<meta name="twitter:card" content="summary_large_image" />
<script type="application/ld+json" class="yoast-schema-graph">{"@context":"https://schema.org","@graph":[{"@type":"WebPage","@id":"https://www.ab2pro.com/pt-pt/agences/ab2pro-agencia-de-angers/","url":"https://www.ab2pro.com/pt-pt/agences/ab2pro-agencia-de-angers/","name":"AB2PRO Agência de Angers - AB2PRO","isPartOf":{"@id":"https://www.ab2pro.com/pt-pt/#website"},"datePublished":"2023-11-07T14:24:23+00:00","dateModified":"2025-07-25T08:23:16+00:00","breadcrumb":{"@id":"https://www.ab2pro.com/pt-pt/agences/ab2pro-agencia-de-angers/#breadcrumb"},"inLanguage":"pt-PT","potentialAction":[{"@type":"ReadAction","target":["https://www.ab2pro.com/pt-pt/agences/ab2pro-agencia-de-angers/"]}]},{"@type":"BreadcrumbList","@id":"https://www.ab2pro.com/pt-pt/agences/ab2pro-agencia-de-angers/#breadcrumb","itemListElement":[{"@type":"ListItem","position":1,"name":"Accueil","item":"https://www.ab2pro.com/pt-pt/"},{"@type":"ListItem","position":2,"name":"Agences","item":"https://www.ab2pro.com/pt-pt/agences/"},{"@type":"ListItem","position":3,"name":"AB2PRO Agência de Angers"}]},{"@type":"WebSite","@id":"https://www.ab2pro.com/pt-pt/#website","url":"https://www.ab2pro.com/pt-pt/","name":"AB2PRO","description":"Agence d&#039;emploi spécialisée dans le recrutement de travailleurs européens","publisher":{"@id":"https://www.ab2pro.com/pt-pt/#organization"},"potentialAction":[{"@type":"SearchAction","target":{"@type":"EntryPoint","urlTemplate":"https://www.ab2pro.com/pt-pt/?s={search_term_string}"},"query-input":{"@type":"PropertyValueSpecification","valueRequired":true,"valueName":"search_term_string"}}],"inLanguage":"pt-PT"},{"@type":"Organization","@id":"https://www.ab2pro.com/pt-pt/#organization","name":"AB2PRO","url":"https://www.ab2pro.com/pt-pt/","logo":{"@type":"ImageObject","inLanguage":"pt-PT","@id":"https://www.ab2pro.com/pt-pt/#/schema/logo/image/","url":"https://www.ab2pro.com/wp-content/uploads/2020/11/logo-profil.png","contentUrl":"https://www.ab2pro.com/wp-content/uploads/2020/11/logo-profil.png","width":230,"height":47,"caption":"AB2PRO"},"image":{"@id":"https://www.ab2pro.com/pt-pt/#/schema/logo/image/"}}]}</script>
<!-- / Yoast SEO plugin. -->

AB2PRO Agência de Angers - AB2PRO

Bem-vindo à nossa agência de trabalho temporário em Angers, um lugar onde as oportunidades de carreira ganham vida e onde [&hellip;]

Agence d&#039;emploi spécialisée dans le recrutement de travailleurs européens
