
{"id":48633,"date":"2023-11-07T11:24:40","date_gmt":"2023-11-07T10:24:40","guid":{"rendered":"https:\/\/www.ab2pro.com\/?post_type=agence&#038;p=48633"},"modified":"2025-06-23T12:36:14","modified_gmt":"2025-06-23T10:36:14","slug":"agentia-b2pro-targu-mures","status":"publish","type":"agence","link":"https:\/\/www.ab2pro.com\/ro\/agences\/agentia-b2pro-targu-mures\/","title":{"rendered":"Agence AB2PRO din T\u00e2rgu Mure\u015f"},"content":{"rendered":"<p data-pm-slice=\"0 0 []\"><strong>Biroul nostru situat \u00een T\u00e2rgu Mure\u0219 a fost deschis \u00een prim\u0103vara anului 2021<\/strong> \u00een Transilvania. Este \u00eenconjurat de un peisaj natural minunat \u0219i variat. Aici pute\u021bi face cuno\u0219tin\u021b\u0103 cu <strong>echipa noastr\u0103,<\/strong> care este pasionat\u0103 s\u0103 ajute lucr\u0103torii temporari cu misiunile lor!<\/p>\n<p><strong>Echipa noastr\u0103 , <\/strong>pasionat\u0103 \u0219i implicat\u0103 este specializat\u0103 \u00een recrutarea pentru Ungaria. Entuziasmul lor pentru g\u0103sirea celor mai bune talente face din fiecare recrutare o aventur\u0103 uman\u0103 de succes, cu o aten\u021bie constant\u0103 acordat\u0103 sprijinirii \u0219i integr\u0103rii candida\u021bilor. <\/p>\n<p>Ora\u0219ul este situat \u00eentr-o zon\u0103 locuit\u0103 \u00eenc\u0103 din epoca neolitic\u0103 \u0219i este situat \u00een centrul Transilvaniei, pe ambele maluri ale r\u00e2ului Mure\u0219. Din punct de vedere istoric, T\u00e2rgu Mure\u0219 a suferit foarte mult, at\u00e2t din cauza ravagiilor turcilor, c\u00e2t \u0219i a jafurilor \u00eemp\u0103ratului Leopold. Cu toate acestea, ora\u0219ul a reu\u0219it \u00eentotdeauna s\u0103 \u00ee\u0219i revin\u0103. <\/p>\n<p>Adev\u0103rata dezvoltare a ora\u0219ului a \u00eenceput \u00een 1902. Acesta a fost, sub conducerea primarului, complet reconstruit. \u00cen aceast\u0103 perioad\u0103, str\u0103zile vechi \u0219i noi ale ora\u0219ului au fost \u00eempodobite cu flori \u0219i copaci. De atunci, T\u00e2rgu Mure\u0219 a fost cunoscut drept \u201eora\u0219ul florilor\u201d. Pute\u021bi \u00eencepe prin a v\u0103 plimba de-a lungul Pie\u021bei Trandafirilor \u0219i a numeroaselor sale cl\u0103diri baroce \u0219i Art Nouveau. Apoi v\u0103 pute\u021bi l\u0103sa ghida\u021bi spre castelul cu patru bastioane din partea de sud-vest, unde se remarc\u0103 turnul bisericii, care ne ofer\u0103 o atmosfer\u0103 tipic\u0103 secolului al XVII-lea.   <\/p>\n<p>Printre numeroasele monumente se num\u0103r\u0103 cele de origine interna\u021bional\u0103, cum ar fi biserici, cl\u0103diri, muzee, galerii, sculpturi, monumente publice \u0219i case publice \u00een stil baroc, clasic, neo-renascentist, eclectic \u0219i Art Nouveau..<\/p>\n<p>Dar s\u0103 nu uit\u0103m nici de suburbii, care ne ofer\u0103 mai multe locuri de vizitat, cum ar fi cel mai \u00eenalt punct al ora\u0219ului, Platoul Cornesti, gr\u0103dina zoologic\u0103 local\u0103 \u0219i o cale ferat\u0103 care este foarte popular\u0103 printre copii, pe care localnicii o numesc \u201ecalea ferat\u0103 a copiilor\u201d.<\/p>\n<p>Desigur, suntem \u00een Transilvania, iar burticile noastre merit\u0103 s\u0103 fie r\u0103sf\u0103\u021bate \u0219i cu specialit\u0103\u021bi locale. De exemplu, exist\u0103 sup\u0103 de chiftelu\u021be, varz\u0103 umplut\u0103, toc\u0103ni\u021b\u0103 transilv\u0103nean\u0103 , pr\u0103jitur\u0103 cu porumb dulce \u0219i pr\u0103jitur\u0103 cu chimen transilv\u0103nean. Pentru a completa aceste m\u00e2nc\u0103ruri copioase, un aperitiv, cum ar fi o palinc\u0103 bun\u0103, este adesea la ordinea zilei!  <\/p>\n<p>Dori\u021bi s\u0103 be\u021bi o cea\u0219c\u0103 de cafea dup\u0103 micul dejun sau dup\u0103 pr\u00e2nz? V\u0103 invit\u0103m s\u0103 vizita\u021bi biroul nostru proasp\u0103t vopsit, situat aproape de monumentele istorice, de pia\u021ba principal\u0103 \u0219i de marcajul kilometric 0. <strong>Echipa noastr\u0103<\/strong> va fi \u00eenc\u00e2ntat\u0103 s\u0103 \u00eent\u00e2mpine \u0219i s\u0103 ajute candida\u021bii interesa\u021bi. <\/p>","protected":false},"excerpt":{"rendered":"<p>Biroul nostru situat \u00een T\u00e2rgu Mure\u0219 a fost deschis \u00een prim\u0103vara anului 2021 \u00een Transilvania. Este \u00eenconjurat de un peisaj [&hellip;]<\/p>\n","protected":false},"author":1,"featured_media":0,"template":"","meta":{"_acf_changed":false,"footnotes":""},"class_list":["post-48633","agence","type-agence","status-publish","hentry"],"acf":[],"yoast_head":"<!-- This site is optimized with the Yoast SEO plugin v26.8 - https:\/\/yoast.com\/product\/yoast-seo-wordpress\/ -->\n<title>Agence AB2PRO din T\u00e2rgu Mure\u015f - AB2PRO<\/title>\n<meta name=\"robots\" content=\"index, follow, max-snippet:-1, max-image-preview:large, max-video-preview:-1\" \/>\n<link rel=\"canonical\" href=\"https:\/\/www.ab2pro.com\/ro\/agences\/agentia-b2pro-targu-mures\/\" \/>\n<meta property=\"og:locale\" content=\"ro_RO\" \/>\n<meta property=\"og:type\" content=\"article\" \/>\n<meta property=\"og:title\" content=\"Agence AB2PRO din T\u00e2rgu Mure\u015f - AB2PRO\" \/>\n<meta property=\"og:description\" content=\"Biroul nostru situat \u00een T\u00e2rgu Mure\u0219 a fost deschis \u00een prim\u0103vara anului 2021 \u00een Transilvania. Este \u00eenconjurat de un peisaj [&hellip;]\" \/>\n<meta property=\"og:url\" content=\"https:\/\/www.ab2pro.com\/ro\/agences\/agentia-b2pro-targu-mures\/\" \/>\n<meta property=\"og:site_name\" content=\"AB2PRO\" \/>\n<meta property=\"article:modified_time\" content=\"2025-06-23T10:36:14+00:00\" \/>\n<meta property=\"og:image\" content=\"https:\/\/www.ab2pro.com\/wp-content\/uploads\/2020\/11\/fond-home.jpg\" \/>\n\t<meta property=\"og:image:width\" content=\"1920\" \/>\n\t<meta property=\"og:image:height\" content=\"600\" \/>\n\t<meta property=\"og:image:type\" content=\"image\/jpeg\" \/>\n<meta name=\"twitter:card\" content=\"summary_large_image\" \/>\n<meta name=\"twitter:label1\" content=\"Timp estimat pentru citire\" \/>\n\t<meta name=\"twitter:data1\" content=\"3 minute\" \/>\n<script type=\"application\/ld+json\" class=\"yoast-schema-graph\">{\"@context\":\"https:\/\/schema.org\",\"@graph\":[{\"@type\":\"WebPage\",\"@id\":\"https:\/\/www.ab2pro.com\/ro\/agences\/agentia-b2pro-targu-mures\/\",\"url\":\"https:\/\/www.ab2pro.com\/ro\/agences\/agentia-b2pro-targu-mures\/\",\"name\":\"Agence AB2PRO din T\u00e2rgu Mure\u015f - AB2PRO\",\"isPartOf\":{\"@id\":\"https:\/\/www.ab2pro.com\/ro\/#website\"},\"datePublished\":\"2023-11-07T10:24:40+00:00\",\"dateModified\":\"2025-06-23T10:36:14+00:00\",\"breadcrumb\":{\"@id\":\"https:\/\/www.ab2pro.com\/ro\/agences\/agentia-b2pro-targu-mures\/#breadcrumb\"},\"inLanguage\":\"ro-RO\",\"potentialAction\":[{\"@type\":\"ReadAction\",\"target\":[\"https:\/\/www.ab2pro.com\/ro\/agences\/agentia-b2pro-targu-mures\/\"]}]},{\"@type\":\"BreadcrumbList\",\"@id\":\"https:\/\/www.ab2pro.com\/ro\/agences\/agentia-b2pro-targu-mures\/#breadcrumb\",\"itemListElement\":[{\"@type\":\"ListItem\",\"position\":1,\"name\":\"Accueil\",\"item\":\"https:\/\/www.ab2pro.com\/ro\/\"},{\"@type\":\"ListItem\",\"position\":2,\"name\":\"Agences\",\"item\":\"https:\/\/www.ab2pro.com\/ro\/agences\/\"},{\"@type\":\"ListItem\",\"position\":3,\"name\":\"Agence AB2PRO din T\u00e2rgu Mure\u015f\"}]},{\"@type\":\"WebSite\",\"@id\":\"https:\/\/www.ab2pro.com\/ro\/#website\",\"url\":\"https:\/\/www.ab2pro.com\/ro\/\",\"name\":\"AB2PRO\",\"description\":\"Agence d&#039;emploi sp\u00e9cialis\u00e9e dans le recrutement de travailleurs europ\u00e9ens\",\"publisher\":{\"@id\":\"https:\/\/www.ab2pro.com\/ro\/#organization\"},\"potentialAction\":[{\"@type\":\"SearchAction\",\"target\":{\"@type\":\"EntryPoint\",\"urlTemplate\":\"https:\/\/www.ab2pro.com\/ro\/?s={search_term_string}\"},\"query-input\":{\"@type\":\"PropertyValueSpecification\",\"valueRequired\":true,\"valueName\":\"search_term_string\"}}],\"inLanguage\":\"ro-RO\"},{\"@type\":\"Organization\",\"@id\":\"https:\/\/www.ab2pro.com\/ro\/#organization\",\"name\":\"AB2PRO\",\"url\":\"https:\/\/www.ab2pro.com\/ro\/\",\"logo\":{\"@type\":\"ImageObject\",\"inLanguage\":\"ro-RO\",\"@id\":\"https:\/\/www.ab2pro.com\/ro\/#\/schema\/logo\/image\/\",\"url\":\"https:\/\/www.ab2pro.com\/wp-content\/uploads\/2020\/11\/logo-profil.png\",\"contentUrl\":\"https:\/\/www.ab2pro.com\/wp-content\/uploads\/2020\/11\/logo-profil.png\",\"width\":230,\"height\":47,\"caption\":\"AB2PRO\"},\"image\":{\"@id\":\"https:\/\/www.ab2pro.com\/ro\/#\/schema\/logo\/image\/\"}}]}<\/script>\n<!-- \/ Yoast SEO plugin. -->","yoast_head_json":{"title":"Agence AB2PRO din T\u00e2rgu Mure\u015f - AB2PRO","robots":{"index":"index","follow":"follow","max-snippet":"max-snippet:-1","max-image-preview":"max-image-preview:large","max-video-preview":"max-video-preview:-1"},"canonical":"https:\/\/www.ab2pro.com\/ro\/agences\/agentia-b2pro-targu-mures\/","og_locale":"ro_RO","og_type":"article","og_title":"Agence AB2PRO din T\u00e2rgu Mure\u015f - AB2PRO","og_description":"Biroul nostru situat \u00een T\u00e2rgu Mure\u0219 a fost deschis \u00een prim\u0103vara anului 2021 \u00een Transilvania. Este \u00eenconjurat de un peisaj [&hellip;]","og_url":"https:\/\/www.ab2pro.com\/ro\/agences\/agentia-b2pro-targu-mures\/","og_site_name":"AB2PRO","article_modified_time":"2025-06-23T10:36:14+00:00","og_image":[{"width":1920,"height":600,"url":"https:\/\/www.ab2pro.com\/wp-content\/uploads\/2020\/11\/fond-home.jpg","type":"image\/jpeg"}],"twitter_card":"summary_large_image","twitter_misc":{"Timp estimat pentru citire":"3 minute"},"schema":{"@context":"https:\/\/schema.org","@graph":[{"@type":"WebPage","@id":"https:\/\/www.ab2pro.com\/ro\/agences\/agentia-b2pro-targu-mures\/","url":"https:\/\/www.ab2pro.com\/ro\/agences\/agentia-b2pro-targu-mures\/","name":"Agence AB2PRO din T\u00e2rgu Mure\u015f - AB2PRO","isPartOf":{"@id":"https:\/\/www.ab2pro.com\/ro\/#website"},"datePublished":"2023-11-07T10:24:40+00:00","dateModified":"2025-06-23T10:36:14+00:00","breadcrumb":{"@id":"https:\/\/www.ab2pro.com\/ro\/agences\/agentia-b2pro-targu-mures\/#breadcrumb"},"inLanguage":"ro-RO","potentialAction":[{"@type":"ReadAction","target":["https:\/\/www.ab2pro.com\/ro\/agences\/agentia-b2pro-targu-mures\/"]}]},{"@type":"BreadcrumbList","@id":"https:\/\/www.ab2pro.com\/ro\/agences\/agentia-b2pro-targu-mures\/#breadcrumb","itemListElement":[{"@type":"ListItem","position":1,"name":"Accueil","item":"https:\/\/www.ab2pro.com\/ro\/"},{"@type":"ListItem","position":2,"name":"Agences","item":"https:\/\/www.ab2pro.com\/ro\/agences\/"},{"@type":"ListItem","position":3,"name":"Agence AB2PRO din T\u00e2rgu Mure\u015f"}]},{"@type":"WebSite","@id":"https:\/\/www.ab2pro.com\/ro\/#website","url":"https:\/\/www.ab2pro.com\/ro\/","name":"AB2PRO","description":"Agence d&#039;emploi sp\u00e9cialis\u00e9e dans le recrutement de travailleurs europ\u00e9ens","publisher":{"@id":"https:\/\/www.ab2pro.com\/ro\/#organization"},"potentialAction":[{"@type":"SearchAction","target":{"@type":"EntryPoint","urlTemplate":"https:\/\/www.ab2pro.com\/ro\/?s={search_term_string}"},"query-input":{"@type":"PropertyValueSpecification","valueRequired":true,"valueName":"search_term_string"}}],"inLanguage":"ro-RO"},{"@type":"Organization","@id":"https:\/\/www.ab2pro.com\/ro\/#organization","name":"AB2PRO","url":"https:\/\/www.ab2pro.com\/ro\/","logo":{"@type":"ImageObject","inLanguage":"ro-RO","@id":"https:\/\/www.ab2pro.com\/ro\/#\/schema\/logo\/image\/","url":"https:\/\/www.ab2pro.com\/wp-content\/uploads\/2020\/11\/logo-profil.png","contentUrl":"https:\/\/www.ab2pro.com\/wp-content\/uploads\/2020\/11\/logo-profil.png","width":230,"height":47,"caption":"AB2PRO"},"image":{"@id":"https:\/\/www.ab2pro.com\/ro\/#\/schema\/logo\/image\/"}}]}},"_links":{"self":[{"href":"https:\/\/www.ab2pro.com\/ro\/wp-json\/wp\/v2\/agence\/48633","targetHints":{"allow":["GET"]}}],"collection":[{"href":"https:\/\/www.ab2pro.com\/ro\/wp-json\/wp\/v2\/agence"}],"about":[{"href":"https:\/\/www.ab2pro.com\/ro\/wp-json\/wp\/v2\/types\/agence"}],"author":[{"embeddable":true,"href":"https:\/\/www.ab2pro.com\/ro\/wp-json\/wp\/v2\/users\/1"}],"version-history":[{"count":0,"href":"https:\/\/www.ab2pro.com\/ro\/wp-json\/wp\/v2\/agence\/48633\/revisions"}],"wp:attachment":[{"href":"https:\/\/www.ab2pro.com\/ro\/wp-json\/wp\/v2\/media?parent=48633"}],"curies":[{"name":"wp","href":"https:\/\/api.w.org\/{rel}","templated":true}]}}

Agence AB2PRO din Târgu Mureş

<p data-pm-slice="0 0 []"><strong>Biroul nostru situat în Târgu Mureș a fost deschis în primăvara anului 2021</strong> în Transilvania. Este înconjurat de un peisaj natural minunat și variat. Aici puteți face cunoștință cu <strong>echipa noastră,</strong> care este pasionată să ajute lucrătorii temporari cu misiunile lor!</p>
<p><strong>Echipa noastră , </strong>pasionată și implicată este specializată în recrutarea pentru Ungaria. Entuziasmul lor pentru găsirea celor mai bune talente face din fiecare recrutare o aventură umană de succes, cu o atenție constantă acordată sprijinirii și integrării candidaților. </p>
<p>Orașul este situat într-o zonă locuită încă din epoca neolitică și este situat în centrul Transilvaniei, pe ambele maluri ale râului Mureș. Din punct de vedere istoric, Târgu Mureș a suferit foarte mult, atât din cauza ravagiilor turcilor, cât și a jafurilor împăratului Leopold. Cu toate acestea, orașul a reușit întotdeauna să își revină. </p>
<p>Adevărata dezvoltare a orașului a început în 1902. Acesta a fost, sub conducerea primarului, complet reconstruit. În această perioadă, străzile vechi și noi ale orașului au fost împodobite cu flori și copaci. De atunci, Târgu Mureș a fost cunoscut drept „orașul florilor”. Puteți începe prin a vă plimba de-a lungul Pieței Trandafirilor și a numeroaselor sale clădiri baroce și Art Nouveau. Apoi vă puteți lăsa ghidați spre castelul cu patru bastioane din partea de sud-vest, unde se remarcă turnul bisericii, care ne oferă o atmosferă tipică secolului al XVII-lea.   </p>
<p>Printre numeroasele monumente se numără cele de origine internațională, cum ar fi biserici, clădiri, muzee, galerii, sculpturi, monumente publice și case publice în stil baroc, clasic, neo-renascentist, eclectic și Art Nouveau..</p>
<p>Dar să nu uităm nici de suburbii, care ne oferă mai multe locuri de vizitat, cum ar fi cel mai înalt punct al orașului, Platoul Cornesti, grădina zoologică locală și o cale ferată care este foarte populară printre copii, pe care localnicii o numesc „calea ferată a copiilor”.</p>
<p>Desigur, suntem în Transilvania, iar burticile noastre merită să fie răsfățate și cu specialități locale. De exemplu, există supă de chifteluțe, varză umplută, tocăniță transilvăneană , prăjitură cu porumb dulce și prăjitură cu chimen transilvănean. Pentru a completa aceste mâncăruri copioase, un aperitiv, cum ar fi o palincă bună, este adesea la ordinea zilei!  </p>
<p>Doriți să beți o ceașcă de cafea după micul dejun sau după prânz? Vă invităm să vizitați biroul nostru proaspăt vopsit, situat aproape de monumentele istorice, de piața principală și de marcajul kilometric 0. <strong>Echipa noastră</strong> va fi încântată să întâmpine și să ajute candidații interesați. </p>

<p>Biroul nostru situat în Târgu Mureș a fost deschis în primăvara anului 2021 în Transilvania. Este înconjurat de un peisaj [&hellip;]</p>

<!-- This site is optimized with the Yoast SEO plugin v26.8 - https://yoast.com/product/yoast-seo-wordpress/ -->
<title>Agence AB2PRO din Târgu Mureş - AB2PRO</title>
<meta name="robots" content="index, follow, max-snippet:-1, max-image-preview:large, max-video-preview:-1" />
<link rel="canonical" href="https://www.ab2pro.com/ro/agences/agentia-b2pro-targu-mures/" />
<meta property="og:locale" content="ro_RO" />
<meta property="og:type" content="article" />
<meta property="og:title" content="Agence AB2PRO din Târgu Mureş - AB2PRO" />
<meta property="og:description" content="Biroul nostru situat în Târgu Mureș a fost deschis în primăvara anului 2021 în Transilvania. Este înconjurat de un peisaj [&hellip;]" />
<meta property="og:url" content="https://www.ab2pro.com/ro/agences/agentia-b2pro-targu-mures/" />
<meta property="og:site_name" content="AB2PRO" />
<meta property="article:modified_time" content="2025-06-23T10:36:14+00:00" />
<meta property="og:image" content="https://www.ab2pro.com/wp-content/uploads/2020/11/fond-home.jpg" />
	<meta property="og:image:width" content="1920" />
	<meta property="og:image:height" content="600" />
	<meta property="og:image:type" content="image/jpeg" />
<meta name="twitter:card" content="summary_large_image" />
<meta name="twitter:label1" content="Timp estimat pentru citire" />
	<meta name="twitter:data1" content="3 minute" />
<script type="application/ld+json" class="yoast-schema-graph">{"@context":"https://schema.org","@graph":[{"@type":"WebPage","@id":"https://www.ab2pro.com/ro/agences/agentia-b2pro-targu-mures/","url":"https://www.ab2pro.com/ro/agences/agentia-b2pro-targu-mures/","name":"Agence AB2PRO din Târgu Mureş - AB2PRO","isPartOf":{"@id":"https://www.ab2pro.com/ro/#website"},"datePublished":"2023-11-07T10:24:40+00:00","dateModified":"2025-06-23T10:36:14+00:00","breadcrumb":{"@id":"https://www.ab2pro.com/ro/agences/agentia-b2pro-targu-mures/#breadcrumb"},"inLanguage":"ro-RO","potentialAction":[{"@type":"ReadAction","target":["https://www.ab2pro.com/ro/agences/agentia-b2pro-targu-mures/"]}]},{"@type":"BreadcrumbList","@id":"https://www.ab2pro.com/ro/agences/agentia-b2pro-targu-mures/#breadcrumb","itemListElement":[{"@type":"ListItem","position":1,"name":"Accueil","item":"https://www.ab2pro.com/ro/"},{"@type":"ListItem","position":2,"name":"Agences","item":"https://www.ab2pro.com/ro/agences/"},{"@type":"ListItem","position":3,"name":"Agence AB2PRO din Târgu Mureş"}]},{"@type":"WebSite","@id":"https://www.ab2pro.com/ro/#website","url":"https://www.ab2pro.com/ro/","name":"AB2PRO","description":"Agence d&#039;emploi spécialisée dans le recrutement de travailleurs européens","publisher":{"@id":"https://www.ab2pro.com/ro/#organization"},"potentialAction":[{"@type":"SearchAction","target":{"@type":"EntryPoint","urlTemplate":"https://www.ab2pro.com/ro/?s={search_term_string}"},"query-input":{"@type":"PropertyValueSpecification","valueRequired":true,"valueName":"search_term_string"}}],"inLanguage":"ro-RO"},{"@type":"Organization","@id":"https://www.ab2pro.com/ro/#organization","name":"AB2PRO","url":"https://www.ab2pro.com/ro/","logo":{"@type":"ImageObject","inLanguage":"ro-RO","@id":"https://www.ab2pro.com/ro/#/schema/logo/image/","url":"https://www.ab2pro.com/wp-content/uploads/2020/11/logo-profil.png","contentUrl":"https://www.ab2pro.com/wp-content/uploads/2020/11/logo-profil.png","width":230,"height":47,"caption":"AB2PRO"},"image":{"@id":"https://www.ab2pro.com/ro/#/schema/logo/image/"}}]}</script>
<!-- / Yoast SEO plugin. -->

Agence AB2PRO din Târgu Mureş - AB2PRO

Biroul nostru situat în Târgu Mureș a fost deschis în primăvara anului 2021 în Transilvania. Este înconjurat de un peisaj [&hellip;]

Agence d&#039;emploi spécialisée dans le recrutement de travailleurs européens
