
{"id":48661,"date":"2023-11-07T11:55:25","date_gmt":"2023-11-07T10:55:25","guid":{"rendered":"https:\/\/www.ab2pro.com\/?post_type=agence&#038;p=48661"},"modified":"2025-06-20T14:20:08","modified_gmt":"2025-06-20T12:20:08","slug":"agentia-ab2pro-rennes","status":"publish","type":"agence","link":"https:\/\/www.ab2pro.com\/ro\/agences\/agentia-ab2pro-rennes\/","title":{"rendered":"Agen\u021bia AB2PRO Rennes"},"content":{"rendered":"<p data-pm-slice=\"0 0 []\"><strong>La agen\u021bia noastr\u0103 de munc\u0103 temporar\u0103 din Rennes<\/strong>, oferim mult mai mult dec\u00e2t un contract de munc\u0103. Oferim o experien\u021b\u0103 profesional\u0103 unic\u0103, personalizat\u0103 \u0219i plin\u0103 de satisfac\u021bii. Face\u021bi cuno\u0219tin\u021b\u0103 cu <strong>Fabien,<\/strong> directorul agen\u021biei noastre, \u0219i <strong>cu echipa sa pasionat\u0103 \u0219i implicat\u0103, <\/strong>dedicat\u0103 s\u0103 v\u0103 sprijine cu profesionalism \u0219i amabilitate.  <\/p>\n<p>Fabien, cu experien\u021ba lui comercial\u0103, este partenerul dumneavoastr\u0103 privilegiat pentru a \u00een\u021belege nevoile dumneavoastr\u0103 specifice \u0219i pentru a g\u0103si persoana talentat\u0103 perfect\u0103 pentru firma dumneavoastr\u0103. Cunoa\u0219terea am\u0103nun\u021bit\u0103 a pie\u021bei muncii \u0219i angajamentul lui f\u0103r\u0103 cusur v\u0103 garanteaz\u0103 g\u0103sirea celor mai bune solu\u021bii adaptate nevoilor dumneavoastr\u0103 profesionale.<\/p>\n<p>Al\u0103turi de ace\u0219tia, <strong>echipa noastr\u0103<\/strong> specializat\u0103 \u00een recrutare interna\u021bional\u0103 \u00ee\u0219i folose\u0219te cuno\u0219tin\u021bele despre pie\u021be \u0219i re\u021beaua sa de candida\u021bi califica\u021bi pentru a identifica cele mai bune profiluri. Expertiza lor acoper\u0103 recrutarea \u00een Ungaria, Bulgaria \u0219i Rom\u00e2nia, contribuind la diversitatea \u0219i performan\u021ba talentelor oferite. <\/p>\n<p>Echipa noastr\u0103 de exper\u021bi este situat\u0103 in inima minunatei regiuni &#8211; Bretania. Bretania, bijuterie cultural\u0103 a Fran\u021bei, posed\u0103 o istorie bogat\u0103, peisaje superbe si o buc\u0103t\u0103rie bine cunoscut\u0103. Aici pute\u021bi descoperi plaje frumoase, castele impresionante \u0219i o atmosfer\u0103 c\u0103lduroas\u0103 care fac din Bretania o destina\u021bie inconturnabil\u0103.<\/p>\n<p>Nu rata\u021bi ocazia de a lucra cu agen\u021bia noastr\u0103 de recrutare din Rennes \u0219i de a profita de tot ceea ce are Bretania de oferit. <strong>Face\u021bi cuno\u0219tin\u021b\u0103 cu Fabien \u0219i echipa sa<\/strong> ast\u0103zi \u0219i l\u0103sa\u021bi-ne s\u0103 v\u0103 ghid\u0103m c\u0103tre un viitor profesional prosper.<\/p>\n<p><strong>Nu ezita\u021bi s\u0103 ne contacta\u021bi chiar acum <\/strong>pentru a discuta despre nevoile dumneavoastr\u0103 \u00een recrutare \u0219i l\u0103sa\u021bi-ne s\u0103 v\u0103 ar\u0103t\u0103m cum putem contribui la reu\u0219ita dumneavoastr\u0103 profesional\u0103.<\/p>","protected":false},"excerpt":{"rendered":"<p>La agen\u021bia noastr\u0103 de munc\u0103 temporar\u0103 din Rennes, oferim mult mai mult dec\u00e2t un contract de munc\u0103. Oferim o experien\u021b\u0103 [&hellip;]<\/p>\n","protected":false},"author":1,"featured_media":0,"template":"","meta":{"_acf_changed":false,"footnotes":""},"class_list":["post-48661","agence","type-agence","status-publish","hentry"],"acf":[],"yoast_head":"<!-- This site is optimized with the Yoast SEO plugin v26.8 - https:\/\/yoast.com\/product\/yoast-seo-wordpress\/ -->\n<title>Agen\u021bia AB2PRO Rennes - AB2PRO<\/title>\n<meta name=\"robots\" content=\"index, follow, max-snippet:-1, max-image-preview:large, max-video-preview:-1\" \/>\n<link rel=\"canonical\" href=\"https:\/\/www.ab2pro.com\/ro\/agences\/agentia-ab2pro-rennes\/\" \/>\n<meta property=\"og:locale\" content=\"ro_RO\" \/>\n<meta property=\"og:type\" content=\"article\" \/>\n<meta property=\"og:title\" content=\"Agen\u021bia AB2PRO Rennes - AB2PRO\" \/>\n<meta property=\"og:description\" content=\"La agen\u021bia noastr\u0103 de munc\u0103 temporar\u0103 din Rennes, oferim mult mai mult dec\u00e2t un contract de munc\u0103. Oferim o experien\u021b\u0103 [&hellip;]\" \/>\n<meta property=\"og:url\" content=\"https:\/\/www.ab2pro.com\/ro\/agences\/agentia-ab2pro-rennes\/\" \/>\n<meta property=\"og:site_name\" content=\"AB2PRO\" \/>\n<meta property=\"article:modified_time\" content=\"2025-06-20T12:20:08+00:00\" \/>\n<meta property=\"og:image\" content=\"https:\/\/www.ab2pro.com\/wp-content\/uploads\/2020\/11\/fond-home.jpg\" \/>\n\t<meta property=\"og:image:width\" content=\"1920\" \/>\n\t<meta property=\"og:image:height\" content=\"600\" \/>\n\t<meta property=\"og:image:type\" content=\"image\/jpeg\" \/>\n<meta name=\"twitter:card\" content=\"summary_large_image\" \/>\n<script type=\"application\/ld+json\" class=\"yoast-schema-graph\">{\"@context\":\"https:\/\/schema.org\",\"@graph\":[{\"@type\":\"WebPage\",\"@id\":\"https:\/\/www.ab2pro.com\/ro\/agences\/agentia-ab2pro-rennes\/\",\"url\":\"https:\/\/www.ab2pro.com\/ro\/agences\/agentia-ab2pro-rennes\/\",\"name\":\"Agen\u021bia AB2PRO Rennes - AB2PRO\",\"isPartOf\":{\"@id\":\"https:\/\/www.ab2pro.com\/ro\/#website\"},\"datePublished\":\"2023-11-07T10:55:25+00:00\",\"dateModified\":\"2025-06-20T12:20:08+00:00\",\"breadcrumb\":{\"@id\":\"https:\/\/www.ab2pro.com\/ro\/agences\/agentia-ab2pro-rennes\/#breadcrumb\"},\"inLanguage\":\"ro-RO\",\"potentialAction\":[{\"@type\":\"ReadAction\",\"target\":[\"https:\/\/www.ab2pro.com\/ro\/agences\/agentia-ab2pro-rennes\/\"]}]},{\"@type\":\"BreadcrumbList\",\"@id\":\"https:\/\/www.ab2pro.com\/ro\/agences\/agentia-ab2pro-rennes\/#breadcrumb\",\"itemListElement\":[{\"@type\":\"ListItem\",\"position\":1,\"name\":\"Accueil\",\"item\":\"https:\/\/www.ab2pro.com\/ro\/\"},{\"@type\":\"ListItem\",\"position\":2,\"name\":\"Agences\",\"item\":\"https:\/\/www.ab2pro.com\/ro\/agences\/\"},{\"@type\":\"ListItem\",\"position\":3,\"name\":\"Agen\u021bia AB2PRO Rennes\"}]},{\"@type\":\"WebSite\",\"@id\":\"https:\/\/www.ab2pro.com\/ro\/#website\",\"url\":\"https:\/\/www.ab2pro.com\/ro\/\",\"name\":\"AB2PRO\",\"description\":\"Agence d&#039;emploi sp\u00e9cialis\u00e9e dans le recrutement de travailleurs europ\u00e9ens\",\"publisher\":{\"@id\":\"https:\/\/www.ab2pro.com\/ro\/#organization\"},\"potentialAction\":[{\"@type\":\"SearchAction\",\"target\":{\"@type\":\"EntryPoint\",\"urlTemplate\":\"https:\/\/www.ab2pro.com\/ro\/?s={search_term_string}\"},\"query-input\":{\"@type\":\"PropertyValueSpecification\",\"valueRequired\":true,\"valueName\":\"search_term_string\"}}],\"inLanguage\":\"ro-RO\"},{\"@type\":\"Organization\",\"@id\":\"https:\/\/www.ab2pro.com\/ro\/#organization\",\"name\":\"AB2PRO\",\"url\":\"https:\/\/www.ab2pro.com\/ro\/\",\"logo\":{\"@type\":\"ImageObject\",\"inLanguage\":\"ro-RO\",\"@id\":\"https:\/\/www.ab2pro.com\/ro\/#\/schema\/logo\/image\/\",\"url\":\"https:\/\/www.ab2pro.com\/wp-content\/uploads\/2020\/11\/logo-profil.png\",\"contentUrl\":\"https:\/\/www.ab2pro.com\/wp-content\/uploads\/2020\/11\/logo-profil.png\",\"width\":230,\"height\":47,\"caption\":\"AB2PRO\"},\"image\":{\"@id\":\"https:\/\/www.ab2pro.com\/ro\/#\/schema\/logo\/image\/\"}}]}<\/script>\n<!-- \/ Yoast SEO plugin. -->","yoast_head_json":{"title":"Agen\u021bia AB2PRO Rennes - AB2PRO","robots":{"index":"index","follow":"follow","max-snippet":"max-snippet:-1","max-image-preview":"max-image-preview:large","max-video-preview":"max-video-preview:-1"},"canonical":"https:\/\/www.ab2pro.com\/ro\/agences\/agentia-ab2pro-rennes\/","og_locale":"ro_RO","og_type":"article","og_title":"Agen\u021bia AB2PRO Rennes - AB2PRO","og_description":"La agen\u021bia noastr\u0103 de munc\u0103 temporar\u0103 din Rennes, oferim mult mai mult dec\u00e2t un contract de munc\u0103. Oferim o experien\u021b\u0103 [&hellip;]","og_url":"https:\/\/www.ab2pro.com\/ro\/agences\/agentia-ab2pro-rennes\/","og_site_name":"AB2PRO","article_modified_time":"2025-06-20T12:20:08+00:00","og_image":[{"width":1920,"height":600,"url":"https:\/\/www.ab2pro.com\/wp-content\/uploads\/2020\/11\/fond-home.jpg","type":"image\/jpeg"}],"twitter_card":"summary_large_image","schema":{"@context":"https:\/\/schema.org","@graph":[{"@type":"WebPage","@id":"https:\/\/www.ab2pro.com\/ro\/agences\/agentia-ab2pro-rennes\/","url":"https:\/\/www.ab2pro.com\/ro\/agences\/agentia-ab2pro-rennes\/","name":"Agen\u021bia AB2PRO Rennes - AB2PRO","isPartOf":{"@id":"https:\/\/www.ab2pro.com\/ro\/#website"},"datePublished":"2023-11-07T10:55:25+00:00","dateModified":"2025-06-20T12:20:08+00:00","breadcrumb":{"@id":"https:\/\/www.ab2pro.com\/ro\/agences\/agentia-ab2pro-rennes\/#breadcrumb"},"inLanguage":"ro-RO","potentialAction":[{"@type":"ReadAction","target":["https:\/\/www.ab2pro.com\/ro\/agences\/agentia-ab2pro-rennes\/"]}]},{"@type":"BreadcrumbList","@id":"https:\/\/www.ab2pro.com\/ro\/agences\/agentia-ab2pro-rennes\/#breadcrumb","itemListElement":[{"@type":"ListItem","position":1,"name":"Accueil","item":"https:\/\/www.ab2pro.com\/ro\/"},{"@type":"ListItem","position":2,"name":"Agences","item":"https:\/\/www.ab2pro.com\/ro\/agences\/"},{"@type":"ListItem","position":3,"name":"Agen\u021bia AB2PRO Rennes"}]},{"@type":"WebSite","@id":"https:\/\/www.ab2pro.com\/ro\/#website","url":"https:\/\/www.ab2pro.com\/ro\/","name":"AB2PRO","description":"Agence d&#039;emploi sp\u00e9cialis\u00e9e dans le recrutement de travailleurs europ\u00e9ens","publisher":{"@id":"https:\/\/www.ab2pro.com\/ro\/#organization"},"potentialAction":[{"@type":"SearchAction","target":{"@type":"EntryPoint","urlTemplate":"https:\/\/www.ab2pro.com\/ro\/?s={search_term_string}"},"query-input":{"@type":"PropertyValueSpecification","valueRequired":true,"valueName":"search_term_string"}}],"inLanguage":"ro-RO"},{"@type":"Organization","@id":"https:\/\/www.ab2pro.com\/ro\/#organization","name":"AB2PRO","url":"https:\/\/www.ab2pro.com\/ro\/","logo":{"@type":"ImageObject","inLanguage":"ro-RO","@id":"https:\/\/www.ab2pro.com\/ro\/#\/schema\/logo\/image\/","url":"https:\/\/www.ab2pro.com\/wp-content\/uploads\/2020\/11\/logo-profil.png","contentUrl":"https:\/\/www.ab2pro.com\/wp-content\/uploads\/2020\/11\/logo-profil.png","width":230,"height":47,"caption":"AB2PRO"},"image":{"@id":"https:\/\/www.ab2pro.com\/ro\/#\/schema\/logo\/image\/"}}]}},"_links":{"self":[{"href":"https:\/\/www.ab2pro.com\/ro\/wp-json\/wp\/v2\/agence\/48661","targetHints":{"allow":["GET"]}}],"collection":[{"href":"https:\/\/www.ab2pro.com\/ro\/wp-json\/wp\/v2\/agence"}],"about":[{"href":"https:\/\/www.ab2pro.com\/ro\/wp-json\/wp\/v2\/types\/agence"}],"author":[{"embeddable":true,"href":"https:\/\/www.ab2pro.com\/ro\/wp-json\/wp\/v2\/users\/1"}],"version-history":[{"count":0,"href":"https:\/\/www.ab2pro.com\/ro\/wp-json\/wp\/v2\/agence\/48661\/revisions"}],"wp:attachment":[{"href":"https:\/\/www.ab2pro.com\/ro\/wp-json\/wp\/v2\/media?parent=48661"}],"curies":[{"name":"wp","href":"https:\/\/api.w.org\/{rel}","templated":true}]}}

Agenția AB2PRO Rennes

<p data-pm-slice="0 0 []"><strong>La agenția noastră de muncă temporară din Rennes</strong>, oferim mult mai mult decât un contract de muncă. Oferim o experiență profesională unică, personalizată și plină de satisfacții. Faceți cunoștință cu <strong>Fabien,</strong> directorul agenției noastre, și <strong>cu echipa sa pasionată și implicată, </strong>dedicată să vă sprijine cu profesionalism și amabilitate.  </p>
<p>Fabien, cu experiența lui comercială, este partenerul dumneavoastră privilegiat pentru a înțelege nevoile dumneavoastră specifice și pentru a găsi persoana talentată perfectă pentru firma dumneavoastră. Cunoașterea amănunțită a pieței muncii și angajamentul lui fără cusur vă garantează găsirea celor mai bune soluții adaptate nevoilor dumneavoastră profesionale.</p>
<p>Alături de aceștia, <strong>echipa noastră</strong> specializată în recrutare internațională își folosește cunoștințele despre piețe și rețeaua sa de candidați calificați pentru a identifica cele mai bune profiluri. Expertiza lor acoperă recrutarea în Ungaria, Bulgaria și România, contribuind la diversitatea și performanța talentelor oferite. </p>
<p>Echipa noastră de experți este situată in inima minunatei regiuni &#8211; Bretania. Bretania, bijuterie culturală a Franței, posedă o istorie bogată, peisaje superbe si o bucătărie bine cunoscută. Aici puteți descoperi plaje frumoase, castele impresionante și o atmosferă călduroasă care fac din Bretania o destinație inconturnabilă.</p>
<p>Nu ratați ocazia de a lucra cu agenția noastră de recrutare din Rennes și de a profita de tot ceea ce are Bretania de oferit. <strong>Faceți cunoștință cu Fabien și echipa sa</strong> astăzi și lăsați-ne să vă ghidăm către un viitor profesional prosper.</p>
<p><strong>Nu ezitați să ne contactați chiar acum </strong>pentru a discuta despre nevoile dumneavoastră în recrutare și lăsați-ne să vă arătăm cum putem contribui la reușita dumneavoastră profesională.</p>

<p>La agenția noastră de muncă temporară din Rennes, oferim mult mai mult decât un contract de muncă. Oferim o experiență [&hellip;]</p>

<!-- This site is optimized with the Yoast SEO plugin v26.8 - https://yoast.com/product/yoast-seo-wordpress/ -->
<title>Agenția AB2PRO Rennes - AB2PRO</title>
<meta name="robots" content="index, follow, max-snippet:-1, max-image-preview:large, max-video-preview:-1" />
<link rel="canonical" href="https://www.ab2pro.com/ro/agences/agentia-ab2pro-rennes/" />
<meta property="og:locale" content="ro_RO" />
<meta property="og:type" content="article" />
<meta property="og:title" content="Agenția AB2PRO Rennes - AB2PRO" />
<meta property="og:description" content="La agenția noastră de muncă temporară din Rennes, oferim mult mai mult decât un contract de muncă. Oferim o experiență [&hellip;]" />
<meta property="og:url" content="https://www.ab2pro.com/ro/agences/agentia-ab2pro-rennes/" />
<meta property="og:site_name" content="AB2PRO" />
<meta property="article:modified_time" content="2025-06-20T12:20:08+00:00" />
<meta property="og:image" content="https://www.ab2pro.com/wp-content/uploads/2020/11/fond-home.jpg" />
	<meta property="og:image:width" content="1920" />
	<meta property="og:image:height" content="600" />
	<meta property="og:image:type" content="image/jpeg" />
<meta name="twitter:card" content="summary_large_image" />
<script type="application/ld+json" class="yoast-schema-graph">{"@context":"https://schema.org","@graph":[{"@type":"WebPage","@id":"https://www.ab2pro.com/ro/agences/agentia-ab2pro-rennes/","url":"https://www.ab2pro.com/ro/agences/agentia-ab2pro-rennes/","name":"Agenția AB2PRO Rennes - AB2PRO","isPartOf":{"@id":"https://www.ab2pro.com/ro/#website"},"datePublished":"2023-11-07T10:55:25+00:00","dateModified":"2025-06-20T12:20:08+00:00","breadcrumb":{"@id":"https://www.ab2pro.com/ro/agences/agentia-ab2pro-rennes/#breadcrumb"},"inLanguage":"ro-RO","potentialAction":[{"@type":"ReadAction","target":["https://www.ab2pro.com/ro/agences/agentia-ab2pro-rennes/"]}]},{"@type":"BreadcrumbList","@id":"https://www.ab2pro.com/ro/agences/agentia-ab2pro-rennes/#breadcrumb","itemListElement":[{"@type":"ListItem","position":1,"name":"Accueil","item":"https://www.ab2pro.com/ro/"},{"@type":"ListItem","position":2,"name":"Agences","item":"https://www.ab2pro.com/ro/agences/"},{"@type":"ListItem","position":3,"name":"Agenția AB2PRO Rennes"}]},{"@type":"WebSite","@id":"https://www.ab2pro.com/ro/#website","url":"https://www.ab2pro.com/ro/","name":"AB2PRO","description":"Agence d&#039;emploi spécialisée dans le recrutement de travailleurs européens","publisher":{"@id":"https://www.ab2pro.com/ro/#organization"},"potentialAction":[{"@type":"SearchAction","target":{"@type":"EntryPoint","urlTemplate":"https://www.ab2pro.com/ro/?s={search_term_string}"},"query-input":{"@type":"PropertyValueSpecification","valueRequired":true,"valueName":"search_term_string"}}],"inLanguage":"ro-RO"},{"@type":"Organization","@id":"https://www.ab2pro.com/ro/#organization","name":"AB2PRO","url":"https://www.ab2pro.com/ro/","logo":{"@type":"ImageObject","inLanguage":"ro-RO","@id":"https://www.ab2pro.com/ro/#/schema/logo/image/","url":"https://www.ab2pro.com/wp-content/uploads/2020/11/logo-profil.png","contentUrl":"https://www.ab2pro.com/wp-content/uploads/2020/11/logo-profil.png","width":230,"height":47,"caption":"AB2PRO"},"image":{"@id":"https://www.ab2pro.com/ro/#/schema/logo/image/"}}]}</script>
<!-- / Yoast SEO plugin. -->

Agenția AB2PRO Rennes - AB2PRO

La agenția noastră de muncă temporară din Rennes, oferim mult mai mult decât un contract de muncă. Oferim o experiență [&hellip;]

Agence d&#039;emploi spécialisée dans le recrutement de travailleurs européens
