
{"id":48722,"date":"2023-11-07T12:26:24","date_gmt":"2023-11-07T11:26:24","guid":{"rendered":"https:\/\/www.ab2pro.com\/?post_type=agence&#038;p=48722"},"modified":"2025-06-20T14:31:34","modified_gmt":"2025-06-20T12:31:34","slug":"agentia-ab2pro-lyon","status":"publish","type":"agence","link":"https:\/\/www.ab2pro.com\/ro\/agences\/agentia-ab2pro-lyon\/","title":{"rendered":"Agen\u021bia AB2PRO Lyon"},"content":{"rendered":"<p data-pm-slice=\"0 0 []\"><strong>Bine a\u021bi venit la AB2PRO Lyon, partenerul dumneavoastr\u0103 de recrutare \u00een regiunea Rh\u00f4ne-Alpes!<\/strong><\/p>\n<p>AB2PRO Lyon este un actor cheie \u00een domeniul recrut\u0103rii \u00een regiune. \u00cen frunte cu <strong>Dominique,<\/strong> directorul sucursalei, ne punem toat\u0103 expertiza la dispozi\u021bia companiilor \u0219i a candida\u021bilor pentru a ne asigura c\u0103 recrutarea este eficient\u0103 \u0219i adaptat\u0103 nevoilor lor. <strong>Al\u0103turi de el, echipa noastr\u0103<\/strong> ac\u021bioneaz\u0103 ca o leg\u0103tur\u0103 \u00eentre companii \u0219i talente, identific\u00e2nd cele mai bune oportunit\u0103\u021bi \u0219i garant\u00e2nd un sprijin personalizat. De asemenea, se asigur\u0103 c\u0103 agen\u021bia func\u021bioneaz\u0103 f\u0103r\u0103 probleme \u0219i faciliteaz\u0103 urm\u0103rirea administrativ\u0103 pentru a garanta buna desf\u0103\u0219urare a misiunilor.  <\/p>\n<p><strong>Echipa noastr\u0103 de responsabili cu recrutarea<\/strong> joac\u0103 un rol esen\u021bial \u00een selectarea talentelor. Datorit\u0103 profesionalismului lor \u0219i a capacit\u0103\u021bii lor de a \u00een\u021belege nevoile specifice ale fiec\u0103rui client, ei garanteaz\u0103 o recrutare de calitate. Ei sunt aten\u021bi, receptivi \u0219i se angajeaz\u0103 s\u0103 ofere fiec\u0103rei companii un serviciu personalizat \u0219i fiec\u0103rui candidat o experien\u021b\u0103 plin\u0103 de satisfac\u021bii.  <\/p>\n<p>Situat\u0103 \u00een Cailloux-sur-Fontaines, la periferia ora\u0219ului Lyon, agen\u021bia noastr\u0103 beneficiaz\u0103 de o pozi\u021bie strategic\u0103, aproape de principalele centre economice \u0219i de transport. Lyon, capital\u0103 gastronomic\u0103 \u0219i un ora\u0219 cu un patrimoniu unic, ofer\u0103 un mediu de via\u021b\u0103 dinamic \u0219i atractiv. <\/p>\n<p>Fie c\u0103 sunte\u021bi o companie \u00een c\u0103utare de talente sau un candidat \u00een c\u0103utarea unei misiuni, <strong>Dominique \u0219i echipa lui <\/strong>v\u0103 vor sprijini cu profesionalism \u0219i angajament. <strong>Contacta\u021bi-ne ast\u0103zi<\/strong> \u0219i haide\u021bi s\u0103 v\u0103 construim viitorul profesional \u00eempreun\u0103!<\/p>","protected":false},"excerpt":{"rendered":"<p>Bine a\u021bi venit la AB2PRO Lyon, partenerul dumneavoastr\u0103 de recrutare \u00een regiunea Rh\u00f4ne-Alpes! AB2PRO Lyon este un actor cheie \u00een [&hellip;]<\/p>\n","protected":false},"author":1,"featured_media":0,"template":"","meta":{"_acf_changed":false,"footnotes":""},"class_list":["post-48722","agence","type-agence","status-publish","hentry"],"acf":[],"yoast_head":"<!-- This site is optimized with the Yoast SEO plugin v26.8 - https:\/\/yoast.com\/product\/yoast-seo-wordpress\/ -->\n<title>Agen\u021bia AB2PRO Lyon - AB2PRO<\/title>\n<meta name=\"robots\" content=\"index, follow, max-snippet:-1, max-image-preview:large, max-video-preview:-1\" \/>\n<link rel=\"canonical\" href=\"https:\/\/www.ab2pro.com\/ro\/agences\/agentia-ab2pro-lyon\/\" \/>\n<meta property=\"og:locale\" content=\"ro_RO\" \/>\n<meta property=\"og:type\" content=\"article\" \/>\n<meta property=\"og:title\" content=\"Agen\u021bia AB2PRO Lyon - AB2PRO\" \/>\n<meta property=\"og:description\" content=\"Bine a\u021bi venit la AB2PRO Lyon, partenerul dumneavoastr\u0103 de recrutare \u00een regiunea Rh\u00f4ne-Alpes! AB2PRO Lyon este un actor cheie \u00een [&hellip;]\" \/>\n<meta property=\"og:url\" content=\"https:\/\/www.ab2pro.com\/ro\/agences\/agentia-ab2pro-lyon\/\" \/>\n<meta property=\"og:site_name\" content=\"AB2PRO\" \/>\n<meta property=\"article:modified_time\" content=\"2025-06-20T12:31:34+00:00\" \/>\n<meta property=\"og:image\" content=\"https:\/\/www.ab2pro.com\/wp-content\/uploads\/2020\/11\/fond-home.jpg\" \/>\n\t<meta property=\"og:image:width\" content=\"1920\" \/>\n\t<meta property=\"og:image:height\" content=\"600\" \/>\n\t<meta property=\"og:image:type\" content=\"image\/jpeg\" \/>\n<meta name=\"twitter:card\" content=\"summary_large_image\" \/>\n<meta name=\"twitter:label1\" content=\"Timp estimat pentru citire\" \/>\n\t<meta name=\"twitter:data1\" content=\"2 minute\" \/>\n<script type=\"application\/ld+json\" class=\"yoast-schema-graph\">{\"@context\":\"https:\/\/schema.org\",\"@graph\":[{\"@type\":\"WebPage\",\"@id\":\"https:\/\/www.ab2pro.com\/ro\/agences\/agentia-ab2pro-lyon\/\",\"url\":\"https:\/\/www.ab2pro.com\/ro\/agences\/agentia-ab2pro-lyon\/\",\"name\":\"Agen\u021bia AB2PRO Lyon - AB2PRO\",\"isPartOf\":{\"@id\":\"https:\/\/www.ab2pro.com\/ro\/#website\"},\"datePublished\":\"2023-11-07T11:26:24+00:00\",\"dateModified\":\"2025-06-20T12:31:34+00:00\",\"breadcrumb\":{\"@id\":\"https:\/\/www.ab2pro.com\/ro\/agences\/agentia-ab2pro-lyon\/#breadcrumb\"},\"inLanguage\":\"ro-RO\",\"potentialAction\":[{\"@type\":\"ReadAction\",\"target\":[\"https:\/\/www.ab2pro.com\/ro\/agences\/agentia-ab2pro-lyon\/\"]}]},{\"@type\":\"BreadcrumbList\",\"@id\":\"https:\/\/www.ab2pro.com\/ro\/agences\/agentia-ab2pro-lyon\/#breadcrumb\",\"itemListElement\":[{\"@type\":\"ListItem\",\"position\":1,\"name\":\"Accueil\",\"item\":\"https:\/\/www.ab2pro.com\/ro\/\"},{\"@type\":\"ListItem\",\"position\":2,\"name\":\"Agences\",\"item\":\"https:\/\/www.ab2pro.com\/ro\/agences\/\"},{\"@type\":\"ListItem\",\"position\":3,\"name\":\"Agen\u021bia AB2PRO Lyon\"}]},{\"@type\":\"WebSite\",\"@id\":\"https:\/\/www.ab2pro.com\/ro\/#website\",\"url\":\"https:\/\/www.ab2pro.com\/ro\/\",\"name\":\"AB2PRO\",\"description\":\"Agence d&#039;emploi sp\u00e9cialis\u00e9e dans le recrutement de travailleurs europ\u00e9ens\",\"publisher\":{\"@id\":\"https:\/\/www.ab2pro.com\/ro\/#organization\"},\"potentialAction\":[{\"@type\":\"SearchAction\",\"target\":{\"@type\":\"EntryPoint\",\"urlTemplate\":\"https:\/\/www.ab2pro.com\/ro\/?s={search_term_string}\"},\"query-input\":{\"@type\":\"PropertyValueSpecification\",\"valueRequired\":true,\"valueName\":\"search_term_string\"}}],\"inLanguage\":\"ro-RO\"},{\"@type\":\"Organization\",\"@id\":\"https:\/\/www.ab2pro.com\/ro\/#organization\",\"name\":\"AB2PRO\",\"url\":\"https:\/\/www.ab2pro.com\/ro\/\",\"logo\":{\"@type\":\"ImageObject\",\"inLanguage\":\"ro-RO\",\"@id\":\"https:\/\/www.ab2pro.com\/ro\/#\/schema\/logo\/image\/\",\"url\":\"https:\/\/www.ab2pro.com\/wp-content\/uploads\/2020\/11\/logo-profil.png\",\"contentUrl\":\"https:\/\/www.ab2pro.com\/wp-content\/uploads\/2020\/11\/logo-profil.png\",\"width\":230,\"height\":47,\"caption\":\"AB2PRO\"},\"image\":{\"@id\":\"https:\/\/www.ab2pro.com\/ro\/#\/schema\/logo\/image\/\"}}]}<\/script>\n<!-- \/ Yoast SEO plugin. -->","yoast_head_json":{"title":"Agen\u021bia AB2PRO Lyon - AB2PRO","robots":{"index":"index","follow":"follow","max-snippet":"max-snippet:-1","max-image-preview":"max-image-preview:large","max-video-preview":"max-video-preview:-1"},"canonical":"https:\/\/www.ab2pro.com\/ro\/agences\/agentia-ab2pro-lyon\/","og_locale":"ro_RO","og_type":"article","og_title":"Agen\u021bia AB2PRO Lyon - AB2PRO","og_description":"Bine a\u021bi venit la AB2PRO Lyon, partenerul dumneavoastr\u0103 de recrutare \u00een regiunea Rh\u00f4ne-Alpes! AB2PRO Lyon este un actor cheie \u00een [&hellip;]","og_url":"https:\/\/www.ab2pro.com\/ro\/agences\/agentia-ab2pro-lyon\/","og_site_name":"AB2PRO","article_modified_time":"2025-06-20T12:31:34+00:00","og_image":[{"width":1920,"height":600,"url":"https:\/\/www.ab2pro.com\/wp-content\/uploads\/2020\/11\/fond-home.jpg","type":"image\/jpeg"}],"twitter_card":"summary_large_image","twitter_misc":{"Timp estimat pentru citire":"2 minute"},"schema":{"@context":"https:\/\/schema.org","@graph":[{"@type":"WebPage","@id":"https:\/\/www.ab2pro.com\/ro\/agences\/agentia-ab2pro-lyon\/","url":"https:\/\/www.ab2pro.com\/ro\/agences\/agentia-ab2pro-lyon\/","name":"Agen\u021bia AB2PRO Lyon - AB2PRO","isPartOf":{"@id":"https:\/\/www.ab2pro.com\/ro\/#website"},"datePublished":"2023-11-07T11:26:24+00:00","dateModified":"2025-06-20T12:31:34+00:00","breadcrumb":{"@id":"https:\/\/www.ab2pro.com\/ro\/agences\/agentia-ab2pro-lyon\/#breadcrumb"},"inLanguage":"ro-RO","potentialAction":[{"@type":"ReadAction","target":["https:\/\/www.ab2pro.com\/ro\/agences\/agentia-ab2pro-lyon\/"]}]},{"@type":"BreadcrumbList","@id":"https:\/\/www.ab2pro.com\/ro\/agences\/agentia-ab2pro-lyon\/#breadcrumb","itemListElement":[{"@type":"ListItem","position":1,"name":"Accueil","item":"https:\/\/www.ab2pro.com\/ro\/"},{"@type":"ListItem","position":2,"name":"Agences","item":"https:\/\/www.ab2pro.com\/ro\/agences\/"},{"@type":"ListItem","position":3,"name":"Agen\u021bia AB2PRO Lyon"}]},{"@type":"WebSite","@id":"https:\/\/www.ab2pro.com\/ro\/#website","url":"https:\/\/www.ab2pro.com\/ro\/","name":"AB2PRO","description":"Agence d&#039;emploi sp\u00e9cialis\u00e9e dans le recrutement de travailleurs europ\u00e9ens","publisher":{"@id":"https:\/\/www.ab2pro.com\/ro\/#organization"},"potentialAction":[{"@type":"SearchAction","target":{"@type":"EntryPoint","urlTemplate":"https:\/\/www.ab2pro.com\/ro\/?s={search_term_string}"},"query-input":{"@type":"PropertyValueSpecification","valueRequired":true,"valueName":"search_term_string"}}],"inLanguage":"ro-RO"},{"@type":"Organization","@id":"https:\/\/www.ab2pro.com\/ro\/#organization","name":"AB2PRO","url":"https:\/\/www.ab2pro.com\/ro\/","logo":{"@type":"ImageObject","inLanguage":"ro-RO","@id":"https:\/\/www.ab2pro.com\/ro\/#\/schema\/logo\/image\/","url":"https:\/\/www.ab2pro.com\/wp-content\/uploads\/2020\/11\/logo-profil.png","contentUrl":"https:\/\/www.ab2pro.com\/wp-content\/uploads\/2020\/11\/logo-profil.png","width":230,"height":47,"caption":"AB2PRO"},"image":{"@id":"https:\/\/www.ab2pro.com\/ro\/#\/schema\/logo\/image\/"}}]}},"_links":{"self":[{"href":"https:\/\/www.ab2pro.com\/ro\/wp-json\/wp\/v2\/agence\/48722","targetHints":{"allow":["GET"]}}],"collection":[{"href":"https:\/\/www.ab2pro.com\/ro\/wp-json\/wp\/v2\/agence"}],"about":[{"href":"https:\/\/www.ab2pro.com\/ro\/wp-json\/wp\/v2\/types\/agence"}],"author":[{"embeddable":true,"href":"https:\/\/www.ab2pro.com\/ro\/wp-json\/wp\/v2\/users\/1"}],"version-history":[{"count":0,"href":"https:\/\/www.ab2pro.com\/ro\/wp-json\/wp\/v2\/agence\/48722\/revisions"}],"wp:attachment":[{"href":"https:\/\/www.ab2pro.com\/ro\/wp-json\/wp\/v2\/media?parent=48722"}],"curies":[{"name":"wp","href":"https:\/\/api.w.org\/{rel}","templated":true}]}}

Agenția AB2PRO Lyon

<p data-pm-slice="0 0 []"><strong>Bine ați venit la AB2PRO Lyon, partenerul dumneavoastră de recrutare în regiunea Rhône-Alpes!</strong></p>
<p>AB2PRO Lyon este un actor cheie în domeniul recrutării în regiune. În frunte cu <strong>Dominique,</strong> directorul sucursalei, ne punem toată expertiza la dispoziția companiilor și a candidaților pentru a ne asigura că recrutarea este eficientă și adaptată nevoilor lor. <strong>Alături de el, echipa noastră</strong> acționează ca o legătură între companii și talente, identificând cele mai bune oportunități și garantând un sprijin personalizat. De asemenea, se asigură că agenția funcționează fără probleme și facilitează urmărirea administrativă pentru a garanta buna desfășurare a misiunilor.  </p>
<p><strong>Echipa noastră de responsabili cu recrutarea</strong> joacă un rol esențial în selectarea talentelor. Datorită profesionalismului lor și a capacității lor de a înțelege nevoile specifice ale fiecărui client, ei garantează o recrutare de calitate. Ei sunt atenți, receptivi și se angajează să ofere fiecărei companii un serviciu personalizat și fiecărui candidat o experiență plină de satisfacții.  </p>
<p>Situată în Cailloux-sur-Fontaines, la periferia orașului Lyon, agenția noastră beneficiază de o poziție strategică, aproape de principalele centre economice și de transport. Lyon, capitală gastronomică și un oraș cu un patrimoniu unic, oferă un mediu de viață dinamic și atractiv. </p>
<p>Fie că sunteți o companie în căutare de talente sau un candidat în căutarea unei misiuni, <strong>Dominique și echipa lui </strong>vă vor sprijini cu profesionalism și angajament. <strong>Contactați-ne astăzi</strong> și haideți să vă construim viitorul profesional împreună!</p>

<p>Bine ați venit la AB2PRO Lyon, partenerul dumneavoastră de recrutare în regiunea Rhône-Alpes! AB2PRO Lyon este un actor cheie în [&hellip;]</p>

<!-- This site is optimized with the Yoast SEO plugin v26.8 - https://yoast.com/product/yoast-seo-wordpress/ -->
<title>Agenția AB2PRO Lyon - AB2PRO</title>
<meta name="robots" content="index, follow, max-snippet:-1, max-image-preview:large, max-video-preview:-1" />
<link rel="canonical" href="https://www.ab2pro.com/ro/agences/agentia-ab2pro-lyon/" />
<meta property="og:locale" content="ro_RO" />
<meta property="og:type" content="article" />
<meta property="og:title" content="Agenția AB2PRO Lyon - AB2PRO" />
<meta property="og:description" content="Bine ați venit la AB2PRO Lyon, partenerul dumneavoastră de recrutare în regiunea Rhône-Alpes! AB2PRO Lyon este un actor cheie în [&hellip;]" />
<meta property="og:url" content="https://www.ab2pro.com/ro/agences/agentia-ab2pro-lyon/" />
<meta property="og:site_name" content="AB2PRO" />
<meta property="article:modified_time" content="2025-06-20T12:31:34+00:00" />
<meta property="og:image" content="https://www.ab2pro.com/wp-content/uploads/2020/11/fond-home.jpg" />
	<meta property="og:image:width" content="1920" />
	<meta property="og:image:height" content="600" />
	<meta property="og:image:type" content="image/jpeg" />
<meta name="twitter:card" content="summary_large_image" />
<meta name="twitter:label1" content="Timp estimat pentru citire" />
	<meta name="twitter:data1" content="2 minute" />
<script type="application/ld+json" class="yoast-schema-graph">{"@context":"https://schema.org","@graph":[{"@type":"WebPage","@id":"https://www.ab2pro.com/ro/agences/agentia-ab2pro-lyon/","url":"https://www.ab2pro.com/ro/agences/agentia-ab2pro-lyon/","name":"Agenția AB2PRO Lyon - AB2PRO","isPartOf":{"@id":"https://www.ab2pro.com/ro/#website"},"datePublished":"2023-11-07T11:26:24+00:00","dateModified":"2025-06-20T12:31:34+00:00","breadcrumb":{"@id":"https://www.ab2pro.com/ro/agences/agentia-ab2pro-lyon/#breadcrumb"},"inLanguage":"ro-RO","potentialAction":[{"@type":"ReadAction","target":["https://www.ab2pro.com/ro/agences/agentia-ab2pro-lyon/"]}]},{"@type":"BreadcrumbList","@id":"https://www.ab2pro.com/ro/agences/agentia-ab2pro-lyon/#breadcrumb","itemListElement":[{"@type":"ListItem","position":1,"name":"Accueil","item":"https://www.ab2pro.com/ro/"},{"@type":"ListItem","position":2,"name":"Agences","item":"https://www.ab2pro.com/ro/agences/"},{"@type":"ListItem","position":3,"name":"Agenția AB2PRO Lyon"}]},{"@type":"WebSite","@id":"https://www.ab2pro.com/ro/#website","url":"https://www.ab2pro.com/ro/","name":"AB2PRO","description":"Agence d&#039;emploi spécialisée dans le recrutement de travailleurs européens","publisher":{"@id":"https://www.ab2pro.com/ro/#organization"},"potentialAction":[{"@type":"SearchAction","target":{"@type":"EntryPoint","urlTemplate":"https://www.ab2pro.com/ro/?s={search_term_string}"},"query-input":{"@type":"PropertyValueSpecification","valueRequired":true,"valueName":"search_term_string"}}],"inLanguage":"ro-RO"},{"@type":"Organization","@id":"https://www.ab2pro.com/ro/#organization","name":"AB2PRO","url":"https://www.ab2pro.com/ro/","logo":{"@type":"ImageObject","inLanguage":"ro-RO","@id":"https://www.ab2pro.com/ro/#/schema/logo/image/","url":"https://www.ab2pro.com/wp-content/uploads/2020/11/logo-profil.png","contentUrl":"https://www.ab2pro.com/wp-content/uploads/2020/11/logo-profil.png","width":230,"height":47,"caption":"AB2PRO"},"image":{"@id":"https://www.ab2pro.com/ro/#/schema/logo/image/"}}]}</script>
<!-- / Yoast SEO plugin. -->

Agenția AB2PRO Lyon - AB2PRO

Bine ați venit la AB2PRO Lyon, partenerul dumneavoastră de recrutare în regiunea Rhône-Alpes! AB2PRO Lyon este un actor cheie în [&hellip;]

Agence d&#039;emploi spécialisée dans le recrutement de travailleurs européens
