
{"id":70100,"date":"2024-07-16T17:44:41","date_gmt":"2024-07-16T15:44:41","guid":{"rendered":"https:\/\/www.ab2pro.com\/inregistrarea-este-completa\/"},"modified":"2024-07-16T17:44:41","modified_gmt":"2024-07-16T15:44:41","slug":"inregistrarea-este-completa","status":"publish","type":"page","link":"https:\/\/www.ab2pro.com\/ro\/inregistrarea-este-completa\/","title":{"rendered":"\u00cenregistrarea este complet\u0103"},"content":{"rendered":"<p>[vc_row el_id=&#8221;bandeau-page&#8221; css=&#8221;.vc_custom_1718705783025{background-image: url(https:\/\/www.ab2pro.com\/wp-content\/uploads\/2020\/11\/bandeau-offres.jpg?id=4442) !important;}&#8221; el_class=&#8221;bandeau-page-connexion&#8221;][vc_column][vc_column_text]<\/p>\n<h1>\u00cenregistrarea dvs. este acum complet\u0103!<\/h1>\n<p>[\/vc_column_text][\/vc_column][\/vc_row][vc_row el_class=&#8221;wrap-merci&#8221;][vc_column][vc_column_text]<\/p>\n<h2>Mul\u021bumesc !<\/h2>\n<p>C\u0103tre viitorii no\u0219tri interimari,<\/p>\n<p>\u00cenregistrarea dvs este gata, un recrutor v\u0103 va contacta \u00een termen de 48 de ore pentru a finaliza candidatura dumneavoastr\u0103.<\/p>\n<p>V\u0103 rug\u0103m s\u0103 nu ezita\u021bi s\u0103 ne contacta\u021bi dac\u0103 ave\u021bi \u00eentreb\u0103ri sau ave\u021bi nevoie de informa\u021bii suplimentare.<\/p>\n<p>Bine a\u021bi venit \u00een echipa noastr\u0103 !<\/p>\n<p>La ABPROTEAM[\/vc_column_text][vc_btn title=&#8221;\u00cenapoi la oferte&#8221; link=&#8221;url:https%3A%2F%2Fwww.ab2pro.com%2Fro%2Foferte-munca-franta%2F|title:Oferte%20de%20munc%C4%83|&#8221;][\/vc_column][\/vc_row]<\/p>\n","protected":false},"excerpt":{"rendered":"<p>[vc_row el_id=&#8221;bandeau-page&#8221; css=&#8221;.vc_custom_1718705783025{background-image: url(https:\/\/www.ab2pro.com\/wp-content\/uploads\/2020\/11\/bandeau-offres.jpg?id=4442) !important;}&#8221; el_class=&#8221;bandeau-page-connexion&#8221;][vc_column][vc_column_text] \u00cenregistrarea dvs. este acum complet\u0103! [\/vc_column_text][\/vc_column][\/vc_row][vc_row el_class=&#8221;wrap-merci&#8221;][vc_column][vc_column_text] Mul\u021bumesc ! C\u0103tre viitorii no\u0219tri interimari, \u00cenregistrarea [&hellip;]<\/p>\n","protected":false},"author":1,"featured_media":0,"parent":0,"menu_order":0,"comment_status":"closed","ping_status":"closed","template":"","meta":{"_acf_changed":false,"footnotes":""},"class_list":["post-70100","page","type-page","status-publish","hentry"],"acf":[],"yoast_head":"<!-- This site is optimized with the Yoast SEO plugin v26.8 - https:\/\/yoast.com\/product\/yoast-seo-wordpress\/ -->\n<title>\u00cenregistrarea este complet\u0103 - AB2PRO<\/title>\n<meta name=\"description\" content=\"\u00cenregistrarea este complet\u0103 - AB2PRO\" \/>\n<meta name=\"robots\" content=\"index, follow, max-snippet:-1, max-image-preview:large, max-video-preview:-1\" \/>\n<link rel=\"canonical\" href=\"https:\/\/www.ab2pro.com\/ro\/inregistrarea-este-completa\/\" \/>\n<meta property=\"og:locale\" content=\"ro_RO\" \/>\n<meta property=\"og:type\" content=\"article\" \/>\n<meta property=\"og:title\" content=\"\u00cenregistrarea este complet\u0103 - AB2PRO\" \/>\n<meta property=\"og:description\" content=\"\u00cenregistrarea este complet\u0103 - AB2PRO\" \/>\n<meta property=\"og:url\" content=\"https:\/\/www.ab2pro.com\/ro\/inregistrarea-este-completa\/\" \/>\n<meta property=\"og:site_name\" content=\"AB2PRO\" \/>\n<meta property=\"og:image\" content=\"https:\/\/www.ab2pro.com\/wp-content\/uploads\/2020\/11\/fond-home.jpg\" \/>\n\t<meta property=\"og:image:width\" content=\"1920\" \/>\n\t<meta property=\"og:image:height\" content=\"600\" \/>\n\t<meta property=\"og:image:type\" content=\"image\/jpeg\" \/>\n<meta name=\"twitter:card\" content=\"summary_large_image\" \/>\n<meta name=\"twitter:label1\" content=\"Timp estimat pentru citire\" \/>\n\t<meta name=\"twitter:data1\" content=\"1 minut\" \/>\n<script type=\"application\/ld+json\" class=\"yoast-schema-graph\">{\"@context\":\"https:\/\/schema.org\",\"@graph\":[{\"@type\":\"WebPage\",\"@id\":\"https:\/\/www.ab2pro.com\/ro\/inregistrarea-este-completa\/\",\"url\":\"https:\/\/www.ab2pro.com\/ro\/inregistrarea-este-completa\/\",\"name\":\"\u00cenregistrarea este complet\u0103 - AB2PRO\",\"isPartOf\":{\"@id\":\"https:\/\/www.ab2pro.com\/ro\/#website\"},\"datePublished\":\"2024-07-16T15:44:41+00:00\",\"description\":\"\u00cenregistrarea este complet\u0103 - AB2PRO\",\"breadcrumb\":{\"@id\":\"https:\/\/www.ab2pro.com\/ro\/inregistrarea-este-completa\/#breadcrumb\"},\"inLanguage\":\"ro-RO\",\"potentialAction\":[{\"@type\":\"ReadAction\",\"target\":[\"https:\/\/www.ab2pro.com\/ro\/inregistrarea-este-completa\/\"]}]},{\"@type\":\"BreadcrumbList\",\"@id\":\"https:\/\/www.ab2pro.com\/ro\/inregistrarea-este-completa\/#breadcrumb\",\"itemListElement\":[{\"@type\":\"ListItem\",\"position\":1,\"name\":\"Accueil\",\"item\":\"https:\/\/www.ab2pro.com\/ro\/\"},{\"@type\":\"ListItem\",\"position\":2,\"name\":\"\u00cenregistrarea este complet\u0103\"}]},{\"@type\":\"WebSite\",\"@id\":\"https:\/\/www.ab2pro.com\/ro\/#website\",\"url\":\"https:\/\/www.ab2pro.com\/ro\/\",\"name\":\"AB2PRO\",\"description\":\"Agence d&#039;emploi sp\u00e9cialis\u00e9e dans le recrutement de travailleurs europ\u00e9ens\",\"publisher\":{\"@id\":\"https:\/\/www.ab2pro.com\/ro\/#organization\"},\"potentialAction\":[{\"@type\":\"SearchAction\",\"target\":{\"@type\":\"EntryPoint\",\"urlTemplate\":\"https:\/\/www.ab2pro.com\/ro\/?s={search_term_string}\"},\"query-input\":{\"@type\":\"PropertyValueSpecification\",\"valueRequired\":true,\"valueName\":\"search_term_string\"}}],\"inLanguage\":\"ro-RO\"},{\"@type\":\"Organization\",\"@id\":\"https:\/\/www.ab2pro.com\/ro\/#organization\",\"name\":\"AB2PRO\",\"url\":\"https:\/\/www.ab2pro.com\/ro\/\",\"logo\":{\"@type\":\"ImageObject\",\"inLanguage\":\"ro-RO\",\"@id\":\"https:\/\/www.ab2pro.com\/ro\/#\/schema\/logo\/image\/\",\"url\":\"https:\/\/www.ab2pro.com\/wp-content\/uploads\/2020\/11\/logo-profil.png\",\"contentUrl\":\"https:\/\/www.ab2pro.com\/wp-content\/uploads\/2020\/11\/logo-profil.png\",\"width\":230,\"height\":47,\"caption\":\"AB2PRO\"},\"image\":{\"@id\":\"https:\/\/www.ab2pro.com\/ro\/#\/schema\/logo\/image\/\"}}]}<\/script>\n<!-- \/ Yoast SEO plugin. -->","yoast_head_json":{"title":"\u00cenregistrarea este complet\u0103 - AB2PRO","description":"\u00cenregistrarea este complet\u0103 - AB2PRO","robots":{"index":"index","follow":"follow","max-snippet":"max-snippet:-1","max-image-preview":"max-image-preview:large","max-video-preview":"max-video-preview:-1"},"canonical":"https:\/\/www.ab2pro.com\/ro\/inregistrarea-este-completa\/","og_locale":"ro_RO","og_type":"article","og_title":"\u00cenregistrarea este complet\u0103 - AB2PRO","og_description":"\u00cenregistrarea este complet\u0103 - AB2PRO","og_url":"https:\/\/www.ab2pro.com\/ro\/inregistrarea-este-completa\/","og_site_name":"AB2PRO","og_image":[{"width":1920,"height":600,"url":"https:\/\/www.ab2pro.com\/wp-content\/uploads\/2020\/11\/fond-home.jpg","type":"image\/jpeg"}],"twitter_card":"summary_large_image","twitter_misc":{"Timp estimat pentru citire":"1 minut"},"schema":{"@context":"https:\/\/schema.org","@graph":[{"@type":"WebPage","@id":"https:\/\/www.ab2pro.com\/ro\/inregistrarea-este-completa\/","url":"https:\/\/www.ab2pro.com\/ro\/inregistrarea-este-completa\/","name":"\u00cenregistrarea este complet\u0103 - AB2PRO","isPartOf":{"@id":"https:\/\/www.ab2pro.com\/ro\/#website"},"datePublished":"2024-07-16T15:44:41+00:00","description":"\u00cenregistrarea este complet\u0103 - AB2PRO","breadcrumb":{"@id":"https:\/\/www.ab2pro.com\/ro\/inregistrarea-este-completa\/#breadcrumb"},"inLanguage":"ro-RO","potentialAction":[{"@type":"ReadAction","target":["https:\/\/www.ab2pro.com\/ro\/inregistrarea-este-completa\/"]}]},{"@type":"BreadcrumbList","@id":"https:\/\/www.ab2pro.com\/ro\/inregistrarea-este-completa\/#breadcrumb","itemListElement":[{"@type":"ListItem","position":1,"name":"Accueil","item":"https:\/\/www.ab2pro.com\/ro\/"},{"@type":"ListItem","position":2,"name":"\u00cenregistrarea este complet\u0103"}]},{"@type":"WebSite","@id":"https:\/\/www.ab2pro.com\/ro\/#website","url":"https:\/\/www.ab2pro.com\/ro\/","name":"AB2PRO","description":"Agence d&#039;emploi sp\u00e9cialis\u00e9e dans le recrutement de travailleurs europ\u00e9ens","publisher":{"@id":"https:\/\/www.ab2pro.com\/ro\/#organization"},"potentialAction":[{"@type":"SearchAction","target":{"@type":"EntryPoint","urlTemplate":"https:\/\/www.ab2pro.com\/ro\/?s={search_term_string}"},"query-input":{"@type":"PropertyValueSpecification","valueRequired":true,"valueName":"search_term_string"}}],"inLanguage":"ro-RO"},{"@type":"Organization","@id":"https:\/\/www.ab2pro.com\/ro\/#organization","name":"AB2PRO","url":"https:\/\/www.ab2pro.com\/ro\/","logo":{"@type":"ImageObject","inLanguage":"ro-RO","@id":"https:\/\/www.ab2pro.com\/ro\/#\/schema\/logo\/image\/","url":"https:\/\/www.ab2pro.com\/wp-content\/uploads\/2020\/11\/logo-profil.png","contentUrl":"https:\/\/www.ab2pro.com\/wp-content\/uploads\/2020\/11\/logo-profil.png","width":230,"height":47,"caption":"AB2PRO"},"image":{"@id":"https:\/\/www.ab2pro.com\/ro\/#\/schema\/logo\/image\/"}}]}},"_links":{"self":[{"href":"https:\/\/www.ab2pro.com\/ro\/wp-json\/wp\/v2\/pages\/70100","targetHints":{"allow":["GET"]}}],"collection":[{"href":"https:\/\/www.ab2pro.com\/ro\/wp-json\/wp\/v2\/pages"}],"about":[{"href":"https:\/\/www.ab2pro.com\/ro\/wp-json\/wp\/v2\/types\/page"}],"author":[{"embeddable":true,"href":"https:\/\/www.ab2pro.com\/ro\/wp-json\/wp\/v2\/users\/1"}],"replies":[{"embeddable":true,"href":"https:\/\/www.ab2pro.com\/ro\/wp-json\/wp\/v2\/comments?post=70100"}],"version-history":[{"count":0,"href":"https:\/\/www.ab2pro.com\/ro\/wp-json\/wp\/v2\/pages\/70100\/revisions"}],"wp:attachment":[{"href":"https:\/\/www.ab2pro.com\/ro\/wp-json\/wp\/v2\/media?parent=70100"}],"curies":[{"name":"wp","href":"https:\/\/api.w.org\/{rel}","templated":true}]}}

Înregistrarea este completă

<p>[vc_row el_id=&#8221;bandeau-page&#8221; css=&#8221;.vc_custom_1718705783025{background-image: url(https://www.ab2pro.com/wp-content/uploads/2020/11/bandeau-offres.jpg?id=4442) !important;}&#8221; el_class=&#8221;bandeau-page-connexion&#8221;][vc_column][vc_column_text]</p>
<h1>Înregistrarea dvs. este acum completă!</h1>
<p>[/vc_column_text][/vc_column][/vc_row][vc_row el_class=&#8221;wrap-merci&#8221;][vc_column][vc_column_text]</p>
<h2>Mulțumesc !</h2>
<p>Către viitorii noștri interimari,</p>
<p>Înregistrarea dvs este gata, un recrutor vă va contacta în termen de 48 de ore pentru a finaliza candidatura dumneavoastră.</p>
<p>Vă rugăm să nu ezitați să ne contactați dacă aveți întrebări sau aveți nevoie de informații suplimentare.</p>
<p>Bine ați venit în echipa noastră !</p>
<p>La ABPROTEAM[/vc_column_text][vc_btn title=&#8221;Înapoi la oferte&#8221; link=&#8221;url:https%3A%2F%2Fwww.ab2pro.com%2Fro%2Foferte-munca-franta%2F|title:Oferte%20de%20munc%C4%83|&#8221;][/vc_column][/vc_row]</p>

<p>[vc_row el_id=&#8221;bandeau-page&#8221; css=&#8221;.vc_custom_1718705783025{background-image: url(https://www.ab2pro.com/wp-content/uploads/2020/11/bandeau-offres.jpg?id=4442) !important;}&#8221; el_class=&#8221;bandeau-page-connexion&#8221;][vc_column][vc_column_text] Înregistrarea dvs. este acum completă! [/vc_column_text][/vc_column][/vc_row][vc_row el_class=&#8221;wrap-merci&#8221;][vc_column][vc_column_text] Mulțumesc ! Către viitorii noștri interimari, Înregistrarea [&hellip;]</p>

<!-- This site is optimized with the Yoast SEO plugin v26.8 - https://yoast.com/product/yoast-seo-wordpress/ -->
<title>Înregistrarea este completă - AB2PRO</title>
<meta name="description" content="Înregistrarea este completă - AB2PRO" />
<meta name="robots" content="index, follow, max-snippet:-1, max-image-preview:large, max-video-preview:-1" />
<link rel="canonical" href="https://www.ab2pro.com/ro/inregistrarea-este-completa/" />
<meta property="og:locale" content="ro_RO" />
<meta property="og:type" content="article" />
<meta property="og:title" content="Înregistrarea este completă - AB2PRO" />
<meta property="og:description" content="Înregistrarea este completă - AB2PRO" />
<meta property="og:url" content="https://www.ab2pro.com/ro/inregistrarea-este-completa/" />
<meta property="og:site_name" content="AB2PRO" />
<meta property="og:image" content="https://www.ab2pro.com/wp-content/uploads/2020/11/fond-home.jpg" />
	<meta property="og:image:width" content="1920" />
	<meta property="og:image:height" content="600" />
	<meta property="og:image:type" content="image/jpeg" />
<meta name="twitter:card" content="summary_large_image" />
<meta name="twitter:label1" content="Timp estimat pentru citire" />
	<meta name="twitter:data1" content="1 minut" />
<script type="application/ld+json" class="yoast-schema-graph">{"@context":"https://schema.org","@graph":[{"@type":"WebPage","@id":"https://www.ab2pro.com/ro/inregistrarea-este-completa/","url":"https://www.ab2pro.com/ro/inregistrarea-este-completa/","name":"Înregistrarea este completă - AB2PRO","isPartOf":{"@id":"https://www.ab2pro.com/ro/#website"},"datePublished":"2024-07-16T15:44:41+00:00","description":"Înregistrarea este completă - AB2PRO","breadcrumb":{"@id":"https://www.ab2pro.com/ro/inregistrarea-este-completa/#breadcrumb"},"inLanguage":"ro-RO","potentialAction":[{"@type":"ReadAction","target":["https://www.ab2pro.com/ro/inregistrarea-este-completa/"]}]},{"@type":"BreadcrumbList","@id":"https://www.ab2pro.com/ro/inregistrarea-este-completa/#breadcrumb","itemListElement":[{"@type":"ListItem","position":1,"name":"Accueil","item":"https://www.ab2pro.com/ro/"},{"@type":"ListItem","position":2,"name":"Înregistrarea este completă"}]},{"@type":"WebSite","@id":"https://www.ab2pro.com/ro/#website","url":"https://www.ab2pro.com/ro/","name":"AB2PRO","description":"Agence d&#039;emploi spécialisée dans le recrutement de travailleurs européens","publisher":{"@id":"https://www.ab2pro.com/ro/#organization"},"potentialAction":[{"@type":"SearchAction","target":{"@type":"EntryPoint","urlTemplate":"https://www.ab2pro.com/ro/?s={search_term_string}"},"query-input":{"@type":"PropertyValueSpecification","valueRequired":true,"valueName":"search_term_string"}}],"inLanguage":"ro-RO"},{"@type":"Organization","@id":"https://www.ab2pro.com/ro/#organization","name":"AB2PRO","url":"https://www.ab2pro.com/ro/","logo":{"@type":"ImageObject","inLanguage":"ro-RO","@id":"https://www.ab2pro.com/ro/#/schema/logo/image/","url":"https://www.ab2pro.com/wp-content/uploads/2020/11/logo-profil.png","contentUrl":"https://www.ab2pro.com/wp-content/uploads/2020/11/logo-profil.png","width":230,"height":47,"caption":"AB2PRO"},"image":{"@id":"https://www.ab2pro.com/ro/#/schema/logo/image/"}}]}</script>
<!-- / Yoast SEO plugin. -->

Înregistrarea este completă - AB2PRO

Agence d&#039;emploi spécialisée dans le recrutement de travailleurs européens
